{"id":5503,"date":"2025-06-19T14:16:29","date_gmt":"2025-06-19T12:16:29","guid":{"rendered":"https:\/\/www.lestalenslyriques.com\/?post_type=event&#038;p=5503"},"modified":"2025-06-19T14:16:29","modified_gmt":"2025-06-19T12:16:29","slug":"proserpine","status":"publish","type":"event","link":"https:\/\/www.lestalenslyriques.com\/en\/event\/proserpine\/","title":{"rendered":"Proserpine"},"content":{"rendered":"<div class=\"page\" title=\"Page 27\">\n<div class=\"section\">\n<div class=\"layoutArea\">\n<div class=\"column\">A trag\u00e9die lyrique in a prologue and five acts, with a libretto by Philippe Quinault, premiered on February 3, 1680, in Saint-Germain-en-Laye.<\/div>\n<div>\n<p>Concert version.<\/p>\n<div class=\"page\" title=\"Page 11\">\n<div class=\"layoutArea\">\n<div class=\"column\">\n<p><strong>Co-production Les Talens Lyriques \u2013 Ch\u00e2teau de Versailles Spectacles.<\/strong><\/p>\n<\/div>\n<\/div>\n<\/div>\n<\/div>\n<div><img loading=\"lazy\" decoding=\"async\" class=\"alignnone size-medium wp-image-5437\" src=\"https:\/\/www.lestalenslyriques.com\/wp-content\/uploads\/2025\/05\/Version-noire-300x49.png\" alt=\"\" width=\"300\" height=\"49\" srcset=\"https:\/\/www.lestalenslyriques.com\/wp-content\/uploads\/2025\/05\/Version-noire-300x49.png 300w, https:\/\/www.lestalenslyriques.com\/wp-content\/uploads\/2025\/05\/Version-noire-768x126.png 768w, https:\/\/www.lestalenslyriques.com\/wp-content\/uploads\/2025\/05\/Version-noire-1536x251.png 1536w, https:\/\/www.lestalenslyriques.com\/wp-content\/uploads\/2025\/05\/Version-noire-2048x335.png 2048w\" sizes=\"auto, (max-width: 300px) 100vw, 300px\" \/><\/div>\n<\/div>\n<\/div>\n<\/div>\n<div class=\"column\"><\/div>\n<div class=\"page\" title=\"Page 11\">\n<div class=\"layoutArea\">\n<div class=\"column\">\n<p>&nbsp;<\/p>\n<p>CAST<\/p>\n<p><strong>Marie Lys<\/strong>,\u00a0Proserpine &amp; la Victoire<br \/>\n<strong>V\u00e9ronique Gens<\/strong>,\u00a0C\u00e9r\u00e8s &amp; l\u2019Abondance<br \/>\n<strong>Olivier Gourdy<\/strong>,\u00a0Pluton<br \/>\n<strong>Jean-S\u00e9bastien Bou<\/strong>,\u00a0Crinise &amp; la Discorde<br \/>\n<strong>Ambroisine Br\u00e9<\/strong>,\u00a0Ar\u00e9thuse &amp; la Paix<br \/>\n<strong>Laurence Kilsby<\/strong>,\u00a0Alph\u00e9e<br \/>\n<strong>Apolline Ra\u00ef-Westphal<\/strong>,\u00a0Cyan\u00e9 &amp; la F\u00e9licit\u00e9<br \/>\n<strong>Nick Pritchard<\/strong>,\u00a0Mercure<br \/>\n<strong>Olivier Cesarini<\/strong>,\u00a0Ascalaphe<br \/>\n<strong>David Witczak<\/strong>,\u00a0Jupiter<\/p>\n<p><strong>Ch\u0153ur de Chambre de Namur<\/strong><br \/>\n<strong>Thibaut Lenaerts<\/strong>, choirmaster<\/p>\n<p><strong>Les Talens Lyriques<\/strong><br \/>\n<strong>Christophe Rousset<\/strong>, harpsichord &amp; musical direction<\/p>\n<\/div>\n<\/div>\n<\/div>\n<div class=\"page\" title=\"Page 27\">\n<div class=\"section\">\n<div class=\"layoutArea\">\n<div class=\"column\">\n<div class=\"page\" title=\"Page 27\">\n<div class=\"page\" title=\"Page 11\">\n<div class=\"layoutArea\">\n<div class=\"column\"><\/div>\n<\/div>\n<\/div>\n<\/div>\n<\/div>\n<\/div>\n<\/div>\n<\/div>\n","protected":false},"featured_media":5444,"template":"","event-type":[111],"event-saison":[546],"class_list":["post-5503","event","type-event","status-publish","has-post-thumbnail","hentry","event-type-opera-and-oratorio-en","event-saison-season-2025-2026"],"acf":[],"yoast_head":"<!-- This site is optimized with the Yoast SEO plugin v27.5 - https:\/\/yoast.com\/product\/yoast-seo-wordpress\/ -->\n<title>Proserpine | Les Talens Lyriques<\/title>\n<meta name=\"robots\" content=\"index, follow, max-snippet:-1, max-image-preview:large, max-video-preview:-1\" \/>\n<link rel=\"canonical\" href=\"https:\/\/www.lestalenslyriques.com\/en\/event\/proserpine\/\" \/>\n<meta property=\"og:locale\" content=\"en_US\" \/>\n<meta property=\"og:type\" content=\"article\" \/>\n<meta property=\"og:title\" content=\"Proserpine | Les Talens Lyriques\" \/>\n<meta property=\"og:description\" content=\"A trag\u00e9die lyrique in a prologue and five acts, with a libretto by Philippe Quinault, premiered on February 3, 1680, in Saint-Germain-en-Laye. Concert version. Co-production Les Talens Lyriques \u2013 Ch\u00e2teau de Versailles Spectacles. &nbsp; CAST Marie Lys,\u00a0Proserpine &amp; la Victoire V\u00e9ronique Gens,\u00a0C\u00e9r\u00e8s &amp; l\u2019Abondance Olivier Gourdy,\u00a0Pluton Jean-S\u00e9bastien Bou,\u00a0Crinise &amp; la Discorde Ambroisine Br\u00e9,\u00a0Ar\u00e9thuse &amp; la [&hellip;]\" \/>\n<meta property=\"og:url\" content=\"https:\/\/www.lestalenslyriques.com\/en\/event\/proserpine\/\" \/>\n<meta property=\"og:site_name\" content=\"Les Talens Lyriques\" \/>\n<meta property=\"og:image\" content=\"https:\/\/www.lestalenslyriques.com\/wp-content\/uploads\/2025\/05\/Capture-decran-2025-05-07-a-10.40.42.png\" \/>\n\t<meta property=\"og:image:width\" content=\"922\" \/>\n\t<meta property=\"og:image:height\" content=\"666\" \/>\n\t<meta property=\"og:image:type\" content=\"image\/png\" \/>\n<meta name=\"twitter:card\" content=\"summary_large_image\" \/>\n<meta name=\"twitter:label1\" content=\"Est. reading time\" \/>\n\t<meta name=\"twitter:data1\" content=\"1 minute\" \/>\n<script type=\"application\/ld+json\" class=\"yoast-schema-graph\">{\"@context\":\"https:\\\/\\\/schema.org\",\"@graph\":[{\"@type\":\"WebPage\",\"@id\":\"https:\\\/\\\/www.lestalenslyriques.com\\\/en\\\/event\\\/proserpine\\\/\",\"url\":\"https:\\\/\\\/www.lestalenslyriques.com\\\/en\\\/event\\\/proserpine\\\/\",\"name\":\"Proserpine | Les Talens Lyriques\",\"isPartOf\":{\"@id\":\"https:\\\/\\\/www.lestalenslyriques.com\\\/en\\\/#website\"},\"primaryImageOfPage\":{\"@id\":\"https:\\\/\\\/www.lestalenslyriques.com\\\/en\\\/event\\\/proserpine\\\/#primaryimage\"},\"image\":{\"@id\":\"https:\\\/\\\/www.lestalenslyriques.com\\\/en\\\/event\\\/proserpine\\\/#primaryimage\"},\"thumbnailUrl\":\"https:\\\/\\\/www.lestalenslyriques.com\\\/wp-content\\\/uploads\\\/2025\\\/05\\\/Capture-decran-2025-05-07-a-10.40.42.png\",\"datePublished\":\"2025-06-19T12:16:29+00:00\",\"breadcrumb\":{\"@id\":\"https:\\\/\\\/www.lestalenslyriques.com\\\/en\\\/event\\\/proserpine\\\/#breadcrumb\"},\"inLanguage\":\"en-US\",\"potentialAction\":[{\"@type\":\"ReadAction\",\"target\":[\"https:\\\/\\\/www.lestalenslyriques.com\\\/en\\\/event\\\/proserpine\\\/\"]}]},{\"@type\":\"ImageObject\",\"inLanguage\":\"en-US\",\"@id\":\"https:\\\/\\\/www.lestalenslyriques.com\\\/en\\\/event\\\/proserpine\\\/#primaryimage\",\"url\":\"https:\\\/\\\/www.lestalenslyriques.com\\\/wp-content\\\/uploads\\\/2025\\\/05\\\/Capture-decran-2025-05-07-a-10.40.42.png\",\"contentUrl\":\"https:\\\/\\\/www.lestalenslyriques.com\\\/wp-content\\\/uploads\\\/2025\\\/05\\\/Capture-decran-2025-05-07-a-10.40.42.png\",\"width\":922,\"height\":666},{\"@type\":\"BreadcrumbList\",\"@id\":\"https:\\\/\\\/www.lestalenslyriques.com\\\/en\\\/event\\\/proserpine\\\/#breadcrumb\",\"itemListElement\":[{\"@type\":\"ListItem\",\"position\":1,\"name\":\"Accueil\",\"item\":\"https:\\\/\\\/www.lestalenslyriques.com\\\/en\\\/\"},{\"@type\":\"ListItem\",\"position\":2,\"name\":\"Calendar\",\"item\":\"https:\\\/\\\/www.lestalenslyriques.com\\\/en\\\/event\\\/\"},{\"@type\":\"ListItem\",\"position\":3,\"name\":\"Proserpine\"}]},{\"@type\":\"WebSite\",\"@id\":\"https:\\\/\\\/www.lestalenslyriques.com\\\/en\\\/#website\",\"url\":\"https:\\\/\\\/www.lestalenslyriques.com\\\/en\\\/\",\"name\":\"Les Talens Lyriques\",\"description\":\"Christophe Rousset\",\"potentialAction\":[{\"@type\":\"SearchAction\",\"target\":{\"@type\":\"EntryPoint\",\"urlTemplate\":\"https:\\\/\\\/www.lestalenslyriques.com\\\/en\\\/?s={search_term_string}\"},\"query-input\":{\"@type\":\"PropertyValueSpecification\",\"valueRequired\":true,\"valueName\":\"search_term_string\"}}],\"inLanguage\":\"en-US\"}]}<\/script>\n<!-- \/ Yoast SEO plugin. -->","yoast_head_json":{"title":"Proserpine | Les Talens Lyriques","robots":{"index":"index","follow":"follow","max-snippet":"max-snippet:-1","max-image-preview":"max-image-preview:large","max-video-preview":"max-video-preview:-1"},"canonical":"https:\/\/www.lestalenslyriques.com\/en\/event\/proserpine\/","og_locale":"en_US","og_type":"article","og_title":"Proserpine | Les Talens Lyriques","og_description":"A trag\u00e9die lyrique in a prologue and five acts, with a libretto by Philippe Quinault, premiered on February 3, 1680, in Saint-Germain-en-Laye. Concert version. Co-production Les Talens Lyriques \u2013 Ch\u00e2teau de Versailles Spectacles. &nbsp; CAST Marie Lys,\u00a0Proserpine &amp; la Victoire V\u00e9ronique Gens,\u00a0C\u00e9r\u00e8s &amp; l\u2019Abondance Olivier Gourdy,\u00a0Pluton Jean-S\u00e9bastien Bou,\u00a0Crinise &amp; la Discorde Ambroisine Br\u00e9,\u00a0Ar\u00e9thuse &amp; la [&hellip;]","og_url":"https:\/\/www.lestalenslyriques.com\/en\/event\/proserpine\/","og_site_name":"Les Talens Lyriques","og_image":[{"width":922,"height":666,"url":"https:\/\/www.lestalenslyriques.com\/wp-content\/uploads\/2025\/05\/Capture-decran-2025-05-07-a-10.40.42.png","type":"image\/png"}],"twitter_card":"summary_large_image","twitter_misc":{"Est. reading time":"1 minute"},"schema":{"@context":"https:\/\/schema.org","@graph":[{"@type":"WebPage","@id":"https:\/\/www.lestalenslyriques.com\/en\/event\/proserpine\/","url":"https:\/\/www.lestalenslyriques.com\/en\/event\/proserpine\/","name":"Proserpine | Les Talens Lyriques","isPartOf":{"@id":"https:\/\/www.lestalenslyriques.com\/en\/#website"},"primaryImageOfPage":{"@id":"https:\/\/www.lestalenslyriques.com\/en\/event\/proserpine\/#primaryimage"},"image":{"@id":"https:\/\/www.lestalenslyriques.com\/en\/event\/proserpine\/#primaryimage"},"thumbnailUrl":"https:\/\/www.lestalenslyriques.com\/wp-content\/uploads\/2025\/05\/Capture-decran-2025-05-07-a-10.40.42.png","datePublished":"2025-06-19T12:16:29+00:00","breadcrumb":{"@id":"https:\/\/www.lestalenslyriques.com\/en\/event\/proserpine\/#breadcrumb"},"inLanguage":"en-US","potentialAction":[{"@type":"ReadAction","target":["https:\/\/www.lestalenslyriques.com\/en\/event\/proserpine\/"]}]},{"@type":"ImageObject","inLanguage":"en-US","@id":"https:\/\/www.lestalenslyriques.com\/en\/event\/proserpine\/#primaryimage","url":"https:\/\/www.lestalenslyriques.com\/wp-content\/uploads\/2025\/05\/Capture-decran-2025-05-07-a-10.40.42.png","contentUrl":"https:\/\/www.lestalenslyriques.com\/wp-content\/uploads\/2025\/05\/Capture-decran-2025-05-07-a-10.40.42.png","width":922,"height":666},{"@type":"BreadcrumbList","@id":"https:\/\/www.lestalenslyriques.com\/en\/event\/proserpine\/#breadcrumb","itemListElement":[{"@type":"ListItem","position":1,"name":"Accueil","item":"https:\/\/www.lestalenslyriques.com\/en\/"},{"@type":"ListItem","position":2,"name":"Calendar","item":"https:\/\/www.lestalenslyriques.com\/en\/event\/"},{"@type":"ListItem","position":3,"name":"Proserpine"}]},{"@type":"WebSite","@id":"https:\/\/www.lestalenslyriques.com\/en\/#website","url":"https:\/\/www.lestalenslyriques.com\/en\/","name":"Les Talens Lyriques","description":"Christophe Rousset","potentialAction":[{"@type":"SearchAction","target":{"@type":"EntryPoint","urlTemplate":"https:\/\/www.lestalenslyriques.com\/en\/?s={search_term_string}"},"query-input":{"@type":"PropertyValueSpecification","valueRequired":true,"valueName":"search_term_string"}}],"inLanguage":"en-US"}]}},"_links":{"self":[{"href":"https:\/\/www.lestalenslyriques.com\/en\/wp-json\/wp\/v2\/event\/5503","targetHints":{"allow":["GET"]}}],"collection":[{"href":"https:\/\/www.lestalenslyriques.com\/en\/wp-json\/wp\/v2\/event"}],"about":[{"href":"https:\/\/www.lestalenslyriques.com\/en\/wp-json\/wp\/v2\/types\/event"}],"wp:featuredmedia":[{"embeddable":true,"href":"https:\/\/www.lestalenslyriques.com\/en\/wp-json\/wp\/v2\/media\/5444"}],"wp:attachment":[{"href":"https:\/\/www.lestalenslyriques.com\/en\/wp-json\/wp\/v2\/media?parent=5503"}],"wp:term":[{"taxonomy":"event-type","embeddable":true,"href":"https:\/\/www.lestalenslyriques.com\/en\/wp-json\/wp\/v2\/event-type?post=5503"},{"taxonomy":"event-saison","embeddable":true,"href":"https:\/\/www.lestalenslyriques.com\/en\/wp-json\/wp\/v2\/event-saison?post=5503"}],"curies":[{"name":"wp","href":"https:\/\/api.w.org\/{rel}","templated":true}]}}

<div class="page" title="Page 27">
<div class="section">
<div class="layoutArea">
<div class="column">A tragédie lyrique in a prologue and five acts, with a libretto by Philippe Quinault, premiered on February 3, 1680, in Saint-Germain-en-Laye.</div>
<div>
<p>Concert version.</p>
<div class="page" title="Page 11">
<div class="layoutArea">
<div class="column">
<p><strong>Co-production Les Talens Lyriques – Château de Versailles Spectacles.</strong></p>
</div>
</div>
</div>
</div>
<div><img loading="lazy" decoding="async" class="alignnone size-medium wp-image-5437" src="https://www.lestalenslyriques.com/wp-content/uploads/2025/05/Version-noire-300x49.png" alt="" width="300" height="49" srcset="https://www.lestalenslyriques.com/wp-content/uploads/2025/05/Version-noire-300x49.png 300w, https://www.lestalenslyriques.com/wp-content/uploads/2025/05/Version-noire-768x126.png 768w, https://www.lestalenslyriques.com/wp-content/uploads/2025/05/Version-noire-1536x251.png 1536w, https://www.lestalenslyriques.com/wp-content/uploads/2025/05/Version-noire-2048x335.png 2048w" sizes="auto, (max-width: 300px) 100vw, 300px" /></div>
</div>
</div>
</div>
<div class="column"></div>
<div class="page" title="Page 11">
<div class="layoutArea">
<div class="column">
<p>&nbsp;</p>
<p>CAST</p>
<p><strong>Marie Lys</strong>, Proserpine &amp; la Victoire<br />
<strong>Véronique Gens</strong>, Cérès &amp; l’Abondance<br />
<strong>Olivier Gourdy</strong>, Pluton<br />
<strong>Jean-Sébastien Bou</strong>, Crinise &amp; la Discorde<br />
<strong>Ambroisine Bré</strong>, Aréthuse &amp; la Paix<br />
<strong>Laurence Kilsby</strong>, Alphée<br />
<strong>Apolline Raï-Westphal</strong>, Cyané &amp; la Félicité<br />
<strong>Nick Pritchard</strong>, Mercure<br />
<strong>Olivier Cesarini</strong>, Ascalaphe<br />
<strong>David Witczak</strong>, Jupiter</p>
<p><strong>Chœur de Chambre de Namur</strong><br />
<strong>Thibaut Lenaerts</strong>, choirmaster</p>
<p><strong>Les Talens Lyriques</strong><br />
<strong>Christophe Rousset</strong>, harpsichord &amp; musical direction</p>
</div>
</div>
</div>
<div class="page" title="Page 27">
<div class="section">
<div class="layoutArea">
<div class="column">
<div class="page" title="Page 27">
<div class="page" title="Page 11">
<div class="layoutArea">
<div class="column"></div>
</div>
</div>
</div>
</div>
</div>
</div>
</div>

<!-- This site is optimized with the Yoast SEO plugin v27.5 - https://yoast.com/product/yoast-seo-wordpress/ -->
<title>Proserpine | Les Talens Lyriques</title>
<meta name="robots" content="index, follow, max-snippet:-1, max-image-preview:large, max-video-preview:-1" />
<link rel="canonical" href="https://www.lestalenslyriques.com/en/event/proserpine/" />
<meta property="og:locale" content="en_US" />
<meta property="og:type" content="article" />
<meta property="og:title" content="Proserpine | Les Talens Lyriques" />
<meta property="og:description" content="A tragédie lyrique in a prologue and five acts, with a libretto by Philippe Quinault, premiered on February 3, 1680, in Saint-Germain-en-Laye. Concert version. Co-production Les Talens Lyriques – Château de Versailles Spectacles. &nbsp; CAST Marie Lys, Proserpine &amp; la Victoire Véronique Gens, Cérès &amp; l’Abondance Olivier Gourdy, Pluton Jean-Sébastien Bou, Crinise &amp; la Discorde Ambroisine Bré, Aréthuse &amp; la [&hellip;]" />
<meta property="og:url" content="https://www.lestalenslyriques.com/en/event/proserpine/" />
<meta property="og:site_name" content="Les Talens Lyriques" />
<meta property="og:image" content="https://www.lestalenslyriques.com/wp-content/uploads/2025/05/Capture-decran-2025-05-07-a-10.40.42.png" />
	<meta property="og:image:width" content="922" />
	<meta property="og:image:height" content="666" />
	<meta property="og:image:type" content="image/png" />
<meta name="twitter:card" content="summary_large_image" />
<meta name="twitter:label1" content="Est. reading time" />
	<meta name="twitter:data1" content="1 minute" />
<script type="application/ld+json" class="yoast-schema-graph">{"@context":"https:\/\/schema.org","@graph":[{"@type":"WebPage","@id":"https:\/\/www.lestalenslyriques.com\/en\/event\/proserpine\/","url":"https:\/\/www.lestalenslyriques.com\/en\/event\/proserpine\/","name":"Proserpine | Les Talens Lyriques","isPartOf":{"@id":"https:\/\/www.lestalenslyriques.com\/en\/#website"},"primaryImageOfPage":{"@id":"https:\/\/www.lestalenslyriques.com\/en\/event\/proserpine\/#primaryimage"},"image":{"@id":"https:\/\/www.lestalenslyriques.com\/en\/event\/proserpine\/#primaryimage"},"thumbnailUrl":"https:\/\/www.lestalenslyriques.com\/wp-content\/uploads\/2025\/05\/Capture-decran-2025-05-07-a-10.40.42.png","datePublished":"2025-06-19T12:16:29+00:00","breadcrumb":{"@id":"https:\/\/www.lestalenslyriques.com\/en\/event\/proserpine\/#breadcrumb"},"inLanguage":"en-US","potentialAction":[{"@type":"ReadAction","target":["https:\/\/www.lestalenslyriques.com\/en\/event\/proserpine\/"]}]},{"@type":"ImageObject","inLanguage":"en-US","@id":"https:\/\/www.lestalenslyriques.com\/en\/event\/proserpine\/#primaryimage","url":"https:\/\/www.lestalenslyriques.com\/wp-content\/uploads\/2025\/05\/Capture-decran-2025-05-07-a-10.40.42.png","contentUrl":"https:\/\/www.lestalenslyriques.com\/wp-content\/uploads\/2025\/05\/Capture-decran-2025-05-07-a-10.40.42.png","width":922,"height":666},{"@type":"BreadcrumbList","@id":"https:\/\/www.lestalenslyriques.com\/en\/event\/proserpine\/#breadcrumb","itemListElement":[{"@type":"ListItem","position":1,"name":"Accueil","item":"https:\/\/www.lestalenslyriques.com\/en\/"},{"@type":"ListItem","position":2,"name":"Calendar","item":"https:\/\/www.lestalenslyriques.com\/en\/event\/"},{"@type":"ListItem","position":3,"name":"Proserpine"}]},{"@type":"WebSite","@id":"https:\/\/www.lestalenslyriques.com\/en\/#website","url":"https:\/\/www.lestalenslyriques.com\/en\/","name":"Les Talens Lyriques","description":"Christophe Rousset","potentialAction":[{"@type":"SearchAction","target":{"@type":"EntryPoint","urlTemplate":"https:\/\/www.lestalenslyriques.com\/en\/?s={search_term_string}"},"query-input":{"@type":"PropertyValueSpecification","valueRequired":true,"valueName":"search_term_string"}}],"inLanguage":"en-US"}]}</script>
<!-- / Yoast SEO plugin. -->

A tragédie lyrique in a prologue and five acts, with a libretto by Philippe Quinault, premiered on February 3, 1680, in Saint-Germain-en-Laye. Concert version. Co-production Les Talens Lyriques – Château de Versailles Spectacles. &nbsp; CAST Marie Lys, Proserpine &amp; la Victoire Véronique Gens, Cérès &amp; l’Abondance Olivier Gourdy, Pluton Jean-Sébastien Bou, Crinise &amp; la Discorde Ambroisine Bré, Aréthuse &amp; la [&hellip;]
