{"id":5475,"date":"2025-06-19T14:24:29","date_gmt":"2025-06-19T12:24:29","guid":{"rendered":"https:\/\/www.lestalenslyriques.com\/?post_type=event&#038;p=5475"},"modified":"2025-06-20T17:38:42","modified_gmt":"2025-06-20T15:38:42","slug":"les-lecons-de-tenebres","status":"publish","type":"event","link":"https:\/\/www.lestalenslyriques.com\/en\/event\/les-lecons-de-tenebres\/","title":{"rendered":"Les Le\u00e7ons de T\u00e9n\u00e8bres"},"content":{"rendered":"<p class=\"p1\" style=\"text-align: left;\">Composed in 1714 for the liturgies of Holy Week, these works draw upon the text of the Lamentations of Jeremiah from the Old Testament.<\/p>\n<p>&nbsp;<\/p>\n<p><strong>Presented in partnership with the prestigious \u00c9cole Normale de Musique de Paris \/ Salle Cortot.<\/strong><br data-start=\"259\" data-end=\"262\" data-is-only-node=\"\" \/><strong>Proudly supported by the Talens Lyriques Patrons&#8217; Circle.<\/strong><\/p>\n<p>&nbsp;<\/p>\n<p><strong>Fran\u00e7ois Couperin (1668 \u2013 1733)<br \/>\n<\/strong><em>Pi\u00e8ces de violes<\/em> (1728) Premi\u00e8re Suite en mi mineur<br \/>\n<em>Le\u00e7ons de T\u00e9n\u00e8bres du Mercredi Saint <\/em>(1714)<\/p>\n<p>CAST<\/p>\n<p class=\"\" data-start=\"271\" data-end=\"372\"><strong data-start=\"271\" data-end=\"300\">Mich\u00e8le Br\u00e9ant<\/strong>, soprano I<br data-start=\"300\" data-end=\"303\" \/><strong data-start=\"303\" data-end=\"334\">Suzanne J\u00e9rosme<\/strong>, soprano II<br data-start=\"334\" data-end=\"337\" \/><strong data-start=\"337\" data-end=\"370\">Atsushi Saka\u00ef, <\/strong>viola da gamba<\/p>\n<p class=\"\" data-start=\"374\" data-end=\"436\"><strong data-start=\"374\" data-end=\"436\">Christophe Rousset<\/strong>, musical direction, harpsichord &amp; organ<\/p>\n<p>&nbsp;<\/p>\n<p>&nbsp;<\/p>\n","protected":false},"featured_media":5477,"template":"","event-type":[523],"event-saison":[546],"class_list":["post-5475","event","type-event","status-publish","has-post-thumbnail","hentry","event-type-vocal-and-instrumental-music","event-saison-season-2025-2026"],"acf":[],"yoast_head":"<!-- This site is optimized with the Yoast SEO plugin v27.5 - https:\/\/yoast.com\/product\/yoast-seo-wordpress\/ -->\n<title>Les Le\u00e7ons de T\u00e9n\u00e8bres | Les Talens Lyriques<\/title>\n<meta name=\"robots\" content=\"index, follow, max-snippet:-1, max-image-preview:large, max-video-preview:-1\" \/>\n<link rel=\"canonical\" href=\"https:\/\/www.lestalenslyriques.com\/en\/event\/les-lecons-de-tenebres\/\" \/>\n<meta property=\"og:locale\" content=\"en_US\" \/>\n<meta property=\"og:type\" content=\"article\" \/>\n<meta property=\"og:title\" content=\"Les Le\u00e7ons de T\u00e9n\u00e8bres | Les Talens Lyriques\" \/>\n<meta property=\"og:description\" content=\"Composed in 1714 for the liturgies of Holy Week, these works draw upon the text of the Lamentations of Jeremiah from the Old Testament. &nbsp; Presented in partnership with the prestigious \u00c9cole Normale de Musique de Paris \/ Salle Cortot.Proudly supported by the Talens Lyriques Patrons&#8217; Circle. &nbsp; Fran\u00e7ois Couperin (1668 \u2013 1733) Pi\u00e8ces de [&hellip;]\" \/>\n<meta property=\"og:url\" content=\"https:\/\/www.lestalenslyriques.com\/en\/event\/les-lecons-de-tenebres\/\" \/>\n<meta property=\"og:site_name\" content=\"Les Talens Lyriques\" \/>\n<meta property=\"article:modified_time\" content=\"2025-06-20T15:38:42+00:00\" \/>\n<meta property=\"og:image\" content=\"https:\/\/www.lestalenslyriques.com\/wp-content\/uploads\/2025\/05\/Capture-decran-2025-05-07-a-11.51.46.png\" \/>\n\t<meta property=\"og:image:width\" content=\"1082\" \/>\n\t<meta property=\"og:image:height\" content=\"784\" \/>\n\t<meta property=\"og:image:type\" content=\"image\/png\" \/>\n<meta name=\"twitter:card\" content=\"summary_large_image\" \/>\n<meta name=\"twitter:label1\" content=\"Est. reading time\" \/>\n\t<meta name=\"twitter:data1\" content=\"1 minute\" \/>\n<script type=\"application\/ld+json\" class=\"yoast-schema-graph\">{\"@context\":\"https:\\\/\\\/schema.org\",\"@graph\":[{\"@type\":\"WebPage\",\"@id\":\"https:\\\/\\\/www.lestalenslyriques.com\\\/en\\\/event\\\/les-lecons-de-tenebres\\\/\",\"url\":\"https:\\\/\\\/www.lestalenslyriques.com\\\/en\\\/event\\\/les-lecons-de-tenebres\\\/\",\"name\":\"Les Le\u00e7ons de T\u00e9n\u00e8bres | Les Talens Lyriques\",\"isPartOf\":{\"@id\":\"https:\\\/\\\/www.lestalenslyriques.com\\\/en\\\/#website\"},\"primaryImageOfPage\":{\"@id\":\"https:\\\/\\\/www.lestalenslyriques.com\\\/en\\\/event\\\/les-lecons-de-tenebres\\\/#primaryimage\"},\"image\":{\"@id\":\"https:\\\/\\\/www.lestalenslyriques.com\\\/en\\\/event\\\/les-lecons-de-tenebres\\\/#primaryimage\"},\"thumbnailUrl\":\"https:\\\/\\\/www.lestalenslyriques.com\\\/wp-content\\\/uploads\\\/2025\\\/05\\\/Capture-decran-2025-05-07-a-11.51.46.png\",\"datePublished\":\"2025-06-19T12:24:29+00:00\",\"dateModified\":\"2025-06-20T15:38:42+00:00\",\"breadcrumb\":{\"@id\":\"https:\\\/\\\/www.lestalenslyriques.com\\\/en\\\/event\\\/les-lecons-de-tenebres\\\/#breadcrumb\"},\"inLanguage\":\"en-US\",\"potentialAction\":[{\"@type\":\"ReadAction\",\"target\":[\"https:\\\/\\\/www.lestalenslyriques.com\\\/en\\\/event\\\/les-lecons-de-tenebres\\\/\"]}]},{\"@type\":\"ImageObject\",\"inLanguage\":\"en-US\",\"@id\":\"https:\\\/\\\/www.lestalenslyriques.com\\\/en\\\/event\\\/les-lecons-de-tenebres\\\/#primaryimage\",\"url\":\"https:\\\/\\\/www.lestalenslyriques.com\\\/wp-content\\\/uploads\\\/2025\\\/05\\\/Capture-decran-2025-05-07-a-11.51.46.png\",\"contentUrl\":\"https:\\\/\\\/www.lestalenslyriques.com\\\/wp-content\\\/uploads\\\/2025\\\/05\\\/Capture-decran-2025-05-07-a-11.51.46.png\",\"width\":1082,\"height\":784},{\"@type\":\"BreadcrumbList\",\"@id\":\"https:\\\/\\\/www.lestalenslyriques.com\\\/en\\\/event\\\/les-lecons-de-tenebres\\\/#breadcrumb\",\"itemListElement\":[{\"@type\":\"ListItem\",\"position\":1,\"name\":\"Accueil\",\"item\":\"https:\\\/\\\/www.lestalenslyriques.com\\\/en\\\/\"},{\"@type\":\"ListItem\",\"position\":2,\"name\":\"Calendar\",\"item\":\"https:\\\/\\\/www.lestalenslyriques.com\\\/en\\\/event\\\/\"},{\"@type\":\"ListItem\",\"position\":3,\"name\":\"Les Le\u00e7ons de T\u00e9n\u00e8bres\"}]},{\"@type\":\"WebSite\",\"@id\":\"https:\\\/\\\/www.lestalenslyriques.com\\\/en\\\/#website\",\"url\":\"https:\\\/\\\/www.lestalenslyriques.com\\\/en\\\/\",\"name\":\"Les Talens Lyriques\",\"description\":\"Christophe Rousset\",\"potentialAction\":[{\"@type\":\"SearchAction\",\"target\":{\"@type\":\"EntryPoint\",\"urlTemplate\":\"https:\\\/\\\/www.lestalenslyriques.com\\\/en\\\/?s={search_term_string}\"},\"query-input\":{\"@type\":\"PropertyValueSpecification\",\"valueRequired\":true,\"valueName\":\"search_term_string\"}}],\"inLanguage\":\"en-US\"}]}<\/script>\n<!-- \/ Yoast SEO plugin. -->","yoast_head_json":{"title":"Les Le\u00e7ons de T\u00e9n\u00e8bres | Les Talens Lyriques","robots":{"index":"index","follow":"follow","max-snippet":"max-snippet:-1","max-image-preview":"max-image-preview:large","max-video-preview":"max-video-preview:-1"},"canonical":"https:\/\/www.lestalenslyriques.com\/en\/event\/les-lecons-de-tenebres\/","og_locale":"en_US","og_type":"article","og_title":"Les Le\u00e7ons de T\u00e9n\u00e8bres | Les Talens Lyriques","og_description":"Composed in 1714 for the liturgies of Holy Week, these works draw upon the text of the Lamentations of Jeremiah from the Old Testament. &nbsp; Presented in partnership with the prestigious \u00c9cole Normale de Musique de Paris \/ Salle Cortot.Proudly supported by the Talens Lyriques Patrons&#8217; Circle. &nbsp; Fran\u00e7ois Couperin (1668 \u2013 1733) Pi\u00e8ces de [&hellip;]","og_url":"https:\/\/www.lestalenslyriques.com\/en\/event\/les-lecons-de-tenebres\/","og_site_name":"Les Talens Lyriques","article_modified_time":"2025-06-20T15:38:42+00:00","og_image":[{"width":1082,"height":784,"url":"https:\/\/www.lestalenslyriques.com\/wp-content\/uploads\/2025\/05\/Capture-decran-2025-05-07-a-11.51.46.png","type":"image\/png"}],"twitter_card":"summary_large_image","twitter_misc":{"Est. reading time":"1 minute"},"schema":{"@context":"https:\/\/schema.org","@graph":[{"@type":"WebPage","@id":"https:\/\/www.lestalenslyriques.com\/en\/event\/les-lecons-de-tenebres\/","url":"https:\/\/www.lestalenslyriques.com\/en\/event\/les-lecons-de-tenebres\/","name":"Les Le\u00e7ons de T\u00e9n\u00e8bres | Les Talens Lyriques","isPartOf":{"@id":"https:\/\/www.lestalenslyriques.com\/en\/#website"},"primaryImageOfPage":{"@id":"https:\/\/www.lestalenslyriques.com\/en\/event\/les-lecons-de-tenebres\/#primaryimage"},"image":{"@id":"https:\/\/www.lestalenslyriques.com\/en\/event\/les-lecons-de-tenebres\/#primaryimage"},"thumbnailUrl":"https:\/\/www.lestalenslyriques.com\/wp-content\/uploads\/2025\/05\/Capture-decran-2025-05-07-a-11.51.46.png","datePublished":"2025-06-19T12:24:29+00:00","dateModified":"2025-06-20T15:38:42+00:00","breadcrumb":{"@id":"https:\/\/www.lestalenslyriques.com\/en\/event\/les-lecons-de-tenebres\/#breadcrumb"},"inLanguage":"en-US","potentialAction":[{"@type":"ReadAction","target":["https:\/\/www.lestalenslyriques.com\/en\/event\/les-lecons-de-tenebres\/"]}]},{"@type":"ImageObject","inLanguage":"en-US","@id":"https:\/\/www.lestalenslyriques.com\/en\/event\/les-lecons-de-tenebres\/#primaryimage","url":"https:\/\/www.lestalenslyriques.com\/wp-content\/uploads\/2025\/05\/Capture-decran-2025-05-07-a-11.51.46.png","contentUrl":"https:\/\/www.lestalenslyriques.com\/wp-content\/uploads\/2025\/05\/Capture-decran-2025-05-07-a-11.51.46.png","width":1082,"height":784},{"@type":"BreadcrumbList","@id":"https:\/\/www.lestalenslyriques.com\/en\/event\/les-lecons-de-tenebres\/#breadcrumb","itemListElement":[{"@type":"ListItem","position":1,"name":"Accueil","item":"https:\/\/www.lestalenslyriques.com\/en\/"},{"@type":"ListItem","position":2,"name":"Calendar","item":"https:\/\/www.lestalenslyriques.com\/en\/event\/"},{"@type":"ListItem","position":3,"name":"Les Le\u00e7ons de T\u00e9n\u00e8bres"}]},{"@type":"WebSite","@id":"https:\/\/www.lestalenslyriques.com\/en\/#website","url":"https:\/\/www.lestalenslyriques.com\/en\/","name":"Les Talens Lyriques","description":"Christophe Rousset","potentialAction":[{"@type":"SearchAction","target":{"@type":"EntryPoint","urlTemplate":"https:\/\/www.lestalenslyriques.com\/en\/?s={search_term_string}"},"query-input":{"@type":"PropertyValueSpecification","valueRequired":true,"valueName":"search_term_string"}}],"inLanguage":"en-US"}]}},"_links":{"self":[{"href":"https:\/\/www.lestalenslyriques.com\/en\/wp-json\/wp\/v2\/event\/5475","targetHints":{"allow":["GET"]}}],"collection":[{"href":"https:\/\/www.lestalenslyriques.com\/en\/wp-json\/wp\/v2\/event"}],"about":[{"href":"https:\/\/www.lestalenslyriques.com\/en\/wp-json\/wp\/v2\/types\/event"}],"wp:featuredmedia":[{"embeddable":true,"href":"https:\/\/www.lestalenslyriques.com\/en\/wp-json\/wp\/v2\/media\/5477"}],"wp:attachment":[{"href":"https:\/\/www.lestalenslyriques.com\/en\/wp-json\/wp\/v2\/media?parent=5475"}],"wp:term":[{"taxonomy":"event-type","embeddable":true,"href":"https:\/\/www.lestalenslyriques.com\/en\/wp-json\/wp\/v2\/event-type?post=5475"},{"taxonomy":"event-saison","embeddable":true,"href":"https:\/\/www.lestalenslyriques.com\/en\/wp-json\/wp\/v2\/event-saison?post=5475"}],"curies":[{"name":"wp","href":"https:\/\/api.w.org\/{rel}","templated":true}]}}

Les Leçons de Ténèbres

<p class="p1" style="text-align: left;">Composed in 1714 for the liturgies of Holy Week, these works draw upon the text of the Lamentations of Jeremiah from the Old Testament.</p>
<p>&nbsp;</p>
<p><strong>Presented in partnership with the prestigious École Normale de Musique de Paris / Salle Cortot.</strong><br data-start="259" data-end="262" data-is-only-node="" /><strong>Proudly supported by the Talens Lyriques Patrons&#8217; Circle.</strong></p>
<p>&nbsp;</p>
<p><strong>François Couperin (1668 – 1733)<br />
</strong><em>Pièces de violes</em> (1728) Première Suite en mi mineur<br />
<em>Leçons de Ténèbres du Mercredi Saint </em>(1714)</p>
<p>CAST</p>
<p class="" data-start="271" data-end="372"><strong data-start="271" data-end="300">Michèle Bréant</strong>, soprano I<br data-start="300" data-end="303" /><strong data-start="303" data-end="334">Suzanne Jérosme</strong>, soprano II<br data-start="334" data-end="337" /><strong data-start="337" data-end="370">Atsushi Sakaï, </strong>viola da gamba</p>
<p class="" data-start="374" data-end="436"><strong data-start="374" data-end="436">Christophe Rousset</strong>, musical direction, harpsichord &amp; organ</p>
<p>&nbsp;</p>
<p>&nbsp;</p>

<!-- This site is optimized with the Yoast SEO plugin v27.5 - https://yoast.com/product/yoast-seo-wordpress/ -->
<title>Les Leçons de Ténèbres | Les Talens Lyriques</title>
<meta name="robots" content="index, follow, max-snippet:-1, max-image-preview:large, max-video-preview:-1" />
<link rel="canonical" href="https://www.lestalenslyriques.com/en/event/les-lecons-de-tenebres/" />
<meta property="og:locale" content="en_US" />
<meta property="og:type" content="article" />
<meta property="og:title" content="Les Leçons de Ténèbres | Les Talens Lyriques" />
<meta property="og:description" content="Composed in 1714 for the liturgies of Holy Week, these works draw upon the text of the Lamentations of Jeremiah from the Old Testament. &nbsp; Presented in partnership with the prestigious École Normale de Musique de Paris / Salle Cortot.Proudly supported by the Talens Lyriques Patrons&#8217; Circle. &nbsp; François Couperin (1668 – 1733) Pièces de [&hellip;]" />
<meta property="og:url" content="https://www.lestalenslyriques.com/en/event/les-lecons-de-tenebres/" />
<meta property="og:site_name" content="Les Talens Lyriques" />
<meta property="article:modified_time" content="2025-06-20T15:38:42+00:00" />
<meta property="og:image" content="https://www.lestalenslyriques.com/wp-content/uploads/2025/05/Capture-decran-2025-05-07-a-11.51.46.png" />
	<meta property="og:image:width" content="1082" />
	<meta property="og:image:height" content="784" />
	<meta property="og:image:type" content="image/png" />
<meta name="twitter:card" content="summary_large_image" />
<meta name="twitter:label1" content="Est. reading time" />
	<meta name="twitter:data1" content="1 minute" />
<script type="application/ld+json" class="yoast-schema-graph">{"@context":"https:\/\/schema.org","@graph":[{"@type":"WebPage","@id":"https:\/\/www.lestalenslyriques.com\/en\/event\/les-lecons-de-tenebres\/","url":"https:\/\/www.lestalenslyriques.com\/en\/event\/les-lecons-de-tenebres\/","name":"Les Leçons de Ténèbres | Les Talens Lyriques","isPartOf":{"@id":"https:\/\/www.lestalenslyriques.com\/en\/#website"},"primaryImageOfPage":{"@id":"https:\/\/www.lestalenslyriques.com\/en\/event\/les-lecons-de-tenebres\/#primaryimage"},"image":{"@id":"https:\/\/www.lestalenslyriques.com\/en\/event\/les-lecons-de-tenebres\/#primaryimage"},"thumbnailUrl":"https:\/\/www.lestalenslyriques.com\/wp-content\/uploads\/2025\/05\/Capture-decran-2025-05-07-a-11.51.46.png","datePublished":"2025-06-19T12:24:29+00:00","dateModified":"2025-06-20T15:38:42+00:00","breadcrumb":{"@id":"https:\/\/www.lestalenslyriques.com\/en\/event\/les-lecons-de-tenebres\/#breadcrumb"},"inLanguage":"en-US","potentialAction":[{"@type":"ReadAction","target":["https:\/\/www.lestalenslyriques.com\/en\/event\/les-lecons-de-tenebres\/"]}]},{"@type":"ImageObject","inLanguage":"en-US","@id":"https:\/\/www.lestalenslyriques.com\/en\/event\/les-lecons-de-tenebres\/#primaryimage","url":"https:\/\/www.lestalenslyriques.com\/wp-content\/uploads\/2025\/05\/Capture-decran-2025-05-07-a-11.51.46.png","contentUrl":"https:\/\/www.lestalenslyriques.com\/wp-content\/uploads\/2025\/05\/Capture-decran-2025-05-07-a-11.51.46.png","width":1082,"height":784},{"@type":"BreadcrumbList","@id":"https:\/\/www.lestalenslyriques.com\/en\/event\/les-lecons-de-tenebres\/#breadcrumb","itemListElement":[{"@type":"ListItem","position":1,"name":"Accueil","item":"https:\/\/www.lestalenslyriques.com\/en\/"},{"@type":"ListItem","position":2,"name":"Calendar","item":"https:\/\/www.lestalenslyriques.com\/en\/event\/"},{"@type":"ListItem","position":3,"name":"Les Leçons de Ténèbres"}]},{"@type":"WebSite","@id":"https:\/\/www.lestalenslyriques.com\/en\/#website","url":"https:\/\/www.lestalenslyriques.com\/en\/","name":"Les Talens Lyriques","description":"Christophe Rousset","potentialAction":[{"@type":"SearchAction","target":{"@type":"EntryPoint","urlTemplate":"https:\/\/www.lestalenslyriques.com\/en\/?s={search_term_string}"},"query-input":{"@type":"PropertyValueSpecification","valueRequired":true,"valueName":"search_term_string"}}],"inLanguage":"en-US"}]}</script>
<!-- / Yoast SEO plugin. -->

Les Leçons de Ténèbres | Les Talens Lyriques

Composed in 1714 for the liturgies of Holy Week, these works draw upon the text of the Lamentations of Jeremiah from the Old Testament. &nbsp; Presented in partnership with the prestigious École Normale de Musique de Paris / Salle Cortot.Proudly supported by the Talens Lyriques Patrons&#8217; Circle. &nbsp; François Couperin (1668 – 1733) Pièces de [&hellip;]
