{"id":5464,"date":"2025-06-19T14:28:14","date_gmt":"2025-06-19T12:28:14","guid":{"rendered":"https:\/\/www.lestalenslyriques.com\/?post_type=event&#038;p=5464"},"modified":"2025-06-19T14:28:14","modified_gmt":"2025-06-19T12:28:14","slug":"louis-xiv-at-dusk-2","status":"publish","type":"event","link":"https:\/\/www.lestalenslyriques.com\/en\/event\/louis-xiv-at-dusk-2\/","title":{"rendered":"Louis XIV at dusk"},"content":{"rendered":"<div class=\"page\" title=\"Page 71\">\n<div class=\"layoutArea\">\n<div class=\"column\">\n<div class=\"page\" title=\"Page 27\">\n<div class=\"layoutArea\">\n<div class=\"column\">\n<div class=\"page\" title=\"Page 27\">\n<div class=\"layoutArea\">\n<div class=\"column\">\n<div class=\"page\" title=\"Page 29\">\n<div class=\"layoutArea\">\n<div class=\"column\">\n<div class=\"page\" title=\"Page 41\">\n<div class=\"layoutArea\">\n<div class=\"column\">\n<div class=\"page\" title=\"Page 27\">\n<div class=\"layoutArea\">\n<div class=\"column\">\n<div class=\"page\" title=\"Page 29\">\n<div class=\"layoutArea\">\n<div class=\"column\">\n<div class=\"page\" title=\"Page 41\">\n<div class=\"layoutArea\">\n<div class=\"column\">\n<p><strong>Presented in partnership with the prestigious \u00c9cole Normale de Musique de Paris \/ Salle Cortot.<\/strong><br data-start=\"259\" data-end=\"262\" data-is-only-node=\"\" \/><strong>Proudly supported by the Talens Lyriques Patrons&#8217; Circle.<\/strong><\/p>\n<p class=\"p1\"><strong><br \/>\nFran\u00e7ois Couperin<\/strong> (1668-1733)<br \/>\n<em>Ariane consol\u00e9e par Bacchus<\/em>, cantate (1708)<br \/>\n<em>La Superbe<\/em>, sonate en trio (ca. 1695)<\/p>\n<p class=\"p1\"><strong>Michel Pignolet de Mont\u00e9clair <\/strong>(1667-1737)<br \/>\n<em>L\u2019Enl\u00e8vement d\u2019Orithie <\/em>Cantate, deuxi\u00e8me Livre (1713)<\/p>\n<\/div>\n<\/div>\n<\/div>\n<\/div>\n<\/div>\n<\/div>\n<\/div>\n<\/div>\n<\/div>\n<\/div>\n<\/div>\n<\/div>\n<\/div>\n<\/div>\n<\/div>\n<\/div>\n<\/div>\n<\/div>\n<div class=\"page\" title=\"Page 27\">\n<div class=\"layoutArea\">\n<div class=\"column\">\n<p>&nbsp;<\/p>\n<p>CAST<\/p>\n<div class=\"page\" title=\"Page 29\">\n<div class=\"layoutArea\">\n<div class=\"column\">\n<div class=\"page\" title=\"Page 41\">\n<div class=\"layoutArea\">\n<div class=\"column\">\n<p><strong>Lysandre Cha\u0302lon<\/strong>, bass-baritone<\/p>\n<div class=\"page\" title=\"Page 41\">\n<div class=\"layoutArea\">\n<div class=\"column\">\n<p><strong>Gilone Gaubert &amp;<\/strong> <strong>Benjamin Che\u0301nier<\/strong>, violins<br \/>\n<strong>Atsushi Sakai\u0308<\/strong>, viola da gamba<\/p>\n<\/div>\n<\/div>\n<\/div>\n<\/div>\n<\/div>\n<\/div>\n<\/div>\n<\/div>\n<\/div>\n<p><strong>Christophe Rousset<\/strong>, direction &amp; harpsichord<\/p>\n<\/div>\n<\/div>\n<\/div>\n<\/div>\n<\/div>\n<\/div>\n<\/div>\n<\/div>\n<\/div>\n","protected":false},"featured_media":5472,"template":"","event-type":[523],"event-saison":[546],"class_list":["post-5464","event","type-event","status-publish","has-post-thumbnail","hentry","event-type-vocal-and-instrumental-music","event-saison-season-2025-2026"],"acf":[],"yoast_head":"<!-- This site is optimized with the Yoast SEO plugin v27.5 - https:\/\/yoast.com\/product\/yoast-seo-wordpress\/ -->\n<title>Louis XIV at dusk | Les Talens Lyriques<\/title>\n<meta name=\"robots\" content=\"index, follow, max-snippet:-1, max-image-preview:large, max-video-preview:-1\" \/>\n<link rel=\"canonical\" href=\"https:\/\/www.lestalenslyriques.com\/en\/event\/louis-xiv-at-dusk-2\/\" \/>\n<meta property=\"og:locale\" content=\"en_US\" \/>\n<meta property=\"og:type\" content=\"article\" \/>\n<meta property=\"og:title\" content=\"Louis XIV at dusk | Les Talens Lyriques\" \/>\n<meta property=\"og:description\" content=\"Presented in partnership with the prestigious \u00c9cole Normale de Musique de Paris \/ Salle Cortot.Proudly supported by the Talens Lyriques Patrons&#8217; Circle. Fran\u00e7ois Couperin (1668-1733) Ariane consol\u00e9e par Bacchus, cantate (1708) La Superbe, sonate en trio (ca. 1695) Michel Pignolet de Mont\u00e9clair (1667-1737) L\u2019Enl\u00e8vement d\u2019Orithie Cantate, deuxi\u00e8me Livre (1713) &nbsp; CAST Lysandre Cha\u0302lon, bass-baritone Gilone [&hellip;]\" \/>\n<meta property=\"og:url\" content=\"https:\/\/www.lestalenslyriques.com\/en\/event\/louis-xiv-at-dusk-2\/\" \/>\n<meta property=\"og:site_name\" content=\"Les Talens Lyriques\" \/>\n<meta property=\"og:image\" content=\"https:\/\/www.lestalenslyriques.com\/wp-content\/uploads\/2025\/05\/Capture-decran-2025-05-07-a-11.43.22.png\" \/>\n\t<meta property=\"og:image:width\" content=\"1098\" \/>\n\t<meta property=\"og:image:height\" content=\"786\" \/>\n\t<meta property=\"og:image:type\" content=\"image\/png\" \/>\n<meta name=\"twitter:card\" content=\"summary_large_image\" \/>\n<meta name=\"twitter:label1\" content=\"Est. reading time\" \/>\n\t<meta name=\"twitter:data1\" content=\"1 minute\" \/>\n<script type=\"application\/ld+json\" class=\"yoast-schema-graph\">{\"@context\":\"https:\\\/\\\/schema.org\",\"@graph\":[{\"@type\":\"WebPage\",\"@id\":\"https:\\\/\\\/www.lestalenslyriques.com\\\/en\\\/event\\\/louis-xiv-at-dusk-2\\\/\",\"url\":\"https:\\\/\\\/www.lestalenslyriques.com\\\/en\\\/event\\\/louis-xiv-at-dusk-2\\\/\",\"name\":\"Louis XIV at dusk | Les Talens Lyriques\",\"isPartOf\":{\"@id\":\"https:\\\/\\\/www.lestalenslyriques.com\\\/en\\\/#website\"},\"primaryImageOfPage\":{\"@id\":\"https:\\\/\\\/www.lestalenslyriques.com\\\/en\\\/event\\\/louis-xiv-at-dusk-2\\\/#primaryimage\"},\"image\":{\"@id\":\"https:\\\/\\\/www.lestalenslyriques.com\\\/en\\\/event\\\/louis-xiv-at-dusk-2\\\/#primaryimage\"},\"thumbnailUrl\":\"https:\\\/\\\/www.lestalenslyriques.com\\\/wp-content\\\/uploads\\\/2025\\\/05\\\/Capture-decran-2025-05-07-a-11.43.22.png\",\"datePublished\":\"2025-06-19T12:28:14+00:00\",\"breadcrumb\":{\"@id\":\"https:\\\/\\\/www.lestalenslyriques.com\\\/en\\\/event\\\/louis-xiv-at-dusk-2\\\/#breadcrumb\"},\"inLanguage\":\"en-US\",\"potentialAction\":[{\"@type\":\"ReadAction\",\"target\":[\"https:\\\/\\\/www.lestalenslyriques.com\\\/en\\\/event\\\/louis-xiv-at-dusk-2\\\/\"]}]},{\"@type\":\"ImageObject\",\"inLanguage\":\"en-US\",\"@id\":\"https:\\\/\\\/www.lestalenslyriques.com\\\/en\\\/event\\\/louis-xiv-at-dusk-2\\\/#primaryimage\",\"url\":\"https:\\\/\\\/www.lestalenslyriques.com\\\/wp-content\\\/uploads\\\/2025\\\/05\\\/Capture-decran-2025-05-07-a-11.43.22.png\",\"contentUrl\":\"https:\\\/\\\/www.lestalenslyriques.com\\\/wp-content\\\/uploads\\\/2025\\\/05\\\/Capture-decran-2025-05-07-a-11.43.22.png\",\"width\":1098,\"height\":786},{\"@type\":\"BreadcrumbList\",\"@id\":\"https:\\\/\\\/www.lestalenslyriques.com\\\/en\\\/event\\\/louis-xiv-at-dusk-2\\\/#breadcrumb\",\"itemListElement\":[{\"@type\":\"ListItem\",\"position\":1,\"name\":\"Accueil\",\"item\":\"https:\\\/\\\/www.lestalenslyriques.com\\\/en\\\/\"},{\"@type\":\"ListItem\",\"position\":2,\"name\":\"Calendar\",\"item\":\"https:\\\/\\\/www.lestalenslyriques.com\\\/en\\\/event\\\/\"},{\"@type\":\"ListItem\",\"position\":3,\"name\":\"Louis XIV at dusk\"}]},{\"@type\":\"WebSite\",\"@id\":\"https:\\\/\\\/www.lestalenslyriques.com\\\/en\\\/#website\",\"url\":\"https:\\\/\\\/www.lestalenslyriques.com\\\/en\\\/\",\"name\":\"Les Talens Lyriques\",\"description\":\"Christophe Rousset\",\"potentialAction\":[{\"@type\":\"SearchAction\",\"target\":{\"@type\":\"EntryPoint\",\"urlTemplate\":\"https:\\\/\\\/www.lestalenslyriques.com\\\/en\\\/?s={search_term_string}\"},\"query-input\":{\"@type\":\"PropertyValueSpecification\",\"valueRequired\":true,\"valueName\":\"search_term_string\"}}],\"inLanguage\":\"en-US\"}]}<\/script>\n<!-- \/ Yoast SEO plugin. -->","yoast_head_json":{"title":"Louis XIV at dusk | Les Talens Lyriques","robots":{"index":"index","follow":"follow","max-snippet":"max-snippet:-1","max-image-preview":"max-image-preview:large","max-video-preview":"max-video-preview:-1"},"canonical":"https:\/\/www.lestalenslyriques.com\/en\/event\/louis-xiv-at-dusk-2\/","og_locale":"en_US","og_type":"article","og_title":"Louis XIV at dusk | Les Talens Lyriques","og_description":"Presented in partnership with the prestigious \u00c9cole Normale de Musique de Paris \/ Salle Cortot.Proudly supported by the Talens Lyriques Patrons&#8217; Circle. Fran\u00e7ois Couperin (1668-1733) Ariane consol\u00e9e par Bacchus, cantate (1708) La Superbe, sonate en trio (ca. 1695) Michel Pignolet de Mont\u00e9clair (1667-1737) L\u2019Enl\u00e8vement d\u2019Orithie Cantate, deuxi\u00e8me Livre (1713) &nbsp; CAST Lysandre Cha\u0302lon, bass-baritone Gilone [&hellip;]","og_url":"https:\/\/www.lestalenslyriques.com\/en\/event\/louis-xiv-at-dusk-2\/","og_site_name":"Les Talens Lyriques","og_image":[{"width":1098,"height":786,"url":"https:\/\/www.lestalenslyriques.com\/wp-content\/uploads\/2025\/05\/Capture-decran-2025-05-07-a-11.43.22.png","type":"image\/png"}],"twitter_card":"summary_large_image","twitter_misc":{"Est. reading time":"1 minute"},"schema":{"@context":"https:\/\/schema.org","@graph":[{"@type":"WebPage","@id":"https:\/\/www.lestalenslyriques.com\/en\/event\/louis-xiv-at-dusk-2\/","url":"https:\/\/www.lestalenslyriques.com\/en\/event\/louis-xiv-at-dusk-2\/","name":"Louis XIV at dusk | Les Talens Lyriques","isPartOf":{"@id":"https:\/\/www.lestalenslyriques.com\/en\/#website"},"primaryImageOfPage":{"@id":"https:\/\/www.lestalenslyriques.com\/en\/event\/louis-xiv-at-dusk-2\/#primaryimage"},"image":{"@id":"https:\/\/www.lestalenslyriques.com\/en\/event\/louis-xiv-at-dusk-2\/#primaryimage"},"thumbnailUrl":"https:\/\/www.lestalenslyriques.com\/wp-content\/uploads\/2025\/05\/Capture-decran-2025-05-07-a-11.43.22.png","datePublished":"2025-06-19T12:28:14+00:00","breadcrumb":{"@id":"https:\/\/www.lestalenslyriques.com\/en\/event\/louis-xiv-at-dusk-2\/#breadcrumb"},"inLanguage":"en-US","potentialAction":[{"@type":"ReadAction","target":["https:\/\/www.lestalenslyriques.com\/en\/event\/louis-xiv-at-dusk-2\/"]}]},{"@type":"ImageObject","inLanguage":"en-US","@id":"https:\/\/www.lestalenslyriques.com\/en\/event\/louis-xiv-at-dusk-2\/#primaryimage","url":"https:\/\/www.lestalenslyriques.com\/wp-content\/uploads\/2025\/05\/Capture-decran-2025-05-07-a-11.43.22.png","contentUrl":"https:\/\/www.lestalenslyriques.com\/wp-content\/uploads\/2025\/05\/Capture-decran-2025-05-07-a-11.43.22.png","width":1098,"height":786},{"@type":"BreadcrumbList","@id":"https:\/\/www.lestalenslyriques.com\/en\/event\/louis-xiv-at-dusk-2\/#breadcrumb","itemListElement":[{"@type":"ListItem","position":1,"name":"Accueil","item":"https:\/\/www.lestalenslyriques.com\/en\/"},{"@type":"ListItem","position":2,"name":"Calendar","item":"https:\/\/www.lestalenslyriques.com\/en\/event\/"},{"@type":"ListItem","position":3,"name":"Louis XIV at dusk"}]},{"@type":"WebSite","@id":"https:\/\/www.lestalenslyriques.com\/en\/#website","url":"https:\/\/www.lestalenslyriques.com\/en\/","name":"Les Talens Lyriques","description":"Christophe Rousset","potentialAction":[{"@type":"SearchAction","target":{"@type":"EntryPoint","urlTemplate":"https:\/\/www.lestalenslyriques.com\/en\/?s={search_term_string}"},"query-input":{"@type":"PropertyValueSpecification","valueRequired":true,"valueName":"search_term_string"}}],"inLanguage":"en-US"}]}},"_links":{"self":[{"href":"https:\/\/www.lestalenslyriques.com\/en\/wp-json\/wp\/v2\/event\/5464","targetHints":{"allow":["GET"]}}],"collection":[{"href":"https:\/\/www.lestalenslyriques.com\/en\/wp-json\/wp\/v2\/event"}],"about":[{"href":"https:\/\/www.lestalenslyriques.com\/en\/wp-json\/wp\/v2\/types\/event"}],"wp:featuredmedia":[{"embeddable":true,"href":"https:\/\/www.lestalenslyriques.com\/en\/wp-json\/wp\/v2\/media\/5472"}],"wp:attachment":[{"href":"https:\/\/www.lestalenslyriques.com\/en\/wp-json\/wp\/v2\/media?parent=5464"}],"wp:term":[{"taxonomy":"event-type","embeddable":true,"href":"https:\/\/www.lestalenslyriques.com\/en\/wp-json\/wp\/v2\/event-type?post=5464"},{"taxonomy":"event-saison","embeddable":true,"href":"https:\/\/www.lestalenslyriques.com\/en\/wp-json\/wp\/v2\/event-saison?post=5464"}],"curies":[{"name":"wp","href":"https:\/\/api.w.org\/{rel}","templated":true}]}}

<div class="page" title="Page 71">
<div class="layoutArea">
<div class="column">
<div class="page" title="Page 27">
<div class="layoutArea">
<div class="column">
<div class="page" title="Page 27">
<div class="layoutArea">
<div class="column">
<div class="page" title="Page 29">
<div class="layoutArea">
<div class="column">
<div class="page" title="Page 41">
<div class="layoutArea">
<div class="column">
<div class="page" title="Page 27">
<div class="layoutArea">
<div class="column">
<div class="page" title="Page 29">
<div class="layoutArea">
<div class="column">
<div class="page" title="Page 41">
<div class="layoutArea">
<div class="column">
<p><strong>Presented in partnership with the prestigious École Normale de Musique de Paris / Salle Cortot.</strong><br data-start="259" data-end="262" data-is-only-node="" /><strong>Proudly supported by the Talens Lyriques Patrons&#8217; Circle.</strong></p>
<p class="p1"><strong><br />
François Couperin</strong> (1668-1733)<br />
<em>Ariane consolée par Bacchus</em>, cantate (1708)<br />
<em>La Superbe</em>, sonate en trio (ca. 1695)</p>
<p class="p1"><strong>Michel Pignolet de Montéclair </strong>(1667-1737)<br />
<em>L’Enlèvement d’Orithie </em>Cantate, deuxième Livre (1713)</p>
</div>
</div>
</div>
</div>
</div>
</div>
</div>
</div>
</div>
</div>
</div>
</div>
</div>
</div>
</div>
</div>
</div>
</div>
<div class="page" title="Page 27">
<div class="layoutArea">
<div class="column">
<p>&nbsp;</p>
<p>CAST</p>
<div class="page" title="Page 29">
<div class="layoutArea">
<div class="column">
<div class="page" title="Page 41">
<div class="layoutArea">
<div class="column">
<p><strong>Lysandre Châlon</strong>, bass-baritone</p>
<div class="page" title="Page 41">
<div class="layoutArea">
<div class="column">
<p><strong>Gilone Gaubert &amp;</strong> <strong>Benjamin Chénier</strong>, violins<br />
<strong>Atsushi Sakaï</strong>, viola da gamba</p>
</div>
</div>
</div>
</div>
</div>
</div>
</div>
</div>
</div>
<p><strong>Christophe Rousset</strong>, direction &amp; harpsichord</p>
</div>
</div>
</div>
</div>
</div>
</div>
</div>
</div>
</div>

<!-- This site is optimized with the Yoast SEO plugin v27.5 - https://yoast.com/product/yoast-seo-wordpress/ -->
<title>Louis XIV at dusk | Les Talens Lyriques</title>
<meta name="robots" content="index, follow, max-snippet:-1, max-image-preview:large, max-video-preview:-1" />
<link rel="canonical" href="https://www.lestalenslyriques.com/en/event/louis-xiv-at-dusk-2/" />
<meta property="og:locale" content="en_US" />
<meta property="og:type" content="article" />
<meta property="og:title" content="Louis XIV at dusk | Les Talens Lyriques" />
<meta property="og:description" content="Presented in partnership with the prestigious École Normale de Musique de Paris / Salle Cortot.Proudly supported by the Talens Lyriques Patrons&#8217; Circle. François Couperin (1668-1733) Ariane consolée par Bacchus, cantate (1708) La Superbe, sonate en trio (ca. 1695) Michel Pignolet de Montéclair (1667-1737) L’Enlèvement d’Orithie Cantate, deuxième Livre (1713) &nbsp; CAST Lysandre Châlon, bass-baritone Gilone [&hellip;]" />
<meta property="og:url" content="https://www.lestalenslyriques.com/en/event/louis-xiv-at-dusk-2/" />
<meta property="og:site_name" content="Les Talens Lyriques" />
<meta property="og:image" content="https://www.lestalenslyriques.com/wp-content/uploads/2025/05/Capture-decran-2025-05-07-a-11.43.22.png" />
	<meta property="og:image:width" content="1098" />
	<meta property="og:image:height" content="786" />
	<meta property="og:image:type" content="image/png" />
<meta name="twitter:card" content="summary_large_image" />
<meta name="twitter:label1" content="Est. reading time" />
	<meta name="twitter:data1" content="1 minute" />
<script type="application/ld+json" class="yoast-schema-graph">{"@context":"https:\/\/schema.org","@graph":[{"@type":"WebPage","@id":"https:\/\/www.lestalenslyriques.com\/en\/event\/louis-xiv-at-dusk-2\/","url":"https:\/\/www.lestalenslyriques.com\/en\/event\/louis-xiv-at-dusk-2\/","name":"Louis XIV at dusk | Les Talens Lyriques","isPartOf":{"@id":"https:\/\/www.lestalenslyriques.com\/en\/#website"},"primaryImageOfPage":{"@id":"https:\/\/www.lestalenslyriques.com\/en\/event\/louis-xiv-at-dusk-2\/#primaryimage"},"image":{"@id":"https:\/\/www.lestalenslyriques.com\/en\/event\/louis-xiv-at-dusk-2\/#primaryimage"},"thumbnailUrl":"https:\/\/www.lestalenslyriques.com\/wp-content\/uploads\/2025\/05\/Capture-decran-2025-05-07-a-11.43.22.png","datePublished":"2025-06-19T12:28:14+00:00","breadcrumb":{"@id":"https:\/\/www.lestalenslyriques.com\/en\/event\/louis-xiv-at-dusk-2\/#breadcrumb"},"inLanguage":"en-US","potentialAction":[{"@type":"ReadAction","target":["https:\/\/www.lestalenslyriques.com\/en\/event\/louis-xiv-at-dusk-2\/"]}]},{"@type":"ImageObject","inLanguage":"en-US","@id":"https:\/\/www.lestalenslyriques.com\/en\/event\/louis-xiv-at-dusk-2\/#primaryimage","url":"https:\/\/www.lestalenslyriques.com\/wp-content\/uploads\/2025\/05\/Capture-decran-2025-05-07-a-11.43.22.png","contentUrl":"https:\/\/www.lestalenslyriques.com\/wp-content\/uploads\/2025\/05\/Capture-decran-2025-05-07-a-11.43.22.png","width":1098,"height":786},{"@type":"BreadcrumbList","@id":"https:\/\/www.lestalenslyriques.com\/en\/event\/louis-xiv-at-dusk-2\/#breadcrumb","itemListElement":[{"@type":"ListItem","position":1,"name":"Accueil","item":"https:\/\/www.lestalenslyriques.com\/en\/"},{"@type":"ListItem","position":2,"name":"Calendar","item":"https:\/\/www.lestalenslyriques.com\/en\/event\/"},{"@type":"ListItem","position":3,"name":"Louis XIV at dusk"}]},{"@type":"WebSite","@id":"https:\/\/www.lestalenslyriques.com\/en\/#website","url":"https:\/\/www.lestalenslyriques.com\/en\/","name":"Les Talens Lyriques","description":"Christophe Rousset","potentialAction":[{"@type":"SearchAction","target":{"@type":"EntryPoint","urlTemplate":"https:\/\/www.lestalenslyriques.com\/en\/?s={search_term_string}"},"query-input":{"@type":"PropertyValueSpecification","valueRequired":true,"valueName":"search_term_string"}}],"inLanguage":"en-US"}]}</script>
<!-- / Yoast SEO plugin. -->

Presented in partnership with the prestigious École Normale de Musique de Paris / Salle Cortot.Proudly supported by the Talens Lyriques Patrons&#8217; Circle. François Couperin (1668-1733) Ariane consolée par Bacchus, cantate (1708) La Superbe, sonate en trio (ca. 1695) Michel Pignolet de Montéclair (1667-1737) L’Enlèvement d’Orithie Cantate, deuxième Livre (1713) &nbsp; CAST Lysandre Châlon, bass-baritone Gilone [&hellip;]
