{"id":5454,"date":"2025-06-19T14:15:16","date_gmt":"2025-06-19T12:15:16","guid":{"rendered":"https:\/\/www.lestalenslyriques.com\/?post_type=event&#038;p=5454"},"modified":"2025-06-27T14:40:32","modified_gmt":"2025-06-27T12:40:32","slug":"revolutionary-symphonies","status":"publish","type":"event","link":"https:\/\/www.lestalenslyriques.com\/en\/event\/revolutionary-symphonies\/","title":{"rendered":"Revolutionary Symphonies"},"content":{"rendered":"<div class=\"page\" title=\"Page 47\">\n<div class=\"section\">\n<div class=\"layoutArea\">\n<div class=\"column\">\n<div class=\"column\">\n<div class=\"page\" title=\"Page 31\">\n<div class=\"layoutArea\">\n<div class=\"column\">\n<div class=\"column\">\n<div class=\"page\" title=\"Page 31\">\n<div class=\"layoutArea\">\n<div class=\"column\">\n<p><strong data-start=\"60\" data-end=\"183\">A Unique Musical Event Inspired by Art: Concert Held as Part of the Jacques-Louis David Exhibition at the Louvre Museum.<\/strong><br data-start=\"183\" data-end=\"186\" \/>With the generous support of the Talens Lyriques Patrons&#8217; Circle.<\/p>\n<p class=\"p1\"><strong><br \/>\nChristoph Willibald Gluck<\/strong> (1714-1787)<br \/>\n<em>Orph\u00e9e et Eurydice<\/em> (1774)<br \/>\nOuverture<br \/>\nBallet des ombres heureuses et des ombres infernales<\/p>\n<p class=\"p1\"><strong>Fran\u00e7ois-Joseph Gosse<\/strong>c (1734-1829)<br \/>\n<em>Symphonie en si b\u00e9mol majeur<\/em> opus 6 n\u00ba 6<\/p>\n<p class=\"p1\"><strong>Fran\u00e7ois Devienne<\/strong> (1759-1803)<br \/>\n<em>Symphonie concertante n\u00ba 2 en fa majeur, pour fl\u00fbte, hautbois, cor et basson<\/em><\/p>\n<p class=\"p1\"><strong>\u00c9tienne Nicolas M\u00e9hul<\/strong> (1763-1817)<br \/>\n<em>Symphonie n\u00b0 2 en r\u00e9 majeur<\/em><\/p>\n<\/div>\n<\/div>\n<\/div>\n<\/div>\n<div class=\"page\" title=\"Page 25\">\n<div class=\"layoutArea\">\n<div class=\"column\">\n<p>&nbsp;<\/p>\n<p>CAST<\/p>\n<div class=\"page\" title=\"Page 31\">\n<div class=\"layoutArea\">\n<div class=\"column\">\n<p class=\"p1\"><strong>Les Talens Lyriques\u00a0<\/strong><\/p>\n<p class=\"p1\"><strong>Christophe Rousset<\/strong>, direction<\/p>\n<\/div>\n<\/div>\n<\/div>\n<\/div>\n<\/div>\n<\/div>\n<\/div>\n<\/div>\n<\/div>\n<\/div>\n<\/div>\n<\/div>\n<\/div>\n<\/div>\n","protected":false},"featured_media":5460,"template":"","event-type":[275,523],"event-saison":[546],"class_list":["post-5454","event","type-event","status-publish","has-post-thumbnail","hentry","event-type-musique-instrumentale-en","event-type-vocal-and-instrumental-music","event-saison-season-2025-2026"],"acf":[],"yoast_head":"<!-- This site is optimized with the Yoast SEO plugin v27.5 - https:\/\/yoast.com\/product\/yoast-seo-wordpress\/ -->\n<title>Revolutionary Symphonies | Les Talens Lyriques<\/title>\n<meta name=\"robots\" content=\"index, follow, max-snippet:-1, max-image-preview:large, max-video-preview:-1\" \/>\n<link rel=\"canonical\" href=\"https:\/\/www.lestalenslyriques.com\/en\/event\/revolutionary-symphonies\/\" \/>\n<meta property=\"og:locale\" content=\"en_US\" \/>\n<meta property=\"og:type\" content=\"article\" \/>\n<meta property=\"og:title\" content=\"Revolutionary Symphonies | Les Talens Lyriques\" \/>\n<meta property=\"og:description\" content=\"A Unique Musical Event Inspired by Art: Concert Held as Part of the Jacques-Louis David Exhibition at the Louvre Museum.With the generous support of the Talens Lyriques Patrons&#8217; Circle. Christoph Willibald Gluck (1714-1787) Orph\u00e9e et Eurydice (1774) Ouverture Ballet des ombres heureuses et des ombres infernales Fran\u00e7ois-Joseph Gossec (1734-1829) Symphonie en si b\u00e9mol majeur opus [&hellip;]\" \/>\n<meta property=\"og:url\" content=\"https:\/\/www.lestalenslyriques.com\/en\/event\/revolutionary-symphonies\/\" \/>\n<meta property=\"og:site_name\" content=\"Les Talens Lyriques\" \/>\n<meta property=\"article:modified_time\" content=\"2025-06-27T12:40:32+00:00\" \/>\n<meta property=\"og:image\" content=\"https:\/\/www.lestalenslyriques.com\/wp-content\/uploads\/2025\/05\/Capture-decran-2025-05-07-a-11.15.49.png\" \/>\n\t<meta property=\"og:image:width\" content=\"1074\" \/>\n\t<meta property=\"og:image:height\" content=\"782\" \/>\n\t<meta property=\"og:image:type\" content=\"image\/png\" \/>\n<meta name=\"twitter:card\" content=\"summary_large_image\" \/>\n<meta name=\"twitter:label1\" content=\"Est. reading time\" \/>\n\t<meta name=\"twitter:data1\" content=\"1 minute\" \/>\n<script type=\"application\/ld+json\" class=\"yoast-schema-graph\">{\"@context\":\"https:\\\/\\\/schema.org\",\"@graph\":[{\"@type\":\"WebPage\",\"@id\":\"https:\\\/\\\/www.lestalenslyriques.com\\\/en\\\/event\\\/revolutionary-symphonies\\\/\",\"url\":\"https:\\\/\\\/www.lestalenslyriques.com\\\/en\\\/event\\\/revolutionary-symphonies\\\/\",\"name\":\"Revolutionary Symphonies | Les Talens Lyriques\",\"isPartOf\":{\"@id\":\"https:\\\/\\\/www.lestalenslyriques.com\\\/en\\\/#website\"},\"primaryImageOfPage\":{\"@id\":\"https:\\\/\\\/www.lestalenslyriques.com\\\/en\\\/event\\\/revolutionary-symphonies\\\/#primaryimage\"},\"image\":{\"@id\":\"https:\\\/\\\/www.lestalenslyriques.com\\\/en\\\/event\\\/revolutionary-symphonies\\\/#primaryimage\"},\"thumbnailUrl\":\"https:\\\/\\\/www.lestalenslyriques.com\\\/wp-content\\\/uploads\\\/2025\\\/05\\\/Capture-decran-2025-05-07-a-11.15.49.png\",\"datePublished\":\"2025-06-19T12:15:16+00:00\",\"dateModified\":\"2025-06-27T12:40:32+00:00\",\"breadcrumb\":{\"@id\":\"https:\\\/\\\/www.lestalenslyriques.com\\\/en\\\/event\\\/revolutionary-symphonies\\\/#breadcrumb\"},\"inLanguage\":\"en-US\",\"potentialAction\":[{\"@type\":\"ReadAction\",\"target\":[\"https:\\\/\\\/www.lestalenslyriques.com\\\/en\\\/event\\\/revolutionary-symphonies\\\/\"]}]},{\"@type\":\"ImageObject\",\"inLanguage\":\"en-US\",\"@id\":\"https:\\\/\\\/www.lestalenslyriques.com\\\/en\\\/event\\\/revolutionary-symphonies\\\/#primaryimage\",\"url\":\"https:\\\/\\\/www.lestalenslyriques.com\\\/wp-content\\\/uploads\\\/2025\\\/05\\\/Capture-decran-2025-05-07-a-11.15.49.png\",\"contentUrl\":\"https:\\\/\\\/www.lestalenslyriques.com\\\/wp-content\\\/uploads\\\/2025\\\/05\\\/Capture-decran-2025-05-07-a-11.15.49.png\",\"width\":1074,\"height\":782},{\"@type\":\"BreadcrumbList\",\"@id\":\"https:\\\/\\\/www.lestalenslyriques.com\\\/en\\\/event\\\/revolutionary-symphonies\\\/#breadcrumb\",\"itemListElement\":[{\"@type\":\"ListItem\",\"position\":1,\"name\":\"Accueil\",\"item\":\"https:\\\/\\\/www.lestalenslyriques.com\\\/en\\\/\"},{\"@type\":\"ListItem\",\"position\":2,\"name\":\"Calendar\",\"item\":\"https:\\\/\\\/www.lestalenslyriques.com\\\/en\\\/event\\\/\"},{\"@type\":\"ListItem\",\"position\":3,\"name\":\"Revolutionary Symphonies\"}]},{\"@type\":\"WebSite\",\"@id\":\"https:\\\/\\\/www.lestalenslyriques.com\\\/en\\\/#website\",\"url\":\"https:\\\/\\\/www.lestalenslyriques.com\\\/en\\\/\",\"name\":\"Les Talens Lyriques\",\"description\":\"Christophe Rousset\",\"potentialAction\":[{\"@type\":\"SearchAction\",\"target\":{\"@type\":\"EntryPoint\",\"urlTemplate\":\"https:\\\/\\\/www.lestalenslyriques.com\\\/en\\\/?s={search_term_string}\"},\"query-input\":{\"@type\":\"PropertyValueSpecification\",\"valueRequired\":true,\"valueName\":\"search_term_string\"}}],\"inLanguage\":\"en-US\"}]}<\/script>\n<!-- \/ Yoast SEO plugin. -->","yoast_head_json":{"title":"Revolutionary Symphonies | Les Talens Lyriques","robots":{"index":"index","follow":"follow","max-snippet":"max-snippet:-1","max-image-preview":"max-image-preview:large","max-video-preview":"max-video-preview:-1"},"canonical":"https:\/\/www.lestalenslyriques.com\/en\/event\/revolutionary-symphonies\/","og_locale":"en_US","og_type":"article","og_title":"Revolutionary Symphonies | Les Talens Lyriques","og_description":"A Unique Musical Event Inspired by Art: Concert Held as Part of the Jacques-Louis David Exhibition at the Louvre Museum.With the generous support of the Talens Lyriques Patrons&#8217; Circle. Christoph Willibald Gluck (1714-1787) Orph\u00e9e et Eurydice (1774) Ouverture Ballet des ombres heureuses et des ombres infernales Fran\u00e7ois-Joseph Gossec (1734-1829) Symphonie en si b\u00e9mol majeur opus [&hellip;]","og_url":"https:\/\/www.lestalenslyriques.com\/en\/event\/revolutionary-symphonies\/","og_site_name":"Les Talens Lyriques","article_modified_time":"2025-06-27T12:40:32+00:00","og_image":[{"width":1074,"height":782,"url":"https:\/\/www.lestalenslyriques.com\/wp-content\/uploads\/2025\/05\/Capture-decran-2025-05-07-a-11.15.49.png","type":"image\/png"}],"twitter_card":"summary_large_image","twitter_misc":{"Est. reading time":"1 minute"},"schema":{"@context":"https:\/\/schema.org","@graph":[{"@type":"WebPage","@id":"https:\/\/www.lestalenslyriques.com\/en\/event\/revolutionary-symphonies\/","url":"https:\/\/www.lestalenslyriques.com\/en\/event\/revolutionary-symphonies\/","name":"Revolutionary Symphonies | Les Talens Lyriques","isPartOf":{"@id":"https:\/\/www.lestalenslyriques.com\/en\/#website"},"primaryImageOfPage":{"@id":"https:\/\/www.lestalenslyriques.com\/en\/event\/revolutionary-symphonies\/#primaryimage"},"image":{"@id":"https:\/\/www.lestalenslyriques.com\/en\/event\/revolutionary-symphonies\/#primaryimage"},"thumbnailUrl":"https:\/\/www.lestalenslyriques.com\/wp-content\/uploads\/2025\/05\/Capture-decran-2025-05-07-a-11.15.49.png","datePublished":"2025-06-19T12:15:16+00:00","dateModified":"2025-06-27T12:40:32+00:00","breadcrumb":{"@id":"https:\/\/www.lestalenslyriques.com\/en\/event\/revolutionary-symphonies\/#breadcrumb"},"inLanguage":"en-US","potentialAction":[{"@type":"ReadAction","target":["https:\/\/www.lestalenslyriques.com\/en\/event\/revolutionary-symphonies\/"]}]},{"@type":"ImageObject","inLanguage":"en-US","@id":"https:\/\/www.lestalenslyriques.com\/en\/event\/revolutionary-symphonies\/#primaryimage","url":"https:\/\/www.lestalenslyriques.com\/wp-content\/uploads\/2025\/05\/Capture-decran-2025-05-07-a-11.15.49.png","contentUrl":"https:\/\/www.lestalenslyriques.com\/wp-content\/uploads\/2025\/05\/Capture-decran-2025-05-07-a-11.15.49.png","width":1074,"height":782},{"@type":"BreadcrumbList","@id":"https:\/\/www.lestalenslyriques.com\/en\/event\/revolutionary-symphonies\/#breadcrumb","itemListElement":[{"@type":"ListItem","position":1,"name":"Accueil","item":"https:\/\/www.lestalenslyriques.com\/en\/"},{"@type":"ListItem","position":2,"name":"Calendar","item":"https:\/\/www.lestalenslyriques.com\/en\/event\/"},{"@type":"ListItem","position":3,"name":"Revolutionary Symphonies"}]},{"@type":"WebSite","@id":"https:\/\/www.lestalenslyriques.com\/en\/#website","url":"https:\/\/www.lestalenslyriques.com\/en\/","name":"Les Talens Lyriques","description":"Christophe Rousset","potentialAction":[{"@type":"SearchAction","target":{"@type":"EntryPoint","urlTemplate":"https:\/\/www.lestalenslyriques.com\/en\/?s={search_term_string}"},"query-input":{"@type":"PropertyValueSpecification","valueRequired":true,"valueName":"search_term_string"}}],"inLanguage":"en-US"}]}},"_links":{"self":[{"href":"https:\/\/www.lestalenslyriques.com\/en\/wp-json\/wp\/v2\/event\/5454","targetHints":{"allow":["GET"]}}],"collection":[{"href":"https:\/\/www.lestalenslyriques.com\/en\/wp-json\/wp\/v2\/event"}],"about":[{"href":"https:\/\/www.lestalenslyriques.com\/en\/wp-json\/wp\/v2\/types\/event"}],"wp:featuredmedia":[{"embeddable":true,"href":"https:\/\/www.lestalenslyriques.com\/en\/wp-json\/wp\/v2\/media\/5460"}],"wp:attachment":[{"href":"https:\/\/www.lestalenslyriques.com\/en\/wp-json\/wp\/v2\/media?parent=5454"}],"wp:term":[{"taxonomy":"event-type","embeddable":true,"href":"https:\/\/www.lestalenslyriques.com\/en\/wp-json\/wp\/v2\/event-type?post=5454"},{"taxonomy":"event-saison","embeddable":true,"href":"https:\/\/www.lestalenslyriques.com\/en\/wp-json\/wp\/v2\/event-saison?post=5454"}],"curies":[{"name":"wp","href":"https:\/\/api.w.org\/{rel}","templated":true}]}}

<div class="page" title="Page 47">
<div class="section">
<div class="layoutArea">
<div class="column">
<div class="column">
<div class="page" title="Page 31">
<div class="layoutArea">
<div class="column">
<div class="column">
<div class="page" title="Page 31">
<div class="layoutArea">
<div class="column">
<p><strong data-start="60" data-end="183">A Unique Musical Event Inspired by Art: Concert Held as Part of the Jacques-Louis David Exhibition at the Louvre Museum.</strong><br data-start="183" data-end="186" />With the generous support of the Talens Lyriques Patrons&#8217; Circle.</p>
<p class="p1"><strong><br />
Christoph Willibald Gluck</strong> (1714-1787)<br />
<em>Orphée et Eurydice</em> (1774)<br />
Ouverture<br />
Ballet des ombres heureuses et des ombres infernales</p>
<p class="p1"><strong>François-Joseph Gosse</strong>c (1734-1829)<br />
<em>Symphonie en si bémol majeur</em> opus 6 nº 6</p>
<p class="p1"><strong>François Devienne</strong> (1759-1803)<br />
<em>Symphonie concertante nº 2 en fa majeur, pour flûte, hautbois, cor et basson</em></p>
<p class="p1"><strong>Étienne Nicolas Méhul</strong> (1763-1817)<br />
<em>Symphonie n° 2 en ré majeur</em></p>
</div>
</div>
</div>
</div>
<div class="page" title="Page 25">
<div class="layoutArea">
<div class="column">
<p>&nbsp;</p>
<p>CAST</p>
<div class="page" title="Page 31">
<div class="layoutArea">
<div class="column">
<p class="p1"><strong>Les Talens Lyriques </strong></p>
<p class="p1"><strong>Christophe Rousset</strong>, direction</p>
</div>
</div>
</div>
</div>
</div>
</div>
</div>
</div>
</div>
</div>
</div>
</div>
</div>
</div>

<!-- This site is optimized with the Yoast SEO plugin v27.5 - https://yoast.com/product/yoast-seo-wordpress/ -->
<title>Revolutionary Symphonies | Les Talens Lyriques</title>
<meta name="robots" content="index, follow, max-snippet:-1, max-image-preview:large, max-video-preview:-1" />
<link rel="canonical" href="https://www.lestalenslyriques.com/en/event/revolutionary-symphonies/" />
<meta property="og:locale" content="en_US" />
<meta property="og:type" content="article" />
<meta property="og:title" content="Revolutionary Symphonies | Les Talens Lyriques" />
<meta property="og:description" content="A Unique Musical Event Inspired by Art: Concert Held as Part of the Jacques-Louis David Exhibition at the Louvre Museum.With the generous support of the Talens Lyriques Patrons&#8217; Circle. Christoph Willibald Gluck (1714-1787) Orphée et Eurydice (1774) Ouverture Ballet des ombres heureuses et des ombres infernales François-Joseph Gossec (1734-1829) Symphonie en si bémol majeur opus [&hellip;]" />
<meta property="og:url" content="https://www.lestalenslyriques.com/en/event/revolutionary-symphonies/" />
<meta property="og:site_name" content="Les Talens Lyriques" />
<meta property="article:modified_time" content="2025-06-27T12:40:32+00:00" />
<meta property="og:image" content="https://www.lestalenslyriques.com/wp-content/uploads/2025/05/Capture-decran-2025-05-07-a-11.15.49.png" />
	<meta property="og:image:width" content="1074" />
	<meta property="og:image:height" content="782" />
	<meta property="og:image:type" content="image/png" />
<meta name="twitter:card" content="summary_large_image" />
<meta name="twitter:label1" content="Est. reading time" />
	<meta name="twitter:data1" content="1 minute" />
<script type="application/ld+json" class="yoast-schema-graph">{"@context":"https:\/\/schema.org","@graph":[{"@type":"WebPage","@id":"https:\/\/www.lestalenslyriques.com\/en\/event\/revolutionary-symphonies\/","url":"https:\/\/www.lestalenslyriques.com\/en\/event\/revolutionary-symphonies\/","name":"Revolutionary Symphonies | Les Talens Lyriques","isPartOf":{"@id":"https:\/\/www.lestalenslyriques.com\/en\/#website"},"primaryImageOfPage":{"@id":"https:\/\/www.lestalenslyriques.com\/en\/event\/revolutionary-symphonies\/#primaryimage"},"image":{"@id":"https:\/\/www.lestalenslyriques.com\/en\/event\/revolutionary-symphonies\/#primaryimage"},"thumbnailUrl":"https:\/\/www.lestalenslyriques.com\/wp-content\/uploads\/2025\/05\/Capture-decran-2025-05-07-a-11.15.49.png","datePublished":"2025-06-19T12:15:16+00:00","dateModified":"2025-06-27T12:40:32+00:00","breadcrumb":{"@id":"https:\/\/www.lestalenslyriques.com\/en\/event\/revolutionary-symphonies\/#breadcrumb"},"inLanguage":"en-US","potentialAction":[{"@type":"ReadAction","target":["https:\/\/www.lestalenslyriques.com\/en\/event\/revolutionary-symphonies\/"]}]},{"@type":"ImageObject","inLanguage":"en-US","@id":"https:\/\/www.lestalenslyriques.com\/en\/event\/revolutionary-symphonies\/#primaryimage","url":"https:\/\/www.lestalenslyriques.com\/wp-content\/uploads\/2025\/05\/Capture-decran-2025-05-07-a-11.15.49.png","contentUrl":"https:\/\/www.lestalenslyriques.com\/wp-content\/uploads\/2025\/05\/Capture-decran-2025-05-07-a-11.15.49.png","width":1074,"height":782},{"@type":"BreadcrumbList","@id":"https:\/\/www.lestalenslyriques.com\/en\/event\/revolutionary-symphonies\/#breadcrumb","itemListElement":[{"@type":"ListItem","position":1,"name":"Accueil","item":"https:\/\/www.lestalenslyriques.com\/en\/"},{"@type":"ListItem","position":2,"name":"Calendar","item":"https:\/\/www.lestalenslyriques.com\/en\/event\/"},{"@type":"ListItem","position":3,"name":"Revolutionary Symphonies"}]},{"@type":"WebSite","@id":"https:\/\/www.lestalenslyriques.com\/en\/#website","url":"https:\/\/www.lestalenslyriques.com\/en\/","name":"Les Talens Lyriques","description":"Christophe Rousset","potentialAction":[{"@type":"SearchAction","target":{"@type":"EntryPoint","urlTemplate":"https:\/\/www.lestalenslyriques.com\/en\/?s={search_term_string}"},"query-input":{"@type":"PropertyValueSpecification","valueRequired":true,"valueName":"search_term_string"}}],"inLanguage":"en-US"}]}</script>
<!-- / Yoast SEO plugin. -->

A Unique Musical Event Inspired by Art: Concert Held as Part of the Jacques-Louis David Exhibition at the Louvre Museum.With the generous support of the Talens Lyriques Patrons&#8217; Circle. Christoph Willibald Gluck (1714-1787) Orphée et Eurydice (1774) Ouverture Ballet des ombres heureuses et des ombres infernales François-Joseph Gossec (1734-1829) Symphonie en si bémol majeur opus [&hellip;]
