{"id":5422,"date":"2025-06-19T14:27:20","date_gmt":"2025-06-19T12:27:20","guid":{"rendered":"https:\/\/www.lestalenslyriques.com\/?post_type=event&#038;p=5422"},"modified":"2025-10-22T18:12:11","modified_gmt":"2025-10-22T16:12:11","slug":"monteverdi-and-cavalli-two-venitians-in-naples","status":"publish","type":"event","link":"https:\/\/www.lestalenslyriques.com\/en\/event\/monteverdi-and-cavalli-two-venitians-in-naples\/","title":{"rendered":"Monteverdi and Cavalli : two Venitians in Naples"},"content":{"rendered":"<div class=\"column\">\n<div class=\"column\">\n<p class=\"p2\"><b>Claudio Monteverdi (1567-1643) <\/b><\/p>\n<p class=\"p3\"><em>L\u2019incoronazione di Poppea<\/em> (1642)<br \/>\nOuverture<br \/>\n\u00ab Signor, deh non partire \u00bb<br \/>\n\u00ab Come dolci signor \u00bb<br \/>\n\u00ab Signor, signor oggi rinascio \u00bb<br \/>\n\u00ab Sento un certo \u00bb<\/p>\n<p class=\"p2\"><b>Andrea Falconieri (1585-1656) <\/b><\/p>\n<p class=\"p3\"><em>Il primo Libro<\/em> (1650)<br \/>\nL\u2019Eroica, sonata a tre<\/p>\n<p class=\"p2\"><b>Francesco Cavalli (1602-1676) <\/b><\/p>\n<p class=\"p3\"><em>Veramonda l\u2019amazzone di Aragona<\/em>, \u00ab Il Delio \u00bb (1652)<br \/>\nSinfonia, Prologo<br \/>\nSinfonia<\/p>\n<p class=\"p3\"><em>Il Ciro<\/em> (1654)<br \/>\n\u00ab O rigor d\u2019iniqua stella \u00bb<br \/>\n\u00ab Amanti fuggite \u00bb<\/p>\n<\/div>\n<div class=\"page\" title=\"Page 25\">\n<div class=\"layoutArea\">\n<div class=\"column\">\n<p>CAST<\/p>\n<p><span style=\"font-weight: 400;\"><strong>Apolline<\/strong> &amp; <strong>Tha\u00efs Ra\u00ef-Westphal<\/strong>, <\/span><span style=\"font-weight: 400;\">sopranos\u00a0\u00a0<\/span><\/p>\n<p><span style=\"font-weight: 400;\"><strong>Gilone Gaubert,<\/strong>\u00a0<strong>Benjamin Ch\u00e9nier<\/strong><\/span>&amp; <b>Rold\u00e1n Bernab\u00e9-Carri\u00f3n<\/b><span style=\"font-weight: 400;\">, <\/span><span style=\"font-weight: 400;\">violins<br \/>\n<\/span><span style=\"font-weight: 400;\"><strong>Emmanuel Jacques<\/strong>, <\/span><span style=\"font-weight: 400;\">cello<br \/>\n<\/span><span style=\"font-weight: 400;\"><strong>Karl Nyhlin \/<\/strong><\/span><b>Yuli Bayeul<\/b><span style=\"font-weight: 400;\">, <\/span><span style=\"font-weight: 400;\">l<\/span><span style=\"font-weight: 400;\">uth\u00a0\u00a0<\/span><\/p>\n<p><span style=\"font-weight: 400;\"><strong>Christophe Rousset<\/strong>, harpsichord, <\/span><span style=\"font-weight: 400;\">organ &amp; direction<\/span><\/p>\n<\/div>\n<\/div>\n<\/div>\n<\/div>\n","protected":false},"featured_media":5426,"template":"","event-type":[523],"event-saison":[546],"class_list":["post-5422","event","type-event","status-publish","has-post-thumbnail","hentry","event-type-vocal-and-instrumental-music","event-saison-season-2025-2026"],"acf":[],"yoast_head":"<!-- This site is optimized with the Yoast SEO plugin v27.5 - https:\/\/yoast.com\/product\/yoast-seo-wordpress\/ -->\n<title>Monteverdi and Cavalli : two Venitians in Naples | Les Talens Lyriques<\/title>\n<meta name=\"robots\" content=\"index, follow, max-snippet:-1, max-image-preview:large, max-video-preview:-1\" \/>\n<link rel=\"canonical\" href=\"https:\/\/www.lestalenslyriques.com\/en\/event\/monteverdi-and-cavalli-two-venitians-in-naples\/\" \/>\n<meta property=\"og:locale\" content=\"en_US\" \/>\n<meta property=\"og:type\" content=\"article\" \/>\n<meta property=\"og:title\" content=\"Monteverdi and Cavalli : two Venitians in Naples | Les Talens Lyriques\" \/>\n<meta property=\"og:description\" content=\"Claudio Monteverdi (1567-1643) L\u2019incoronazione di Poppea (1642) Ouverture \u00ab Signor, deh non partire \u00bb \u00ab Come dolci signor \u00bb \u00ab Signor, signor oggi rinascio \u00bb \u00ab Sento un certo \u00bb Andrea Falconieri (1585-1656) Il primo Libro (1650) L\u2019Eroica, sonata a tre Francesco Cavalli (1602-1676) Veramonda l\u2019amazzone di Aragona, \u00ab Il Delio \u00bb (1652) Sinfonia, Prologo [&hellip;]\" \/>\n<meta property=\"og:url\" content=\"https:\/\/www.lestalenslyriques.com\/en\/event\/monteverdi-and-cavalli-two-venitians-in-naples\/\" \/>\n<meta property=\"og:site_name\" content=\"Les Talens Lyriques\" \/>\n<meta property=\"article:modified_time\" content=\"2025-10-22T16:12:11+00:00\" \/>\n<meta property=\"og:image\" content=\"https:\/\/www.lestalenslyriques.com\/wp-content\/uploads\/2025\/05\/Capture-decran-2025-05-05-a-17.01.34.png\" \/>\n\t<meta property=\"og:image:width\" content=\"1282\" \/>\n\t<meta property=\"og:image:height\" content=\"934\" \/>\n\t<meta property=\"og:image:type\" content=\"image\/png\" \/>\n<meta name=\"twitter:card\" content=\"summary_large_image\" \/>\n<meta name=\"twitter:label1\" content=\"Est. reading time\" \/>\n\t<meta name=\"twitter:data1\" content=\"1 minute\" \/>\n<script type=\"application\/ld+json\" class=\"yoast-schema-graph\">{\"@context\":\"https:\\\/\\\/schema.org\",\"@graph\":[{\"@type\":\"WebPage\",\"@id\":\"https:\\\/\\\/www.lestalenslyriques.com\\\/en\\\/event\\\/monteverdi-and-cavalli-two-venitians-in-naples\\\/\",\"url\":\"https:\\\/\\\/www.lestalenslyriques.com\\\/en\\\/event\\\/monteverdi-and-cavalli-two-venitians-in-naples\\\/\",\"name\":\"Monteverdi and Cavalli : two Venitians in Naples | Les Talens Lyriques\",\"isPartOf\":{\"@id\":\"https:\\\/\\\/www.lestalenslyriques.com\\\/en\\\/#website\"},\"primaryImageOfPage\":{\"@id\":\"https:\\\/\\\/www.lestalenslyriques.com\\\/en\\\/event\\\/monteverdi-and-cavalli-two-venitians-in-naples\\\/#primaryimage\"},\"image\":{\"@id\":\"https:\\\/\\\/www.lestalenslyriques.com\\\/en\\\/event\\\/monteverdi-and-cavalli-two-venitians-in-naples\\\/#primaryimage\"},\"thumbnailUrl\":\"https:\\\/\\\/www.lestalenslyriques.com\\\/wp-content\\\/uploads\\\/2025\\\/05\\\/Capture-decran-2025-05-05-a-17.01.34.png\",\"datePublished\":\"2025-06-19T12:27:20+00:00\",\"dateModified\":\"2025-10-22T16:12:11+00:00\",\"breadcrumb\":{\"@id\":\"https:\\\/\\\/www.lestalenslyriques.com\\\/en\\\/event\\\/monteverdi-and-cavalli-two-venitians-in-naples\\\/#breadcrumb\"},\"inLanguage\":\"en-US\",\"potentialAction\":[{\"@type\":\"ReadAction\",\"target\":[\"https:\\\/\\\/www.lestalenslyriques.com\\\/en\\\/event\\\/monteverdi-and-cavalli-two-venitians-in-naples\\\/\"]}]},{\"@type\":\"ImageObject\",\"inLanguage\":\"en-US\",\"@id\":\"https:\\\/\\\/www.lestalenslyriques.com\\\/en\\\/event\\\/monteverdi-and-cavalli-two-venitians-in-naples\\\/#primaryimage\",\"url\":\"https:\\\/\\\/www.lestalenslyriques.com\\\/wp-content\\\/uploads\\\/2025\\\/05\\\/Capture-decran-2025-05-05-a-17.01.34.png\",\"contentUrl\":\"https:\\\/\\\/www.lestalenslyriques.com\\\/wp-content\\\/uploads\\\/2025\\\/05\\\/Capture-decran-2025-05-05-a-17.01.34.png\",\"width\":1282,\"height\":934},{\"@type\":\"BreadcrumbList\",\"@id\":\"https:\\\/\\\/www.lestalenslyriques.com\\\/en\\\/event\\\/monteverdi-and-cavalli-two-venitians-in-naples\\\/#breadcrumb\",\"itemListElement\":[{\"@type\":\"ListItem\",\"position\":1,\"name\":\"Accueil\",\"item\":\"https:\\\/\\\/www.lestalenslyriques.com\\\/en\\\/\"},{\"@type\":\"ListItem\",\"position\":2,\"name\":\"Calendar\",\"item\":\"https:\\\/\\\/www.lestalenslyriques.com\\\/en\\\/event\\\/\"},{\"@type\":\"ListItem\",\"position\":3,\"name\":\"Monteverdi and Cavalli : two Venitians in Naples\"}]},{\"@type\":\"WebSite\",\"@id\":\"https:\\\/\\\/www.lestalenslyriques.com\\\/en\\\/#website\",\"url\":\"https:\\\/\\\/www.lestalenslyriques.com\\\/en\\\/\",\"name\":\"Les Talens Lyriques\",\"description\":\"Christophe Rousset\",\"potentialAction\":[{\"@type\":\"SearchAction\",\"target\":{\"@type\":\"EntryPoint\",\"urlTemplate\":\"https:\\\/\\\/www.lestalenslyriques.com\\\/en\\\/?s={search_term_string}\"},\"query-input\":{\"@type\":\"PropertyValueSpecification\",\"valueRequired\":true,\"valueName\":\"search_term_string\"}}],\"inLanguage\":\"en-US\"}]}<\/script>\n<!-- \/ Yoast SEO plugin. -->","yoast_head_json":{"title":"Monteverdi and Cavalli : two Venitians in Naples | Les Talens Lyriques","robots":{"index":"index","follow":"follow","max-snippet":"max-snippet:-1","max-image-preview":"max-image-preview:large","max-video-preview":"max-video-preview:-1"},"canonical":"https:\/\/www.lestalenslyriques.com\/en\/event\/monteverdi-and-cavalli-two-venitians-in-naples\/","og_locale":"en_US","og_type":"article","og_title":"Monteverdi and Cavalli : two Venitians in Naples | Les Talens Lyriques","og_description":"Claudio Monteverdi (1567-1643) L\u2019incoronazione di Poppea (1642) Ouverture \u00ab Signor, deh non partire \u00bb \u00ab Come dolci signor \u00bb \u00ab Signor, signor oggi rinascio \u00bb \u00ab Sento un certo \u00bb Andrea Falconieri (1585-1656) Il primo Libro (1650) L\u2019Eroica, sonata a tre Francesco Cavalli (1602-1676) Veramonda l\u2019amazzone di Aragona, \u00ab Il Delio \u00bb (1652) Sinfonia, Prologo [&hellip;]","og_url":"https:\/\/www.lestalenslyriques.com\/en\/event\/monteverdi-and-cavalli-two-venitians-in-naples\/","og_site_name":"Les Talens Lyriques","article_modified_time":"2025-10-22T16:12:11+00:00","og_image":[{"width":1282,"height":934,"url":"https:\/\/www.lestalenslyriques.com\/wp-content\/uploads\/2025\/05\/Capture-decran-2025-05-05-a-17.01.34.png","type":"image\/png"}],"twitter_card":"summary_large_image","twitter_misc":{"Est. reading time":"1 minute"},"schema":{"@context":"https:\/\/schema.org","@graph":[{"@type":"WebPage","@id":"https:\/\/www.lestalenslyriques.com\/en\/event\/monteverdi-and-cavalli-two-venitians-in-naples\/","url":"https:\/\/www.lestalenslyriques.com\/en\/event\/monteverdi-and-cavalli-two-venitians-in-naples\/","name":"Monteverdi and Cavalli : two Venitians in Naples | Les Talens Lyriques","isPartOf":{"@id":"https:\/\/www.lestalenslyriques.com\/en\/#website"},"primaryImageOfPage":{"@id":"https:\/\/www.lestalenslyriques.com\/en\/event\/monteverdi-and-cavalli-two-venitians-in-naples\/#primaryimage"},"image":{"@id":"https:\/\/www.lestalenslyriques.com\/en\/event\/monteverdi-and-cavalli-two-venitians-in-naples\/#primaryimage"},"thumbnailUrl":"https:\/\/www.lestalenslyriques.com\/wp-content\/uploads\/2025\/05\/Capture-decran-2025-05-05-a-17.01.34.png","datePublished":"2025-06-19T12:27:20+00:00","dateModified":"2025-10-22T16:12:11+00:00","breadcrumb":{"@id":"https:\/\/www.lestalenslyriques.com\/en\/event\/monteverdi-and-cavalli-two-venitians-in-naples\/#breadcrumb"},"inLanguage":"en-US","potentialAction":[{"@type":"ReadAction","target":["https:\/\/www.lestalenslyriques.com\/en\/event\/monteverdi-and-cavalli-two-venitians-in-naples\/"]}]},{"@type":"ImageObject","inLanguage":"en-US","@id":"https:\/\/www.lestalenslyriques.com\/en\/event\/monteverdi-and-cavalli-two-venitians-in-naples\/#primaryimage","url":"https:\/\/www.lestalenslyriques.com\/wp-content\/uploads\/2025\/05\/Capture-decran-2025-05-05-a-17.01.34.png","contentUrl":"https:\/\/www.lestalenslyriques.com\/wp-content\/uploads\/2025\/05\/Capture-decran-2025-05-05-a-17.01.34.png","width":1282,"height":934},{"@type":"BreadcrumbList","@id":"https:\/\/www.lestalenslyriques.com\/en\/event\/monteverdi-and-cavalli-two-venitians-in-naples\/#breadcrumb","itemListElement":[{"@type":"ListItem","position":1,"name":"Accueil","item":"https:\/\/www.lestalenslyriques.com\/en\/"},{"@type":"ListItem","position":2,"name":"Calendar","item":"https:\/\/www.lestalenslyriques.com\/en\/event\/"},{"@type":"ListItem","position":3,"name":"Monteverdi and Cavalli : two Venitians in Naples"}]},{"@type":"WebSite","@id":"https:\/\/www.lestalenslyriques.com\/en\/#website","url":"https:\/\/www.lestalenslyriques.com\/en\/","name":"Les Talens Lyriques","description":"Christophe Rousset","potentialAction":[{"@type":"SearchAction","target":{"@type":"EntryPoint","urlTemplate":"https:\/\/www.lestalenslyriques.com\/en\/?s={search_term_string}"},"query-input":{"@type":"PropertyValueSpecification","valueRequired":true,"valueName":"search_term_string"}}],"inLanguage":"en-US"}]}},"_links":{"self":[{"href":"https:\/\/www.lestalenslyriques.com\/en\/wp-json\/wp\/v2\/event\/5422","targetHints":{"allow":["GET"]}}],"collection":[{"href":"https:\/\/www.lestalenslyriques.com\/en\/wp-json\/wp\/v2\/event"}],"about":[{"href":"https:\/\/www.lestalenslyriques.com\/en\/wp-json\/wp\/v2\/types\/event"}],"wp:featuredmedia":[{"embeddable":true,"href":"https:\/\/www.lestalenslyriques.com\/en\/wp-json\/wp\/v2\/media\/5426"}],"wp:attachment":[{"href":"https:\/\/www.lestalenslyriques.com\/en\/wp-json\/wp\/v2\/media?parent=5422"}],"wp:term":[{"taxonomy":"event-type","embeddable":true,"href":"https:\/\/www.lestalenslyriques.com\/en\/wp-json\/wp\/v2\/event-type?post=5422"},{"taxonomy":"event-saison","embeddable":true,"href":"https:\/\/www.lestalenslyriques.com\/en\/wp-json\/wp\/v2\/event-saison?post=5422"}],"curies":[{"name":"wp","href":"https:\/\/api.w.org\/{rel}","templated":true}]}}

<div class="column">
<div class="column">
<p class="p2"><b>Claudio Monteverdi (1567-1643) </b></p>
<p class="p3"><em>L’incoronazione di Poppea</em> (1642)<br />
Ouverture<br />
« Signor, deh non partire »<br />
« Come dolci signor »<br />
« Signor, signor oggi rinascio »<br />
« Sento un certo »</p>
<p class="p2"><b>Andrea Falconieri (1585-1656) </b></p>
<p class="p3"><em>Il primo Libro</em> (1650)<br />
L’Eroica, sonata a tre</p>
<p class="p2"><b>Francesco Cavalli (1602-1676) </b></p>
<p class="p3"><em>Veramonda l’amazzone di Aragona</em>, « Il Delio » (1652)<br />
Sinfonia, Prologo<br />
Sinfonia</p>
<p class="p3"><em>Il Ciro</em> (1654)<br />
« O rigor d’iniqua stella »<br />
« Amanti fuggite »</p>
</div>
<div class="page" title="Page 25">
<div class="layoutArea">
<div class="column">
<p>CAST</p>
<p><span style="font-weight: 400;"><strong>Apolline</strong> &amp; <strong>Thaïs Raï-Westphal</strong>, </span><span style="font-weight: 400;">sopranos  </span></p>
<p><span style="font-weight: 400;"><strong>Gilone Gaubert,</strong> <strong>Benjamin Chénier</strong></span>&amp; <b>Roldán Bernabé-Carrión</b><span style="font-weight: 400;">, </span><span style="font-weight: 400;">violins<br />
</span><span style="font-weight: 400;"><strong>Emmanuel Jacques</strong>, </span><span style="font-weight: 400;">cello<br />
</span><span style="font-weight: 400;"><strong>Karl Nyhlin /</strong></span><b>Yuli Bayeul</b><span style="font-weight: 400;">, </span><span style="font-weight: 400;">l</span><span style="font-weight: 400;">uth  </span></p>
<p><span style="font-weight: 400;"><strong>Christophe Rousset</strong>, harpsichord, </span><span style="font-weight: 400;">organ &amp; direction</span></p>
</div>
</div>
</div>
</div>
