{"id":4198,"date":"2023-06-13T17:04:56","date_gmt":"2023-06-13T15:04:56","guid":{"rendered":"https:\/\/www.lestalenslyriques.com\/?post_type=event&#038;p=4198"},"modified":"2023-06-16T10:56:05","modified_gmt":"2023-06-16T08:56:05","slug":"armide-2","status":"publish","type":"event","link":"https:\/\/www.lestalenslyriques.com\/en\/event\/armide-2\/","title":{"rendered":"Armide"},"content":{"rendered":"<p><strong>Jean-Baptiste Lully (1632-1687)<\/strong><br \/>\nArmide LWV 71 (1686)<\/p>\n<p>Trag\u00e9die en musique (a prologue and five acts) from a libretto by Philippe Quinault according to Gerusalemme liberata du Tasse, premiered on February 15, 1686 at the Royal Academy of Music, in Paris.<\/p>\n<p>director <strong>Lilo Baur<br \/>\n<\/strong>choreography <strong>Claudia de Serpa Soares<\/strong><br \/>\nStage set <strong>Bruno de Laven\u00e8re<\/strong><br \/>\nCostumes <strong>Alain Blanchot<\/strong><br \/>\nLights <strong>Laurent Castaingt<\/strong><\/p>\n<p>Distribution<\/p>\n<p><strong>Ambroisine Br\u00e9<\/strong> Armide<br \/>\n<strong>Cyrille Dubois<\/strong>\u00a0Renaud<br \/>\n<strong>Apolline Ra\u00ef-Westphal<\/strong>\u00a0La Sagesse, Ph\u00e9nice, M\u00e9lisse, une na\u00efade<br \/>\n<strong>Florie Valiquette<\/strong>\u00a0La Gloire, Sidonie, Lucinde, une berg\u00e8re h\u00e9ro\u00efque<br \/>\n<strong>Edwin Crossley-Mercer<\/strong>\u00a0Hidraot<br \/>\n<strong>Lysandre Ch\u00e2lon<\/strong>\u00a0Ubalde, Aronte<br \/>\n<strong>Enguerrand de Hys<\/strong>\u00a0Art\u00e9midore, Le Chevalier Danois<br \/>\n<strong>Anas S\u00e9guin<\/strong>\u00a0La Haine<\/p>\n<p><strong>Ch\u0153ur<\/strong> <strong>Les \u00c9l\u00e9ments<\/strong><br \/>\n<strong>Jo\u00ebl Suhubiette <\/strong>Choirmaster<\/p>\n<p><strong>Les Talens Lyriques<\/strong><br \/>\nConductor, Christophe Rousset<\/p>\n","protected":false},"featured_media":0,"template":"","event-type":[111],"event-saison":[413],"class_list":["post-4198","event","type-event","status-publish","hentry","event-type-opera-and-oratorio-en","event-saison-season-2023-2024"],"acf":[],"yoast_head":"<!-- This site is optimized with the Yoast SEO plugin v27.5 - https:\/\/yoast.com\/product\/yoast-seo-wordpress\/ -->\n<title>Armide | Les Talens Lyriques<\/title>\n<meta name=\"robots\" content=\"index, follow, max-snippet:-1, max-image-preview:large, max-video-preview:-1\" \/>\n<link rel=\"canonical\" href=\"https:\/\/www.lestalenslyriques.com\/en\/event\/armide-2\/\" \/>\n<meta property=\"og:locale\" content=\"en_US\" \/>\n<meta property=\"og:type\" content=\"article\" \/>\n<meta property=\"og:title\" content=\"Armide | Les Talens Lyriques\" \/>\n<meta property=\"og:description\" content=\"Jean-Baptiste Lully (1632-1687) Armide LWV 71 (1686) Trag\u00e9die en musique (a prologue and five acts) from a libretto by Philippe Quinault according to Gerusalemme liberata du Tasse, premiered on February 15, 1686 at the Royal Academy of Music, in Paris. director Lilo Baur choreography Claudia de Serpa Soares Stage set Bruno de Laven\u00e8re Costumes Alain [&hellip;]\" \/>\n<meta property=\"og:url\" content=\"https:\/\/www.lestalenslyriques.com\/en\/event\/armide-2\/\" \/>\n<meta property=\"og:site_name\" content=\"Les Talens Lyriques\" \/>\n<meta property=\"article:modified_time\" content=\"2023-06-16T08:56:05+00:00\" \/>\n<meta name=\"twitter:card\" content=\"summary_large_image\" \/>\n<meta name=\"twitter:label1\" content=\"Est. reading time\" \/>\n\t<meta name=\"twitter:data1\" content=\"1 minute\" \/>\n<script type=\"application\/ld+json\" class=\"yoast-schema-graph\">{\"@context\":\"https:\\\/\\\/schema.org\",\"@graph\":[{\"@type\":\"WebPage\",\"@id\":\"https:\\\/\\\/www.lestalenslyriques.com\\\/en\\\/event\\\/armide-2\\\/\",\"url\":\"https:\\\/\\\/www.lestalenslyriques.com\\\/en\\\/event\\\/armide-2\\\/\",\"name\":\"Armide | Les Talens Lyriques\",\"isPartOf\":{\"@id\":\"https:\\\/\\\/www.lestalenslyriques.com\\\/en\\\/#website\"},\"datePublished\":\"2023-06-13T15:04:56+00:00\",\"dateModified\":\"2023-06-16T08:56:05+00:00\",\"breadcrumb\":{\"@id\":\"https:\\\/\\\/www.lestalenslyriques.com\\\/en\\\/event\\\/armide-2\\\/#breadcrumb\"},\"inLanguage\":\"en-US\",\"potentialAction\":[{\"@type\":\"ReadAction\",\"target\":[\"https:\\\/\\\/www.lestalenslyriques.com\\\/en\\\/event\\\/armide-2\\\/\"]}]},{\"@type\":\"BreadcrumbList\",\"@id\":\"https:\\\/\\\/www.lestalenslyriques.com\\\/en\\\/event\\\/armide-2\\\/#breadcrumb\",\"itemListElement\":[{\"@type\":\"ListItem\",\"position\":1,\"name\":\"Accueil\",\"item\":\"https:\\\/\\\/www.lestalenslyriques.com\\\/en\\\/\"},{\"@type\":\"ListItem\",\"position\":2,\"name\":\"Calendar\",\"item\":\"https:\\\/\\\/www.lestalenslyriques.com\\\/en\\\/event\\\/\"},{\"@type\":\"ListItem\",\"position\":3,\"name\":\"Armide\"}]},{\"@type\":\"WebSite\",\"@id\":\"https:\\\/\\\/www.lestalenslyriques.com\\\/en\\\/#website\",\"url\":\"https:\\\/\\\/www.lestalenslyriques.com\\\/en\\\/\",\"name\":\"Les Talens Lyriques\",\"description\":\"Christophe Rousset\",\"potentialAction\":[{\"@type\":\"SearchAction\",\"target\":{\"@type\":\"EntryPoint\",\"urlTemplate\":\"https:\\\/\\\/www.lestalenslyriques.com\\\/en\\\/?s={search_term_string}\"},\"query-input\":{\"@type\":\"PropertyValueSpecification\",\"valueRequired\":true,\"valueName\":\"search_term_string\"}}],\"inLanguage\":\"en-US\"}]}<\/script>\n<!-- \/ Yoast SEO plugin. -->","yoast_head_json":{"title":"Armide | Les Talens Lyriques","robots":{"index":"index","follow":"follow","max-snippet":"max-snippet:-1","max-image-preview":"max-image-preview:large","max-video-preview":"max-video-preview:-1"},"canonical":"https:\/\/www.lestalenslyriques.com\/en\/event\/armide-2\/","og_locale":"en_US","og_type":"article","og_title":"Armide | Les Talens Lyriques","og_description":"Jean-Baptiste Lully (1632-1687) Armide LWV 71 (1686) Trag\u00e9die en musique (a prologue and five acts) from a libretto by Philippe Quinault according to Gerusalemme liberata du Tasse, premiered on February 15, 1686 at the Royal Academy of Music, in Paris. director Lilo Baur choreography Claudia de Serpa Soares Stage set Bruno de Laven\u00e8re Costumes Alain [&hellip;]","og_url":"https:\/\/www.lestalenslyriques.com\/en\/event\/armide-2\/","og_site_name":"Les Talens Lyriques","article_modified_time":"2023-06-16T08:56:05+00:00","twitter_card":"summary_large_image","twitter_misc":{"Est. reading time":"1 minute"},"schema":{"@context":"https:\/\/schema.org","@graph":[{"@type":"WebPage","@id":"https:\/\/www.lestalenslyriques.com\/en\/event\/armide-2\/","url":"https:\/\/www.lestalenslyriques.com\/en\/event\/armide-2\/","name":"Armide | Les Talens Lyriques","isPartOf":{"@id":"https:\/\/www.lestalenslyriques.com\/en\/#website"},"datePublished":"2023-06-13T15:04:56+00:00","dateModified":"2023-06-16T08:56:05+00:00","breadcrumb":{"@id":"https:\/\/www.lestalenslyriques.com\/en\/event\/armide-2\/#breadcrumb"},"inLanguage":"en-US","potentialAction":[{"@type":"ReadAction","target":["https:\/\/www.lestalenslyriques.com\/en\/event\/armide-2\/"]}]},{"@type":"BreadcrumbList","@id":"https:\/\/www.lestalenslyriques.com\/en\/event\/armide-2\/#breadcrumb","itemListElement":[{"@type":"ListItem","position":1,"name":"Accueil","item":"https:\/\/www.lestalenslyriques.com\/en\/"},{"@type":"ListItem","position":2,"name":"Calendar","item":"https:\/\/www.lestalenslyriques.com\/en\/event\/"},{"@type":"ListItem","position":3,"name":"Armide"}]},{"@type":"WebSite","@id":"https:\/\/www.lestalenslyriques.com\/en\/#website","url":"https:\/\/www.lestalenslyriques.com\/en\/","name":"Les Talens Lyriques","description":"Christophe Rousset","potentialAction":[{"@type":"SearchAction","target":{"@type":"EntryPoint","urlTemplate":"https:\/\/www.lestalenslyriques.com\/en\/?s={search_term_string}"},"query-input":{"@type":"PropertyValueSpecification","valueRequired":true,"valueName":"search_term_string"}}],"inLanguage":"en-US"}]}},"_links":{"self":[{"href":"https:\/\/www.lestalenslyriques.com\/en\/wp-json\/wp\/v2\/event\/4198","targetHints":{"allow":["GET"]}}],"collection":[{"href":"https:\/\/www.lestalenslyriques.com\/en\/wp-json\/wp\/v2\/event"}],"about":[{"href":"https:\/\/www.lestalenslyriques.com\/en\/wp-json\/wp\/v2\/types\/event"}],"wp:attachment":[{"href":"https:\/\/www.lestalenslyriques.com\/en\/wp-json\/wp\/v2\/media?parent=4198"}],"wp:term":[{"taxonomy":"event-type","embeddable":true,"href":"https:\/\/www.lestalenslyriques.com\/en\/wp-json\/wp\/v2\/event-type?post=4198"},{"taxonomy":"event-saison","embeddable":true,"href":"https:\/\/www.lestalenslyriques.com\/en\/wp-json\/wp\/v2\/event-saison?post=4198"}],"curies":[{"name":"wp","href":"https:\/\/api.w.org\/{rel}","templated":true}]}}

<p><strong>Jean-Baptiste Lully (1632-1687)</strong><br />
Armide LWV 71 (1686)</p>
<p>Tragédie en musique (a prologue and five acts) from a libretto by Philippe Quinault according to Gerusalemme liberata du Tasse, premiered on February 15, 1686 at the Royal Academy of Music, in Paris.</p>
<p>director <strong>Lilo Baur<br />
</strong>choreography <strong>Claudia de Serpa Soares</strong><br />
Stage set <strong>Bruno de Lavenère</strong><br />
Costumes <strong>Alain Blanchot</strong><br />
Lights <strong>Laurent Castaingt</strong></p>
<p>Distribution</p>
<p><strong>Ambroisine Bré</strong> Armide<br />
<strong>Cyrille Dubois</strong> Renaud<br />
<strong>Apolline Raï-Westphal</strong> La Sagesse, Phénice, Mélisse, une naïade<br />
<strong>Florie Valiquette</strong> La Gloire, Sidonie, Lucinde, une bergère héroïque<br />
<strong>Edwin Crossley-Mercer</strong> Hidraot<br />
<strong>Lysandre Châlon</strong> Ubalde, Aronte<br />
<strong>Enguerrand de Hys</strong> Artémidore, Le Chevalier Danois<br />
<strong>Anas Séguin</strong> La Haine</p>
<p><strong>Chœur</strong> <strong>Les Éléments</strong><br />
<strong>Joël Suhubiette </strong>Choirmaster</p>
<p><strong>Les Talens Lyriques</strong><br />
Conductor, Christophe Rousset</p>

<!-- This site is optimized with the Yoast SEO plugin v27.5 - https://yoast.com/product/yoast-seo-wordpress/ -->
<title>Armide | Les Talens Lyriques</title>
<meta name="robots" content="index, follow, max-snippet:-1, max-image-preview:large, max-video-preview:-1" />
<link rel="canonical" href="https://www.lestalenslyriques.com/en/event/armide-2/" />
<meta property="og:locale" content="en_US" />
<meta property="og:type" content="article" />
<meta property="og:title" content="Armide | Les Talens Lyriques" />
<meta property="og:description" content="Jean-Baptiste Lully (1632-1687) Armide LWV 71 (1686) Tragédie en musique (a prologue and five acts) from a libretto by Philippe Quinault according to Gerusalemme liberata du Tasse, premiered on February 15, 1686 at the Royal Academy of Music, in Paris. director Lilo Baur choreography Claudia de Serpa Soares Stage set Bruno de Lavenère Costumes Alain [&hellip;]" />
<meta property="og:url" content="https://www.lestalenslyriques.com/en/event/armide-2/" />
<meta property="og:site_name" content="Les Talens Lyriques" />
<meta property="article:modified_time" content="2023-06-16T08:56:05+00:00" />
<meta name="twitter:card" content="summary_large_image" />
<meta name="twitter:label1" content="Est. reading time" />
	<meta name="twitter:data1" content="1 minute" />
<script type="application/ld+json" class="yoast-schema-graph">{"@context":"https:\/\/schema.org","@graph":[{"@type":"WebPage","@id":"https:\/\/www.lestalenslyriques.com\/en\/event\/armide-2\/","url":"https:\/\/www.lestalenslyriques.com\/en\/event\/armide-2\/","name":"Armide | Les Talens Lyriques","isPartOf":{"@id":"https:\/\/www.lestalenslyriques.com\/en\/#website"},"datePublished":"2023-06-13T15:04:56+00:00","dateModified":"2023-06-16T08:56:05+00:00","breadcrumb":{"@id":"https:\/\/www.lestalenslyriques.com\/en\/event\/armide-2\/#breadcrumb"},"inLanguage":"en-US","potentialAction":[{"@type":"ReadAction","target":["https:\/\/www.lestalenslyriques.com\/en\/event\/armide-2\/"]}]},{"@type":"BreadcrumbList","@id":"https:\/\/www.lestalenslyriques.com\/en\/event\/armide-2\/#breadcrumb","itemListElement":[{"@type":"ListItem","position":1,"name":"Accueil","item":"https:\/\/www.lestalenslyriques.com\/en\/"},{"@type":"ListItem","position":2,"name":"Calendar","item":"https:\/\/www.lestalenslyriques.com\/en\/event\/"},{"@type":"ListItem","position":3,"name":"Armide"}]},{"@type":"WebSite","@id":"https:\/\/www.lestalenslyriques.com\/en\/#website","url":"https:\/\/www.lestalenslyriques.com\/en\/","name":"Les Talens Lyriques","description":"Christophe Rousset","potentialAction":[{"@type":"SearchAction","target":{"@type":"EntryPoint","urlTemplate":"https:\/\/www.lestalenslyriques.com\/en\/?s={search_term_string}"},"query-input":{"@type":"PropertyValueSpecification","valueRequired":true,"valueName":"search_term_string"}}],"inLanguage":"en-US"}]}</script>
<!-- / Yoast SEO plugin. -->

Jean-Baptiste Lully (1632-1687) Armide LWV 71 (1686) Tragédie en musique (a prologue and five acts) from a libretto by Philippe Quinault according to Gerusalemme liberata du Tasse, premiered on February 15, 1686 at the Royal Academy of Music, in Paris. director Lilo Baur choreography Claudia de Serpa Soares Stage set Bruno de Lavenère Costumes Alain [&hellip;]
