{"id":3809,"date":"2022-06-30T15:28:17","date_gmt":"2022-06-30T13:28:17","guid":{"rendered":"https:\/\/www.lestalenslyriques.com\/?post_type=event&#038;p=3809"},"modified":"2022-06-30T15:28:17","modified_gmt":"2022-06-30T13:28:17","slug":"san-guglielmo-duca-daquitania","status":"publish","type":"event","link":"https:\/\/www.lestalenslyriques.com\/en\/event\/san-guglielmo-duca-daquitania\/","title":{"rendered":"San Guglielmo Duca d\u2019Aquitania"},"content":{"rendered":"<div class=\"page\" title=\"Page 71\">\n<div class=\"layoutArea\">\n<div class=\"column\">\n<p class=\"p1\"><strong>Giovanni Battista Pergolesi (1710-1736)<\/strong><br \/>\n<em>San Guglielmo Duca d\u2019Aquitania<\/em> (1731)<\/p>\n<p class=\"p1\"><i>Li prodigi della divina grazia nella conversione e morte di San Guglielmo Duca di Aquitania<span class=\"Apple-converted-space\"><br \/>\n<\/span><\/i><i>Dramma sacro <\/i>en trois actes sur un texte d\u2019Ignazio Maria Mancini<span class=\"Apple-converted-space\"><br \/>\n<\/span>cr\u00e9\u00e9 \u00e0 l\u2019\u00e9t\u00e9 1731 au clo\u00eetre de Sant\u2019Agnello Maggiore, \u00e0 Naples<\/p>\n<p><strong>Chanteuses et chanteurs de l\u2019Acad\u00e9mie<\/strong><br \/>\nErika Baikoff<br \/>\nAlexandra Oomens<br \/>\nCyrielle Ndjiki<br \/>\nJuliette Mey<br \/>\nTh\u00e9o Imart<br \/>\nJacob Ingbar<br \/>\nQuentin Desgeorges<br \/>\nJaka Mihela\u010d<br \/>\nWilliam Guanbo Su<br \/>\nPawe\u0142 Horodyski<\/p>\n<div class=\"page\" title=\"Page 71\">\n<div class=\"layoutArea\">\n<div class=\"column\">\n<p><strong>Les Talens Lyriques<\/strong><br \/>\n<strong>Korneel Bernolet<\/strong> Direction<\/p>\n<div class=\"page\" title=\"Page 71\">\n<div class=\"layoutArea\">\n<div class=\"column\">\n<p class=\"p1\">Coproduction Les Talens Lyriques, Festival d&#8217;Aix-en-Provence<\/p>\n<\/div>\n<\/div>\n<\/div>\n<\/div>\n<\/div>\n<\/div>\n<\/div>\n<\/div>\n<\/div>\n","protected":false},"featured_media":3755,"template":"","event-type":[111],"event-saison":[329],"class_list":["post-3809","event","type-event","status-publish","has-post-thumbnail","hentry","event-type-opera-and-oratorio-en","event-saison-season-2022-2023"],"acf":[],"yoast_head":"<!-- This site is optimized with the Yoast SEO plugin v27.5 - https:\/\/yoast.com\/product\/yoast-seo-wordpress\/ -->\n<title>San Guglielmo Duca d\u2019Aquitania | Les Talens Lyriques<\/title>\n<meta name=\"robots\" content=\"index, follow, max-snippet:-1, max-image-preview:large, max-video-preview:-1\" \/>\n<link rel=\"canonical\" href=\"https:\/\/www.lestalenslyriques.com\/en\/event\/san-guglielmo-duca-daquitania\/\" \/>\n<meta property=\"og:locale\" content=\"en_US\" \/>\n<meta property=\"og:type\" content=\"article\" \/>\n<meta property=\"og:title\" content=\"San Guglielmo Duca d\u2019Aquitania | Les Talens Lyriques\" \/>\n<meta property=\"og:description\" content=\"Giovanni Battista Pergolesi (1710-1736) San Guglielmo Duca d\u2019Aquitania (1731) Li prodigi della divina grazia nella conversione e morte di San Guglielmo Duca di Aquitania Dramma sacro en trois actes sur un texte d\u2019Ignazio Maria Mancini cr\u00e9\u00e9 \u00e0 l\u2019\u00e9t\u00e9 1731 au clo\u00eetre de Sant\u2019Agnello Maggiore, \u00e0 Naples Chanteuses et chanteurs de l\u2019Acad\u00e9mie Erika Baikoff Alexandra Oomens [&hellip;]\" \/>\n<meta property=\"og:url\" content=\"https:\/\/www.lestalenslyriques.com\/en\/event\/san-guglielmo-duca-daquitania\/\" \/>\n<meta property=\"og:site_name\" content=\"Les Talens Lyriques\" \/>\n<meta property=\"og:image\" content=\"https:\/\/www.lestalenslyriques.com\/wp-content\/uploads\/2022\/06\/GUGLIELMO-2-scaled.jpg\" \/>\n\t<meta property=\"og:image:width\" content=\"1089\" \/>\n\t<meta property=\"og:image:height\" content=\"2560\" \/>\n\t<meta property=\"og:image:type\" content=\"image\/jpeg\" \/>\n<meta name=\"twitter:card\" content=\"summary_large_image\" \/>\n<meta name=\"twitter:label1\" content=\"Est. reading time\" \/>\n\t<meta name=\"twitter:data1\" content=\"1 minute\" \/>\n<script type=\"application\/ld+json\" class=\"yoast-schema-graph\">{\"@context\":\"https:\\\/\\\/schema.org\",\"@graph\":[{\"@type\":\"WebPage\",\"@id\":\"https:\\\/\\\/www.lestalenslyriques.com\\\/en\\\/event\\\/san-guglielmo-duca-daquitania\\\/\",\"url\":\"https:\\\/\\\/www.lestalenslyriques.com\\\/en\\\/event\\\/san-guglielmo-duca-daquitania\\\/\",\"name\":\"San Guglielmo Duca d\u2019Aquitania | Les Talens Lyriques\",\"isPartOf\":{\"@id\":\"https:\\\/\\\/www.lestalenslyriques.com\\\/en\\\/#website\"},\"primaryImageOfPage\":{\"@id\":\"https:\\\/\\\/www.lestalenslyriques.com\\\/en\\\/event\\\/san-guglielmo-duca-daquitania\\\/#primaryimage\"},\"image\":{\"@id\":\"https:\\\/\\\/www.lestalenslyriques.com\\\/en\\\/event\\\/san-guglielmo-duca-daquitania\\\/#primaryimage\"},\"thumbnailUrl\":\"https:\\\/\\\/www.lestalenslyriques.com\\\/wp-content\\\/uploads\\\/2022\\\/06\\\/GUGLIELMO-2-scaled.jpg\",\"datePublished\":\"2022-06-30T13:28:17+00:00\",\"breadcrumb\":{\"@id\":\"https:\\\/\\\/www.lestalenslyriques.com\\\/en\\\/event\\\/san-guglielmo-duca-daquitania\\\/#breadcrumb\"},\"inLanguage\":\"en-US\",\"potentialAction\":[{\"@type\":\"ReadAction\",\"target\":[\"https:\\\/\\\/www.lestalenslyriques.com\\\/en\\\/event\\\/san-guglielmo-duca-daquitania\\\/\"]}]},{\"@type\":\"ImageObject\",\"inLanguage\":\"en-US\",\"@id\":\"https:\\\/\\\/www.lestalenslyriques.com\\\/en\\\/event\\\/san-guglielmo-duca-daquitania\\\/#primaryimage\",\"url\":\"https:\\\/\\\/www.lestalenslyriques.com\\\/wp-content\\\/uploads\\\/2022\\\/06\\\/GUGLIELMO-2-scaled.jpg\",\"contentUrl\":\"https:\\\/\\\/www.lestalenslyriques.com\\\/wp-content\\\/uploads\\\/2022\\\/06\\\/GUGLIELMO-2-scaled.jpg\",\"width\":1089,\"height\":2560},{\"@type\":\"BreadcrumbList\",\"@id\":\"https:\\\/\\\/www.lestalenslyriques.com\\\/en\\\/event\\\/san-guglielmo-duca-daquitania\\\/#breadcrumb\",\"itemListElement\":[{\"@type\":\"ListItem\",\"position\":1,\"name\":\"Accueil\",\"item\":\"https:\\\/\\\/www.lestalenslyriques.com\\\/en\\\/\"},{\"@type\":\"ListItem\",\"position\":2,\"name\":\"Calendar\",\"item\":\"https:\\\/\\\/www.lestalenslyriques.com\\\/en\\\/event\\\/\"},{\"@type\":\"ListItem\",\"position\":3,\"name\":\"San Guglielmo Duca d\u2019Aquitania\"}]},{\"@type\":\"WebSite\",\"@id\":\"https:\\\/\\\/www.lestalenslyriques.com\\\/en\\\/#website\",\"url\":\"https:\\\/\\\/www.lestalenslyriques.com\\\/en\\\/\",\"name\":\"Les Talens Lyriques\",\"description\":\"Christophe Rousset\",\"potentialAction\":[{\"@type\":\"SearchAction\",\"target\":{\"@type\":\"EntryPoint\",\"urlTemplate\":\"https:\\\/\\\/www.lestalenslyriques.com\\\/en\\\/?s={search_term_string}\"},\"query-input\":{\"@type\":\"PropertyValueSpecification\",\"valueRequired\":true,\"valueName\":\"search_term_string\"}}],\"inLanguage\":\"en-US\"}]}<\/script>\n<!-- \/ Yoast SEO plugin. -->","yoast_head_json":{"title":"San Guglielmo Duca d\u2019Aquitania | Les Talens Lyriques","robots":{"index":"index","follow":"follow","max-snippet":"max-snippet:-1","max-image-preview":"max-image-preview:large","max-video-preview":"max-video-preview:-1"},"canonical":"https:\/\/www.lestalenslyriques.com\/en\/event\/san-guglielmo-duca-daquitania\/","og_locale":"en_US","og_type":"article","og_title":"San Guglielmo Duca d\u2019Aquitania | Les Talens Lyriques","og_description":"Giovanni Battista Pergolesi (1710-1736) San Guglielmo Duca d\u2019Aquitania (1731) Li prodigi della divina grazia nella conversione e morte di San Guglielmo Duca di Aquitania Dramma sacro en trois actes sur un texte d\u2019Ignazio Maria Mancini cr\u00e9\u00e9 \u00e0 l\u2019\u00e9t\u00e9 1731 au clo\u00eetre de Sant\u2019Agnello Maggiore, \u00e0 Naples Chanteuses et chanteurs de l\u2019Acad\u00e9mie Erika Baikoff Alexandra Oomens [&hellip;]","og_url":"https:\/\/www.lestalenslyriques.com\/en\/event\/san-guglielmo-duca-daquitania\/","og_site_name":"Les Talens Lyriques","og_image":[{"width":1089,"height":2560,"url":"https:\/\/www.lestalenslyriques.com\/wp-content\/uploads\/2022\/06\/GUGLIELMO-2-scaled.jpg","type":"image\/jpeg"}],"twitter_card":"summary_large_image","twitter_misc":{"Est. reading time":"1 minute"},"schema":{"@context":"https:\/\/schema.org","@graph":[{"@type":"WebPage","@id":"https:\/\/www.lestalenslyriques.com\/en\/event\/san-guglielmo-duca-daquitania\/","url":"https:\/\/www.lestalenslyriques.com\/en\/event\/san-guglielmo-duca-daquitania\/","name":"San Guglielmo Duca d\u2019Aquitania | Les Talens Lyriques","isPartOf":{"@id":"https:\/\/www.lestalenslyriques.com\/en\/#website"},"primaryImageOfPage":{"@id":"https:\/\/www.lestalenslyriques.com\/en\/event\/san-guglielmo-duca-daquitania\/#primaryimage"},"image":{"@id":"https:\/\/www.lestalenslyriques.com\/en\/event\/san-guglielmo-duca-daquitania\/#primaryimage"},"thumbnailUrl":"https:\/\/www.lestalenslyriques.com\/wp-content\/uploads\/2022\/06\/GUGLIELMO-2-scaled.jpg","datePublished":"2022-06-30T13:28:17+00:00","breadcrumb":{"@id":"https:\/\/www.lestalenslyriques.com\/en\/event\/san-guglielmo-duca-daquitania\/#breadcrumb"},"inLanguage":"en-US","potentialAction":[{"@type":"ReadAction","target":["https:\/\/www.lestalenslyriques.com\/en\/event\/san-guglielmo-duca-daquitania\/"]}]},{"@type":"ImageObject","inLanguage":"en-US","@id":"https:\/\/www.lestalenslyriques.com\/en\/event\/san-guglielmo-duca-daquitania\/#primaryimage","url":"https:\/\/www.lestalenslyriques.com\/wp-content\/uploads\/2022\/06\/GUGLIELMO-2-scaled.jpg","contentUrl":"https:\/\/www.lestalenslyriques.com\/wp-content\/uploads\/2022\/06\/GUGLIELMO-2-scaled.jpg","width":1089,"height":2560},{"@type":"BreadcrumbList","@id":"https:\/\/www.lestalenslyriques.com\/en\/event\/san-guglielmo-duca-daquitania\/#breadcrumb","itemListElement":[{"@type":"ListItem","position":1,"name":"Accueil","item":"https:\/\/www.lestalenslyriques.com\/en\/"},{"@type":"ListItem","position":2,"name":"Calendar","item":"https:\/\/www.lestalenslyriques.com\/en\/event\/"},{"@type":"ListItem","position":3,"name":"San Guglielmo Duca d\u2019Aquitania"}]},{"@type":"WebSite","@id":"https:\/\/www.lestalenslyriques.com\/en\/#website","url":"https:\/\/www.lestalenslyriques.com\/en\/","name":"Les Talens Lyriques","description":"Christophe Rousset","potentialAction":[{"@type":"SearchAction","target":{"@type":"EntryPoint","urlTemplate":"https:\/\/www.lestalenslyriques.com\/en\/?s={search_term_string}"},"query-input":{"@type":"PropertyValueSpecification","valueRequired":true,"valueName":"search_term_string"}}],"inLanguage":"en-US"}]}},"_links":{"self":[{"href":"https:\/\/www.lestalenslyriques.com\/en\/wp-json\/wp\/v2\/event\/3809","targetHints":{"allow":["GET"]}}],"collection":[{"href":"https:\/\/www.lestalenslyriques.com\/en\/wp-json\/wp\/v2\/event"}],"about":[{"href":"https:\/\/www.lestalenslyriques.com\/en\/wp-json\/wp\/v2\/types\/event"}],"wp:featuredmedia":[{"embeddable":true,"href":"https:\/\/www.lestalenslyriques.com\/en\/wp-json\/wp\/v2\/media\/3755"}],"wp:attachment":[{"href":"https:\/\/www.lestalenslyriques.com\/en\/wp-json\/wp\/v2\/media?parent=3809"}],"wp:term":[{"taxonomy":"event-type","embeddable":true,"href":"https:\/\/www.lestalenslyriques.com\/en\/wp-json\/wp\/v2\/event-type?post=3809"},{"taxonomy":"event-saison","embeddable":true,"href":"https:\/\/www.lestalenslyriques.com\/en\/wp-json\/wp\/v2\/event-saison?post=3809"}],"curies":[{"name":"wp","href":"https:\/\/api.w.org\/{rel}","templated":true}]}}

<div class="page" title="Page 71">
<div class="layoutArea">
<div class="column">
<p class="p1"><strong>Giovanni Battista Pergolesi (1710-1736)</strong><br />
<em>San Guglielmo Duca d’Aquitania</em> (1731)</p>
<p class="p1"><i>Li prodigi della divina grazia nella conversione e morte di San Guglielmo Duca di Aquitania<span class="Apple-converted-space"><br />
</span></i><i>Dramma sacro </i>en trois actes sur un texte d’Ignazio Maria Mancini<span class="Apple-converted-space"><br />
</span>créé à l’été 1731 au cloître de Sant’Agnello Maggiore, à Naples</p>
<p><strong>Chanteuses et chanteurs de l’Académie</strong><br />
Erika Baikoff<br />
Alexandra Oomens<br />
Cyrielle Ndjiki<br />
Juliette Mey<br />
Théo Imart<br />
Jacob Ingbar<br />
Quentin Desgeorges<br />
Jaka Mihelač<br />
William Guanbo Su<br />
Paweł Horodyski</p>
<div class="page" title="Page 71">
<div class="layoutArea">
<div class="column">
<p><strong>Les Talens Lyriques</strong><br />
<strong>Korneel Bernolet</strong> Direction</p>
<div class="page" title="Page 71">
<div class="layoutArea">
<div class="column">
<p class="p1">Coproduction Les Talens Lyriques, Festival d&#8217;Aix-en-Provence</p>
</div>
</div>
</div>
</div>
</div>
</div>
</div>
</div>
</div>

<!-- This site is optimized with the Yoast SEO plugin v27.5 - https://yoast.com/product/yoast-seo-wordpress/ -->
<title>San Guglielmo Duca d’Aquitania | Les Talens Lyriques</title>
<meta name="robots" content="index, follow, max-snippet:-1, max-image-preview:large, max-video-preview:-1" />
<link rel="canonical" href="https://www.lestalenslyriques.com/en/event/san-guglielmo-duca-daquitania/" />
<meta property="og:locale" content="en_US" />
<meta property="og:type" content="article" />
<meta property="og:title" content="San Guglielmo Duca d’Aquitania | Les Talens Lyriques" />
<meta property="og:description" content="Giovanni Battista Pergolesi (1710-1736) San Guglielmo Duca d’Aquitania (1731) Li prodigi della divina grazia nella conversione e morte di San Guglielmo Duca di Aquitania Dramma sacro en trois actes sur un texte d’Ignazio Maria Mancini créé à l’été 1731 au cloître de Sant’Agnello Maggiore, à Naples Chanteuses et chanteurs de l’Académie Erika Baikoff Alexandra Oomens [&hellip;]" />
<meta property="og:url" content="https://www.lestalenslyriques.com/en/event/san-guglielmo-duca-daquitania/" />
<meta property="og:site_name" content="Les Talens Lyriques" />
<meta property="og:image" content="https://www.lestalenslyriques.com/wp-content/uploads/2022/06/GUGLIELMO-2-scaled.jpg" />
	<meta property="og:image:width" content="1089" />
	<meta property="og:image:height" content="2560" />
	<meta property="og:image:type" content="image/jpeg" />
<meta name="twitter:card" content="summary_large_image" />
<meta name="twitter:label1" content="Est. reading time" />
	<meta name="twitter:data1" content="1 minute" />
<script type="application/ld+json" class="yoast-schema-graph">{"@context":"https:\/\/schema.org","@graph":[{"@type":"WebPage","@id":"https:\/\/www.lestalenslyriques.com\/en\/event\/san-guglielmo-duca-daquitania\/","url":"https:\/\/www.lestalenslyriques.com\/en\/event\/san-guglielmo-duca-daquitania\/","name":"San Guglielmo Duca d’Aquitania | Les Talens Lyriques","isPartOf":{"@id":"https:\/\/www.lestalenslyriques.com\/en\/#website"},"primaryImageOfPage":{"@id":"https:\/\/www.lestalenslyriques.com\/en\/event\/san-guglielmo-duca-daquitania\/#primaryimage"},"image":{"@id":"https:\/\/www.lestalenslyriques.com\/en\/event\/san-guglielmo-duca-daquitania\/#primaryimage"},"thumbnailUrl":"https:\/\/www.lestalenslyriques.com\/wp-content\/uploads\/2022\/06\/GUGLIELMO-2-scaled.jpg","datePublished":"2022-06-30T13:28:17+00:00","breadcrumb":{"@id":"https:\/\/www.lestalenslyriques.com\/en\/event\/san-guglielmo-duca-daquitania\/#breadcrumb"},"inLanguage":"en-US","potentialAction":[{"@type":"ReadAction","target":["https:\/\/www.lestalenslyriques.com\/en\/event\/san-guglielmo-duca-daquitania\/"]}]},{"@type":"ImageObject","inLanguage":"en-US","@id":"https:\/\/www.lestalenslyriques.com\/en\/event\/san-guglielmo-duca-daquitania\/#primaryimage","url":"https:\/\/www.lestalenslyriques.com\/wp-content\/uploads\/2022\/06\/GUGLIELMO-2-scaled.jpg","contentUrl":"https:\/\/www.lestalenslyriques.com\/wp-content\/uploads\/2022\/06\/GUGLIELMO-2-scaled.jpg","width":1089,"height":2560},{"@type":"BreadcrumbList","@id":"https:\/\/www.lestalenslyriques.com\/en\/event\/san-guglielmo-duca-daquitania\/#breadcrumb","itemListElement":[{"@type":"ListItem","position":1,"name":"Accueil","item":"https:\/\/www.lestalenslyriques.com\/en\/"},{"@type":"ListItem","position":2,"name":"Calendar","item":"https:\/\/www.lestalenslyriques.com\/en\/event\/"},{"@type":"ListItem","position":3,"name":"San Guglielmo Duca d’Aquitania"}]},{"@type":"WebSite","@id":"https:\/\/www.lestalenslyriques.com\/en\/#website","url":"https:\/\/www.lestalenslyriques.com\/en\/","name":"Les Talens Lyriques","description":"Christophe Rousset","potentialAction":[{"@type":"SearchAction","target":{"@type":"EntryPoint","urlTemplate":"https:\/\/www.lestalenslyriques.com\/en\/?s={search_term_string}"},"query-input":{"@type":"PropertyValueSpecification","valueRequired":true,"valueName":"search_term_string"}}],"inLanguage":"en-US"}]}</script>
<!-- / Yoast SEO plugin. -->

Giovanni Battista Pergolesi (1710-1736) San Guglielmo Duca d’Aquitania (1731) Li prodigi della divina grazia nella conversione e morte di San Guglielmo Duca di Aquitania Dramma sacro en trois actes sur un texte d’Ignazio Maria Mancini créé à l’été 1731 au cloître de Sant’Agnello Maggiore, à Naples Chanteuses et chanteurs de l’Académie Erika Baikoff Alexandra Oomens [&hellip;]
