{"id":3717,"date":"2022-05-05T16:28:57","date_gmt":"2022-05-05T14:28:57","guid":{"rendered":"https:\/\/www.lestalenslyriques.com\/?post_type=event&#038;p=3717"},"modified":"2022-05-05T16:28:57","modified_gmt":"2022-05-05T14:28:57","slug":"bach-sans-frontieres-2","status":"publish","type":"event","link":"https:\/\/www.lestalenslyriques.com\/en\/event\/bach-sans-frontieres-2\/","title":{"rendered":"Bach sans fronti\u00e8res"},"content":{"rendered":"<div class=\"page\" title=\"Page 37\">\n<div class=\"layoutArea\">\n<div class=\"column\">\n<p><strong>Johann Sebastian Bach (1685-1750)<\/strong><br \/>\n<em>Suite for orchestra n\u00b02<\/em>, BWV 1067 (ca 1738-1739) Non sa che sia dolore, BWV 209 \u2013 cantata (ca 1729)<\/p>\n<p><strong>Fran\u00e7ois Couperin (1668-1733)<\/strong><br \/>\n<em>Les Nations<\/em> (1726)<br \/>\nSonade du troisi\u00e8me ordre \u00ab L\u2019Imp\u00e9riale \u00bb Passacaille du deuxi\u00e8me ordre \u00ab l\u2019Espagnole \u00bb<\/p>\n<p><strong>Andr\u00e9 Campra (1660-1744)<\/strong><br \/>\n<em>Les F\u00eates v\u00e9nitiennes<\/em> (1710) \u2013 extract<br \/>\n<em>L\u2019Europe galante<\/em> (1697) \u2013 extract<\/p>\n<p><strong>Giovanni Battista Pergolesi (1710-1736)<\/strong><br \/>\n<em>Orfeo<\/em>, P.115 \u2013 cantata (ca 1735)<\/p>\n<p><strong>Florie Valiquette<\/strong> Soprano<br \/>\n<strong>Les Talens Lyriques<\/strong><br \/>\n<strong>Christophe Rousset<\/strong> Direction and harpsichord<\/p>\n<\/div>\n<\/div>\n<\/div>\n","protected":false},"featured_media":3711,"template":"","event-type":[],"event-saison":[294],"class_list":["post-3717","event","type-event","status-publish","has-post-thumbnail","hentry","event-saison-season-2021-2022"],"acf":[],"yoast_head":"<!-- This site is optimized with the Yoast SEO plugin v27.5 - https:\/\/yoast.com\/product\/yoast-seo-wordpress\/ -->\n<title>Bach sans fronti\u00e8res | Les Talens Lyriques<\/title>\n<meta name=\"robots\" content=\"index, follow, max-snippet:-1, max-image-preview:large, max-video-preview:-1\" \/>\n<link rel=\"canonical\" href=\"https:\/\/www.lestalenslyriques.com\/en\/event\/bach-sans-frontieres-2\/\" \/>\n<meta property=\"og:locale\" content=\"en_US\" \/>\n<meta property=\"og:type\" content=\"article\" \/>\n<meta property=\"og:title\" content=\"Bach sans fronti\u00e8res | Les Talens Lyriques\" \/>\n<meta property=\"og:description\" content=\"Johann Sebastian Bach (1685-1750) Suite for orchestra n\u00b02, BWV 1067 (ca 1738-1739) Non sa che sia dolore, BWV 209 \u2013 cantata (ca 1729) Fran\u00e7ois Couperin (1668-1733) Les Nations (1726) Sonade du troisi\u00e8me ordre \u00ab L\u2019Imp\u00e9riale \u00bb Passacaille du deuxi\u00e8me ordre \u00ab l\u2019Espagnole \u00bb Andr\u00e9 Campra (1660-1744) Les F\u00eates v\u00e9nitiennes (1710) \u2013 extract L\u2019Europe galante (1697) [&hellip;]\" \/>\n<meta property=\"og:url\" content=\"https:\/\/www.lestalenslyriques.com\/en\/event\/bach-sans-frontieres-2\/\" \/>\n<meta property=\"og:site_name\" content=\"Les Talens Lyriques\" \/>\n<meta property=\"og:image\" content=\"https:\/\/www.lestalenslyriques.com\/wp-content\/uploads\/2022\/05\/Valiquette\u00a9Bivouac-Studio-1-scaled.jpg\" \/>\n\t<meta property=\"og:image:width\" content=\"1706\" \/>\n\t<meta property=\"og:image:height\" content=\"2560\" \/>\n\t<meta property=\"og:image:type\" content=\"image\/jpeg\" \/>\n<meta name=\"twitter:card\" content=\"summary_large_image\" \/>\n<meta name=\"twitter:label1\" content=\"Est. reading time\" \/>\n\t<meta name=\"twitter:data1\" content=\"1 minute\" \/>\n<script type=\"application\/ld+json\" class=\"yoast-schema-graph\">{\"@context\":\"https:\\\/\\\/schema.org\",\"@graph\":[{\"@type\":\"WebPage\",\"@id\":\"https:\\\/\\\/www.lestalenslyriques.com\\\/en\\\/event\\\/bach-sans-frontieres-2\\\/\",\"url\":\"https:\\\/\\\/www.lestalenslyriques.com\\\/en\\\/event\\\/bach-sans-frontieres-2\\\/\",\"name\":\"Bach sans fronti\u00e8res | Les Talens Lyriques\",\"isPartOf\":{\"@id\":\"https:\\\/\\\/www.lestalenslyriques.com\\\/en\\\/#website\"},\"primaryImageOfPage\":{\"@id\":\"https:\\\/\\\/www.lestalenslyriques.com\\\/en\\\/event\\\/bach-sans-frontieres-2\\\/#primaryimage\"},\"image\":{\"@id\":\"https:\\\/\\\/www.lestalenslyriques.com\\\/en\\\/event\\\/bach-sans-frontieres-2\\\/#primaryimage\"},\"thumbnailUrl\":\"https:\\\/\\\/www.lestalenslyriques.com\\\/wp-content\\\/uploads\\\/2022\\\/05\\\/Valiquette\u00a9Bivouac-Studio-1-scaled.jpg\",\"datePublished\":\"2022-05-05T14:28:57+00:00\",\"breadcrumb\":{\"@id\":\"https:\\\/\\\/www.lestalenslyriques.com\\\/en\\\/event\\\/bach-sans-frontieres-2\\\/#breadcrumb\"},\"inLanguage\":\"en-US\",\"potentialAction\":[{\"@type\":\"ReadAction\",\"target\":[\"https:\\\/\\\/www.lestalenslyriques.com\\\/en\\\/event\\\/bach-sans-frontieres-2\\\/\"]}]},{\"@type\":\"ImageObject\",\"inLanguage\":\"en-US\",\"@id\":\"https:\\\/\\\/www.lestalenslyriques.com\\\/en\\\/event\\\/bach-sans-frontieres-2\\\/#primaryimage\",\"url\":\"https:\\\/\\\/www.lestalenslyriques.com\\\/wp-content\\\/uploads\\\/2022\\\/05\\\/Valiquette\u00a9Bivouac-Studio-1-scaled.jpg\",\"contentUrl\":\"https:\\\/\\\/www.lestalenslyriques.com\\\/wp-content\\\/uploads\\\/2022\\\/05\\\/Valiquette\u00a9Bivouac-Studio-1-scaled.jpg\",\"width\":1706,\"height\":2560},{\"@type\":\"BreadcrumbList\",\"@id\":\"https:\\\/\\\/www.lestalenslyriques.com\\\/en\\\/event\\\/bach-sans-frontieres-2\\\/#breadcrumb\",\"itemListElement\":[{\"@type\":\"ListItem\",\"position\":1,\"name\":\"Accueil\",\"item\":\"https:\\\/\\\/www.lestalenslyriques.com\\\/en\\\/\"},{\"@type\":\"ListItem\",\"position\":2,\"name\":\"Calendar\",\"item\":\"https:\\\/\\\/www.lestalenslyriques.com\\\/en\\\/event\\\/\"},{\"@type\":\"ListItem\",\"position\":3,\"name\":\"Bach sans fronti\u00e8res\"}]},{\"@type\":\"WebSite\",\"@id\":\"https:\\\/\\\/www.lestalenslyriques.com\\\/en\\\/#website\",\"url\":\"https:\\\/\\\/www.lestalenslyriques.com\\\/en\\\/\",\"name\":\"Les Talens Lyriques\",\"description\":\"Christophe Rousset\",\"potentialAction\":[{\"@type\":\"SearchAction\",\"target\":{\"@type\":\"EntryPoint\",\"urlTemplate\":\"https:\\\/\\\/www.lestalenslyriques.com\\\/en\\\/?s={search_term_string}\"},\"query-input\":{\"@type\":\"PropertyValueSpecification\",\"valueRequired\":true,\"valueName\":\"search_term_string\"}}],\"inLanguage\":\"en-US\"}]}<\/script>\n<!-- \/ Yoast SEO plugin. -->","yoast_head_json":{"title":"Bach sans fronti\u00e8res | Les Talens Lyriques","robots":{"index":"index","follow":"follow","max-snippet":"max-snippet:-1","max-image-preview":"max-image-preview:large","max-video-preview":"max-video-preview:-1"},"canonical":"https:\/\/www.lestalenslyriques.com\/en\/event\/bach-sans-frontieres-2\/","og_locale":"en_US","og_type":"article","og_title":"Bach sans fronti\u00e8res | Les Talens Lyriques","og_description":"Johann Sebastian Bach (1685-1750) Suite for orchestra n\u00b02, BWV 1067 (ca 1738-1739) Non sa che sia dolore, BWV 209 \u2013 cantata (ca 1729) Fran\u00e7ois Couperin (1668-1733) Les Nations (1726) Sonade du troisi\u00e8me ordre \u00ab L\u2019Imp\u00e9riale \u00bb Passacaille du deuxi\u00e8me ordre \u00ab l\u2019Espagnole \u00bb Andr\u00e9 Campra (1660-1744) Les F\u00eates v\u00e9nitiennes (1710) \u2013 extract L\u2019Europe galante (1697) [&hellip;]","og_url":"https:\/\/www.lestalenslyriques.com\/en\/event\/bach-sans-frontieres-2\/","og_site_name":"Les Talens Lyriques","og_image":[{"width":1706,"height":2560,"url":"https:\/\/www.lestalenslyriques.com\/wp-content\/uploads\/2022\/05\/Valiquette\u00a9Bivouac-Studio-1-scaled.jpg","type":"image\/jpeg"}],"twitter_card":"summary_large_image","twitter_misc":{"Est. reading time":"1 minute"},"schema":{"@context":"https:\/\/schema.org","@graph":[{"@type":"WebPage","@id":"https:\/\/www.lestalenslyriques.com\/en\/event\/bach-sans-frontieres-2\/","url":"https:\/\/www.lestalenslyriques.com\/en\/event\/bach-sans-frontieres-2\/","name":"Bach sans fronti\u00e8res | Les Talens Lyriques","isPartOf":{"@id":"https:\/\/www.lestalenslyriques.com\/en\/#website"},"primaryImageOfPage":{"@id":"https:\/\/www.lestalenslyriques.com\/en\/event\/bach-sans-frontieres-2\/#primaryimage"},"image":{"@id":"https:\/\/www.lestalenslyriques.com\/en\/event\/bach-sans-frontieres-2\/#primaryimage"},"thumbnailUrl":"https:\/\/www.lestalenslyriques.com\/wp-content\/uploads\/2022\/05\/Valiquette\u00a9Bivouac-Studio-1-scaled.jpg","datePublished":"2022-05-05T14:28:57+00:00","breadcrumb":{"@id":"https:\/\/www.lestalenslyriques.com\/en\/event\/bach-sans-frontieres-2\/#breadcrumb"},"inLanguage":"en-US","potentialAction":[{"@type":"ReadAction","target":["https:\/\/www.lestalenslyriques.com\/en\/event\/bach-sans-frontieres-2\/"]}]},{"@type":"ImageObject","inLanguage":"en-US","@id":"https:\/\/www.lestalenslyriques.com\/en\/event\/bach-sans-frontieres-2\/#primaryimage","url":"https:\/\/www.lestalenslyriques.com\/wp-content\/uploads\/2022\/05\/Valiquette\u00a9Bivouac-Studio-1-scaled.jpg","contentUrl":"https:\/\/www.lestalenslyriques.com\/wp-content\/uploads\/2022\/05\/Valiquette\u00a9Bivouac-Studio-1-scaled.jpg","width":1706,"height":2560},{"@type":"BreadcrumbList","@id":"https:\/\/www.lestalenslyriques.com\/en\/event\/bach-sans-frontieres-2\/#breadcrumb","itemListElement":[{"@type":"ListItem","position":1,"name":"Accueil","item":"https:\/\/www.lestalenslyriques.com\/en\/"},{"@type":"ListItem","position":2,"name":"Calendar","item":"https:\/\/www.lestalenslyriques.com\/en\/event\/"},{"@type":"ListItem","position":3,"name":"Bach sans fronti\u00e8res"}]},{"@type":"WebSite","@id":"https:\/\/www.lestalenslyriques.com\/en\/#website","url":"https:\/\/www.lestalenslyriques.com\/en\/","name":"Les Talens Lyriques","description":"Christophe Rousset","potentialAction":[{"@type":"SearchAction","target":{"@type":"EntryPoint","urlTemplate":"https:\/\/www.lestalenslyriques.com\/en\/?s={search_term_string}"},"query-input":{"@type":"PropertyValueSpecification","valueRequired":true,"valueName":"search_term_string"}}],"inLanguage":"en-US"}]}},"_links":{"self":[{"href":"https:\/\/www.lestalenslyriques.com\/en\/wp-json\/wp\/v2\/event\/3717","targetHints":{"allow":["GET"]}}],"collection":[{"href":"https:\/\/www.lestalenslyriques.com\/en\/wp-json\/wp\/v2\/event"}],"about":[{"href":"https:\/\/www.lestalenslyriques.com\/en\/wp-json\/wp\/v2\/types\/event"}],"wp:featuredmedia":[{"embeddable":true,"href":"https:\/\/www.lestalenslyriques.com\/en\/wp-json\/wp\/v2\/media\/3711"}],"wp:attachment":[{"href":"https:\/\/www.lestalenslyriques.com\/en\/wp-json\/wp\/v2\/media?parent=3717"}],"wp:term":[{"taxonomy":"event-type","embeddable":true,"href":"https:\/\/www.lestalenslyriques.com\/en\/wp-json\/wp\/v2\/event-type?post=3717"},{"taxonomy":"event-saison","embeddable":true,"href":"https:\/\/www.lestalenslyriques.com\/en\/wp-json\/wp\/v2\/event-saison?post=3717"}],"curies":[{"name":"wp","href":"https:\/\/api.w.org\/{rel}","templated":true}]}}

Bach sans frontières

<div class="page" title="Page 37">
<div class="layoutArea">
<div class="column">
<p><strong>Johann Sebastian Bach (1685-1750)</strong><br />
<em>Suite for orchestra n°2</em>, BWV 1067 (ca 1738-1739) Non sa che sia dolore, BWV 209 – cantata (ca 1729)</p>
<p><strong>François Couperin (1668-1733)</strong><br />
<em>Les Nations</em> (1726)<br />
Sonade du troisième ordre « L’Impériale » Passacaille du deuxième ordre « l’Espagnole »</p>
<p><strong>André Campra (1660-1744)</strong><br />
<em>Les Fêtes vénitiennes</em> (1710) – extract<br />
<em>L’Europe galante</em> (1697) – extract</p>
<p><strong>Giovanni Battista Pergolesi (1710-1736)</strong><br />
<em>Orfeo</em>, P.115 – cantata (ca 1735)</p>
<p><strong>Florie Valiquette</strong> Soprano<br />
<strong>Les Talens Lyriques</strong><br />
<strong>Christophe Rousset</strong> Direction and harpsichord</p>
</div>
</div>
</div>

<!-- This site is optimized with the Yoast SEO plugin v27.5 - https://yoast.com/product/yoast-seo-wordpress/ -->
<title>Bach sans frontières | Les Talens Lyriques</title>
<meta name="robots" content="index, follow, max-snippet:-1, max-image-preview:large, max-video-preview:-1" />
<link rel="canonical" href="https://www.lestalenslyriques.com/en/event/bach-sans-frontieres-2/" />
<meta property="og:locale" content="en_US" />
<meta property="og:type" content="article" />
<meta property="og:title" content="Bach sans frontières | Les Talens Lyriques" />
<meta property="og:description" content="Johann Sebastian Bach (1685-1750) Suite for orchestra n°2, BWV 1067 (ca 1738-1739) Non sa che sia dolore, BWV 209 – cantata (ca 1729) François Couperin (1668-1733) Les Nations (1726) Sonade du troisième ordre « L’Impériale » Passacaille du deuxième ordre « l’Espagnole » André Campra (1660-1744) Les Fêtes vénitiennes (1710) – extract L’Europe galante (1697) [&hellip;]" />
<meta property="og:url" content="https://www.lestalenslyriques.com/en/event/bach-sans-frontieres-2/" />
<meta property="og:site_name" content="Les Talens Lyriques" />
<meta property="og:image" content="https://www.lestalenslyriques.com/wp-content/uploads/2022/05/Valiquette©Bivouac-Studio-1-scaled.jpg" />
	<meta property="og:image:width" content="1706" />
	<meta property="og:image:height" content="2560" />
	<meta property="og:image:type" content="image/jpeg" />
<meta name="twitter:card" content="summary_large_image" />
<meta name="twitter:label1" content="Est. reading time" />
	<meta name="twitter:data1" content="1 minute" />
<script type="application/ld+json" class="yoast-schema-graph">{"@context":"https:\/\/schema.org","@graph":[{"@type":"WebPage","@id":"https:\/\/www.lestalenslyriques.com\/en\/event\/bach-sans-frontieres-2\/","url":"https:\/\/www.lestalenslyriques.com\/en\/event\/bach-sans-frontieres-2\/","name":"Bach sans frontières | Les Talens Lyriques","isPartOf":{"@id":"https:\/\/www.lestalenslyriques.com\/en\/#website"},"primaryImageOfPage":{"@id":"https:\/\/www.lestalenslyriques.com\/en\/event\/bach-sans-frontieres-2\/#primaryimage"},"image":{"@id":"https:\/\/www.lestalenslyriques.com\/en\/event\/bach-sans-frontieres-2\/#primaryimage"},"thumbnailUrl":"https:\/\/www.lestalenslyriques.com\/wp-content\/uploads\/2022\/05\/Valiquette©Bivouac-Studio-1-scaled.jpg","datePublished":"2022-05-05T14:28:57+00:00","breadcrumb":{"@id":"https:\/\/www.lestalenslyriques.com\/en\/event\/bach-sans-frontieres-2\/#breadcrumb"},"inLanguage":"en-US","potentialAction":[{"@type":"ReadAction","target":["https:\/\/www.lestalenslyriques.com\/en\/event\/bach-sans-frontieres-2\/"]}]},{"@type":"ImageObject","inLanguage":"en-US","@id":"https:\/\/www.lestalenslyriques.com\/en\/event\/bach-sans-frontieres-2\/#primaryimage","url":"https:\/\/www.lestalenslyriques.com\/wp-content\/uploads\/2022\/05\/Valiquette©Bivouac-Studio-1-scaled.jpg","contentUrl":"https:\/\/www.lestalenslyriques.com\/wp-content\/uploads\/2022\/05\/Valiquette©Bivouac-Studio-1-scaled.jpg","width":1706,"height":2560},{"@type":"BreadcrumbList","@id":"https:\/\/www.lestalenslyriques.com\/en\/event\/bach-sans-frontieres-2\/#breadcrumb","itemListElement":[{"@type":"ListItem","position":1,"name":"Accueil","item":"https:\/\/www.lestalenslyriques.com\/en\/"},{"@type":"ListItem","position":2,"name":"Calendar","item":"https:\/\/www.lestalenslyriques.com\/en\/event\/"},{"@type":"ListItem","position":3,"name":"Bach sans frontières"}]},{"@type":"WebSite","@id":"https:\/\/www.lestalenslyriques.com\/en\/#website","url":"https:\/\/www.lestalenslyriques.com\/en\/","name":"Les Talens Lyriques","description":"Christophe Rousset","potentialAction":[{"@type":"SearchAction","target":{"@type":"EntryPoint","urlTemplate":"https:\/\/www.lestalenslyriques.com\/en\/?s={search_term_string}"},"query-input":{"@type":"PropertyValueSpecification","valueRequired":true,"valueName":"search_term_string"}}],"inLanguage":"en-US"}]}</script>
<!-- / Yoast SEO plugin. -->

Bach sans frontières | Les Talens Lyriques

Johann Sebastian Bach (1685-1750) Suite for orchestra n°2, BWV 1067 (ca 1738-1739) Non sa che sia dolore, BWV 209 – cantata (ca 1729) François Couperin (1668-1733) Les Nations (1726) Sonade du troisième ordre « L’Impériale » Passacaille du deuxième ordre « l’Espagnole » André Campra (1660-1744) Les Fêtes vénitiennes (1710) – extract L’Europe galante (1697) [&hellip;]
