{"id":3494,"date":"2021-07-27T15:43:39","date_gmt":"2021-07-27T13:43:39","guid":{"rendered":"https:\/\/www.lestalenslyriques.com\/?post_type=event&#038;p=3494"},"modified":"2022-06-30T15:28:27","modified_gmt":"2022-06-30T13:28:27","slug":"conversations-galantes","status":"publish","type":"event","link":"https:\/\/www.lestalenslyriques.com\/en\/event\/conversations-galantes\/","title":{"rendered":"Conversations Galantes"},"content":{"rendered":"<div class=\"page\" title=\"Page 57\">\n<div class=\"layoutArea\">\n<div class=\"column\">\n<p><strong>Georg Philipp Telemann (1681-1767)<\/strong><br \/>\nQuatuor in B minor, TWV 43:h2 (1738)<\/p>\n<p><strong>Johann Sebastian Bach (1685-1750)<\/strong><br \/>\n<em>Musikalisches Opfer<\/em> (Musical offering), BWV 1079 (1747)<br \/>\n\u00ab Sonata sopr\u2019il soggetto reale a traversa, violino e continuo \u00bb<\/p>\n<p><strong>Fran\u00e7ois Couperin (1668-1733)<\/strong><br \/>\n<em>Les Nations<\/em> (1726), Premier ordre \u00ab La Fran\u00e7oise \u00bb \u2013 extracts<\/p>\n<p><strong>Jean-Marie Leclair (1697-1764)<\/strong><br \/>\nDeuxi\u00e8me r\u00e9cr\u00e9ation de musique, op.6 (1736) \u2013 extracts<\/p>\n<p><strong>Les Talens Lyriques<\/strong><br \/>\n<strong>Christophe Rousset<\/strong> Direction<\/p>\n<\/div>\n<\/div>\n<\/div>\n","protected":false},"featured_media":3527,"template":"","event-type":[275],"event-saison":[294],"class_list":["post-3494","event","type-event","status-publish","has-post-thumbnail","hentry","event-type-musique-instrumentale-en","event-saison-season-2021-2022"],"acf":[],"yoast_head":"<!-- This site is optimized with the Yoast SEO plugin v27.5 - https:\/\/yoast.com\/product\/yoast-seo-wordpress\/ -->\n<title>Conversations Galantes | Les Talens Lyriques<\/title>\n<meta name=\"robots\" content=\"index, follow, max-snippet:-1, max-image-preview:large, max-video-preview:-1\" \/>\n<link rel=\"canonical\" href=\"https:\/\/www.lestalenslyriques.com\/en\/event\/conversations-galantes\/\" \/>\n<meta property=\"og:locale\" content=\"en_US\" \/>\n<meta property=\"og:type\" content=\"article\" \/>\n<meta property=\"og:title\" content=\"Conversations Galantes | Les Talens Lyriques\" \/>\n<meta property=\"og:description\" content=\"Georg Philipp Telemann (1681-1767) Quatuor in B minor, TWV 43:h2 (1738) Johann Sebastian Bach (1685-1750) Musikalisches Opfer (Musical offering), BWV 1079 (1747) \u00ab Sonata sopr\u2019il soggetto reale a traversa, violino e continuo \u00bb Fran\u00e7ois Couperin (1668-1733) Les Nations (1726), Premier ordre \u00ab La Fran\u00e7oise \u00bb \u2013 extracts Jean-Marie Leclair (1697-1764) Deuxi\u00e8me r\u00e9cr\u00e9ation de musique, op.6 [&hellip;]\" \/>\n<meta property=\"og:url\" content=\"https:\/\/www.lestalenslyriques.com\/en\/event\/conversations-galantes\/\" \/>\n<meta property=\"og:site_name\" content=\"Les Talens Lyriques\" \/>\n<meta property=\"article:modified_time\" content=\"2022-06-30T13:28:27+00:00\" \/>\n<meta property=\"og:image\" content=\"https:\/\/www.lestalenslyriques.com\/wp-content\/uploads\/2021\/07\/Sans-titre-28-1024x1024.png\" \/>\n\t<meta property=\"og:image:width\" content=\"1024\" \/>\n\t<meta property=\"og:image:height\" content=\"1024\" \/>\n\t<meta property=\"og:image:type\" content=\"image\/png\" \/>\n<meta name=\"twitter:card\" content=\"summary_large_image\" \/>\n<meta name=\"twitter:label1\" content=\"Est. reading time\" \/>\n\t<meta name=\"twitter:data1\" content=\"1 minute\" \/>\n<script type=\"application\/ld+json\" class=\"yoast-schema-graph\">{\"@context\":\"https:\\\/\\\/schema.org\",\"@graph\":[{\"@type\":\"WebPage\",\"@id\":\"https:\\\/\\\/www.lestalenslyriques.com\\\/en\\\/event\\\/conversations-galantes\\\/\",\"url\":\"https:\\\/\\\/www.lestalenslyriques.com\\\/en\\\/event\\\/conversations-galantes\\\/\",\"name\":\"Conversations Galantes | Les Talens Lyriques\",\"isPartOf\":{\"@id\":\"https:\\\/\\\/www.lestalenslyriques.com\\\/en\\\/#website\"},\"primaryImageOfPage\":{\"@id\":\"https:\\\/\\\/www.lestalenslyriques.com\\\/en\\\/event\\\/conversations-galantes\\\/#primaryimage\"},\"image\":{\"@id\":\"https:\\\/\\\/www.lestalenslyriques.com\\\/en\\\/event\\\/conversations-galantes\\\/#primaryimage\"},\"thumbnailUrl\":\"https:\\\/\\\/www.lestalenslyriques.com\\\/wp-content\\\/uploads\\\/2021\\\/07\\\/Sans-titre-28.png\",\"datePublished\":\"2021-07-27T13:43:39+00:00\",\"dateModified\":\"2022-06-30T13:28:27+00:00\",\"breadcrumb\":{\"@id\":\"https:\\\/\\\/www.lestalenslyriques.com\\\/en\\\/event\\\/conversations-galantes\\\/#breadcrumb\"},\"inLanguage\":\"en-US\",\"potentialAction\":[{\"@type\":\"ReadAction\",\"target\":[\"https:\\\/\\\/www.lestalenslyriques.com\\\/en\\\/event\\\/conversations-galantes\\\/\"]}]},{\"@type\":\"ImageObject\",\"inLanguage\":\"en-US\",\"@id\":\"https:\\\/\\\/www.lestalenslyriques.com\\\/en\\\/event\\\/conversations-galantes\\\/#primaryimage\",\"url\":\"https:\\\/\\\/www.lestalenslyriques.com\\\/wp-content\\\/uploads\\\/2021\\\/07\\\/Sans-titre-28.png\",\"contentUrl\":\"https:\\\/\\\/www.lestalenslyriques.com\\\/wp-content\\\/uploads\\\/2021\\\/07\\\/Sans-titre-28.png\",\"width\":4167,\"height\":4167},{\"@type\":\"BreadcrumbList\",\"@id\":\"https:\\\/\\\/www.lestalenslyriques.com\\\/en\\\/event\\\/conversations-galantes\\\/#breadcrumb\",\"itemListElement\":[{\"@type\":\"ListItem\",\"position\":1,\"name\":\"Accueil\",\"item\":\"https:\\\/\\\/www.lestalenslyriques.com\\\/en\\\/\"},{\"@type\":\"ListItem\",\"position\":2,\"name\":\"Calendar\",\"item\":\"https:\\\/\\\/www.lestalenslyriques.com\\\/en\\\/event\\\/\"},{\"@type\":\"ListItem\",\"position\":3,\"name\":\"Conversations Galantes\"}]},{\"@type\":\"WebSite\",\"@id\":\"https:\\\/\\\/www.lestalenslyriques.com\\\/en\\\/#website\",\"url\":\"https:\\\/\\\/www.lestalenslyriques.com\\\/en\\\/\",\"name\":\"Les Talens Lyriques\",\"description\":\"Christophe Rousset\",\"potentialAction\":[{\"@type\":\"SearchAction\",\"target\":{\"@type\":\"EntryPoint\",\"urlTemplate\":\"https:\\\/\\\/www.lestalenslyriques.com\\\/en\\\/?s={search_term_string}\"},\"query-input\":{\"@type\":\"PropertyValueSpecification\",\"valueRequired\":true,\"valueName\":\"search_term_string\"}}],\"inLanguage\":\"en-US\"}]}<\/script>\n<!-- \/ Yoast SEO plugin. -->","yoast_head_json":{"title":"Conversations Galantes | Les Talens Lyriques","robots":{"index":"index","follow":"follow","max-snippet":"max-snippet:-1","max-image-preview":"max-image-preview:large","max-video-preview":"max-video-preview:-1"},"canonical":"https:\/\/www.lestalenslyriques.com\/en\/event\/conversations-galantes\/","og_locale":"en_US","og_type":"article","og_title":"Conversations Galantes | Les Talens Lyriques","og_description":"Georg Philipp Telemann (1681-1767) Quatuor in B minor, TWV 43:h2 (1738) Johann Sebastian Bach (1685-1750) Musikalisches Opfer (Musical offering), BWV 1079 (1747) \u00ab Sonata sopr\u2019il soggetto reale a traversa, violino e continuo \u00bb Fran\u00e7ois Couperin (1668-1733) Les Nations (1726), Premier ordre \u00ab La Fran\u00e7oise \u00bb \u2013 extracts Jean-Marie Leclair (1697-1764) Deuxi\u00e8me r\u00e9cr\u00e9ation de musique, op.6 [&hellip;]","og_url":"https:\/\/www.lestalenslyriques.com\/en\/event\/conversations-galantes\/","og_site_name":"Les Talens Lyriques","article_modified_time":"2022-06-30T13:28:27+00:00","og_image":[{"width":1024,"height":1024,"url":"https:\/\/www.lestalenslyriques.com\/wp-content\/uploads\/2021\/07\/Sans-titre-28-1024x1024.png","type":"image\/png"}],"twitter_card":"summary_large_image","twitter_misc":{"Est. reading time":"1 minute"},"schema":{"@context":"https:\/\/schema.org","@graph":[{"@type":"WebPage","@id":"https:\/\/www.lestalenslyriques.com\/en\/event\/conversations-galantes\/","url":"https:\/\/www.lestalenslyriques.com\/en\/event\/conversations-galantes\/","name":"Conversations Galantes | Les Talens Lyriques","isPartOf":{"@id":"https:\/\/www.lestalenslyriques.com\/en\/#website"},"primaryImageOfPage":{"@id":"https:\/\/www.lestalenslyriques.com\/en\/event\/conversations-galantes\/#primaryimage"},"image":{"@id":"https:\/\/www.lestalenslyriques.com\/en\/event\/conversations-galantes\/#primaryimage"},"thumbnailUrl":"https:\/\/www.lestalenslyriques.com\/wp-content\/uploads\/2021\/07\/Sans-titre-28.png","datePublished":"2021-07-27T13:43:39+00:00","dateModified":"2022-06-30T13:28:27+00:00","breadcrumb":{"@id":"https:\/\/www.lestalenslyriques.com\/en\/event\/conversations-galantes\/#breadcrumb"},"inLanguage":"en-US","potentialAction":[{"@type":"ReadAction","target":["https:\/\/www.lestalenslyriques.com\/en\/event\/conversations-galantes\/"]}]},{"@type":"ImageObject","inLanguage":"en-US","@id":"https:\/\/www.lestalenslyriques.com\/en\/event\/conversations-galantes\/#primaryimage","url":"https:\/\/www.lestalenslyriques.com\/wp-content\/uploads\/2021\/07\/Sans-titre-28.png","contentUrl":"https:\/\/www.lestalenslyriques.com\/wp-content\/uploads\/2021\/07\/Sans-titre-28.png","width":4167,"height":4167},{"@type":"BreadcrumbList","@id":"https:\/\/www.lestalenslyriques.com\/en\/event\/conversations-galantes\/#breadcrumb","itemListElement":[{"@type":"ListItem","position":1,"name":"Accueil","item":"https:\/\/www.lestalenslyriques.com\/en\/"},{"@type":"ListItem","position":2,"name":"Calendar","item":"https:\/\/www.lestalenslyriques.com\/en\/event\/"},{"@type":"ListItem","position":3,"name":"Conversations Galantes"}]},{"@type":"WebSite","@id":"https:\/\/www.lestalenslyriques.com\/en\/#website","url":"https:\/\/www.lestalenslyriques.com\/en\/","name":"Les Talens Lyriques","description":"Christophe Rousset","potentialAction":[{"@type":"SearchAction","target":{"@type":"EntryPoint","urlTemplate":"https:\/\/www.lestalenslyriques.com\/en\/?s={search_term_string}"},"query-input":{"@type":"PropertyValueSpecification","valueRequired":true,"valueName":"search_term_string"}}],"inLanguage":"en-US"}]}},"_links":{"self":[{"href":"https:\/\/www.lestalenslyriques.com\/en\/wp-json\/wp\/v2\/event\/3494","targetHints":{"allow":["GET"]}}],"collection":[{"href":"https:\/\/www.lestalenslyriques.com\/en\/wp-json\/wp\/v2\/event"}],"about":[{"href":"https:\/\/www.lestalenslyriques.com\/en\/wp-json\/wp\/v2\/types\/event"}],"wp:featuredmedia":[{"embeddable":true,"href":"https:\/\/www.lestalenslyriques.com\/en\/wp-json\/wp\/v2\/media\/3527"}],"wp:attachment":[{"href":"https:\/\/www.lestalenslyriques.com\/en\/wp-json\/wp\/v2\/media?parent=3494"}],"wp:term":[{"taxonomy":"event-type","embeddable":true,"href":"https:\/\/www.lestalenslyriques.com\/en\/wp-json\/wp\/v2\/event-type?post=3494"},{"taxonomy":"event-saison","embeddable":true,"href":"https:\/\/www.lestalenslyriques.com\/en\/wp-json\/wp\/v2\/event-saison?post=3494"}],"curies":[{"name":"wp","href":"https:\/\/api.w.org\/{rel}","templated":true}]}}

<div class="page" title="Page 57">
<div class="layoutArea">
<div class="column">
<p><strong>Georg Philipp Telemann (1681-1767)</strong><br />
Quatuor in B minor, TWV 43:h2 (1738)</p>
<p><strong>Johann Sebastian Bach (1685-1750)</strong><br />
<em>Musikalisches Opfer</em> (Musical offering), BWV 1079 (1747)<br />
« Sonata sopr’il soggetto reale a traversa, violino e continuo »</p>
<p><strong>François Couperin (1668-1733)</strong><br />
<em>Les Nations</em> (1726), Premier ordre « La Françoise » – extracts</p>
<p><strong>Jean-Marie Leclair (1697-1764)</strong><br />
Deuxième récréation de musique, op.6 (1736) – extracts</p>
<p><strong>Les Talens Lyriques</strong><br />
<strong>Christophe Rousset</strong> Direction</p>
</div>
</div>
</div>

<!-- This site is optimized with the Yoast SEO plugin v27.5 - https://yoast.com/product/yoast-seo-wordpress/ -->
<title>Conversations Galantes | Les Talens Lyriques</title>
<meta name="robots" content="index, follow, max-snippet:-1, max-image-preview:large, max-video-preview:-1" />
<link rel="canonical" href="https://www.lestalenslyriques.com/en/event/conversations-galantes/" />
<meta property="og:locale" content="en_US" />
<meta property="og:type" content="article" />
<meta property="og:title" content="Conversations Galantes | Les Talens Lyriques" />
<meta property="og:description" content="Georg Philipp Telemann (1681-1767) Quatuor in B minor, TWV 43:h2 (1738) Johann Sebastian Bach (1685-1750) Musikalisches Opfer (Musical offering), BWV 1079 (1747) « Sonata sopr’il soggetto reale a traversa, violino e continuo » François Couperin (1668-1733) Les Nations (1726), Premier ordre « La Françoise » – extracts Jean-Marie Leclair (1697-1764) Deuxième récréation de musique, op.6 [&hellip;]" />
<meta property="og:url" content="https://www.lestalenslyriques.com/en/event/conversations-galantes/" />
<meta property="og:site_name" content="Les Talens Lyriques" />
<meta property="article:modified_time" content="2022-06-30T13:28:27+00:00" />
<meta property="og:image" content="https://www.lestalenslyriques.com/wp-content/uploads/2021/07/Sans-titre-28-1024x1024.png" />
	<meta property="og:image:width" content="1024" />
	<meta property="og:image:height" content="1024" />
	<meta property="og:image:type" content="image/png" />
<meta name="twitter:card" content="summary_large_image" />
<meta name="twitter:label1" content="Est. reading time" />
	<meta name="twitter:data1" content="1 minute" />
<script type="application/ld+json" class="yoast-schema-graph">{"@context":"https:\/\/schema.org","@graph":[{"@type":"WebPage","@id":"https:\/\/www.lestalenslyriques.com\/en\/event\/conversations-galantes\/","url":"https:\/\/www.lestalenslyriques.com\/en\/event\/conversations-galantes\/","name":"Conversations Galantes | Les Talens Lyriques","isPartOf":{"@id":"https:\/\/www.lestalenslyriques.com\/en\/#website"},"primaryImageOfPage":{"@id":"https:\/\/www.lestalenslyriques.com\/en\/event\/conversations-galantes\/#primaryimage"},"image":{"@id":"https:\/\/www.lestalenslyriques.com\/en\/event\/conversations-galantes\/#primaryimage"},"thumbnailUrl":"https:\/\/www.lestalenslyriques.com\/wp-content\/uploads\/2021\/07\/Sans-titre-28.png","datePublished":"2021-07-27T13:43:39+00:00","dateModified":"2022-06-30T13:28:27+00:00","breadcrumb":{"@id":"https:\/\/www.lestalenslyriques.com\/en\/event\/conversations-galantes\/#breadcrumb"},"inLanguage":"en-US","potentialAction":[{"@type":"ReadAction","target":["https:\/\/www.lestalenslyriques.com\/en\/event\/conversations-galantes\/"]}]},{"@type":"ImageObject","inLanguage":"en-US","@id":"https:\/\/www.lestalenslyriques.com\/en\/event\/conversations-galantes\/#primaryimage","url":"https:\/\/www.lestalenslyriques.com\/wp-content\/uploads\/2021\/07\/Sans-titre-28.png","contentUrl":"https:\/\/www.lestalenslyriques.com\/wp-content\/uploads\/2021\/07\/Sans-titre-28.png","width":4167,"height":4167},{"@type":"BreadcrumbList","@id":"https:\/\/www.lestalenslyriques.com\/en\/event\/conversations-galantes\/#breadcrumb","itemListElement":[{"@type":"ListItem","position":1,"name":"Accueil","item":"https:\/\/www.lestalenslyriques.com\/en\/"},{"@type":"ListItem","position":2,"name":"Calendar","item":"https:\/\/www.lestalenslyriques.com\/en\/event\/"},{"@type":"ListItem","position":3,"name":"Conversations Galantes"}]},{"@type":"WebSite","@id":"https:\/\/www.lestalenslyriques.com\/en\/#website","url":"https:\/\/www.lestalenslyriques.com\/en\/","name":"Les Talens Lyriques","description":"Christophe Rousset","potentialAction":[{"@type":"SearchAction","target":{"@type":"EntryPoint","urlTemplate":"https:\/\/www.lestalenslyriques.com\/en\/?s={search_term_string}"},"query-input":{"@type":"PropertyValueSpecification","valueRequired":true,"valueName":"search_term_string"}}],"inLanguage":"en-US"}]}</script>
<!-- / Yoast SEO plugin. -->

Georg Philipp Telemann (1681-1767) Quatuor in B minor, TWV 43:h2 (1738) Johann Sebastian Bach (1685-1750) Musikalisches Opfer (Musical offering), BWV 1079 (1747) « Sonata sopr’il soggetto reale a traversa, violino e continuo » François Couperin (1668-1733) Les Nations (1726), Premier ordre « La Françoise » – extracts Jean-Marie Leclair (1697-1764) Deuxième récréation de musique, op.6 [&hellip;]
