{"id":2229,"date":"2020-06-26T13:46:52","date_gmt":"2020-06-26T11:46:52","guid":{"rendered":"https:\/\/www.lestalenslyriques.com\/?post_type=event&#038;p=2229"},"modified":"2020-08-04T17:47:18","modified_gmt":"2020-08-04T15:47:18","slug":"les-nations-2","status":"publish","type":"event","link":"https:\/\/www.lestalenslyriques.com\/en\/event\/les-nations-2\/","title":{"rendered":"Les Nations"},"content":{"rendered":"<div class=\"content\">\n<p><strong>Fran\u00e7ois Couperin (1668-1733)<br \/>\n<\/strong><em>Les Nations <\/em>(1726)<em> \u2013 Sonates et suites de symphonies en trio<\/em><\/p>\n<p>Premier Ordre : La Fran\u00e7aise<br \/>\nSecond Ordre : L\u2019Espagnole<br \/>\nTroisi\u00e8me Ordre : L\u2019Imp\u00e9riale<br \/>\nQuatri\u00e8me Ordre : La Pi\u00e9montaise<\/p>\n<p>&nbsp;<\/p>\n<p><strong>Les Talens Lyriques<\/strong> :<\/p>\n<p>Violins : <strong>Gilone Gaubert, Gabriel Grosbard<\/strong><br \/>\ntransverse flutes : <strong>Jocelyn Daubigney, Stefanie Troffaes<\/strong><br \/>\nOboes : <strong>Gilles Vanssons, Josep Domenech<\/strong><br \/>\nBassoon : <strong>Eyal Streett<\/strong><br \/>\nViola da gamba : <strong>Atsushi Saka\u00ef<\/strong><br \/>\nTheorbo : <strong>Laura M\u00f3nica Pustilnik<\/strong><br \/>\nHarpsichord and musical direction : <strong>Christophe Rousset<\/strong><\/p>\n<\/div>\n","protected":false},"featured_media":2323,"template":"","event-type":[275],"event-saison":[193],"class_list":["post-2229","event","type-event","status-publish","has-post-thumbnail","hentry","event-type-musique-instrumentale-en","event-saison-season-2020-2021"],"acf":[],"yoast_head":"<!-- This site is optimized with the Yoast SEO plugin v27.5 - https:\/\/yoast.com\/product\/yoast-seo-wordpress\/ -->\n<title>Les Nations | Les Talens Lyriques<\/title>\n<meta name=\"robots\" content=\"index, follow, max-snippet:-1, max-image-preview:large, max-video-preview:-1\" \/>\n<link rel=\"canonical\" href=\"https:\/\/www.lestalenslyriques.com\/en\/event\/les-nations-2\/\" \/>\n<meta property=\"og:locale\" content=\"en_US\" \/>\n<meta property=\"og:type\" content=\"article\" \/>\n<meta property=\"og:title\" content=\"Les Nations | Les Talens Lyriques\" \/>\n<meta property=\"og:description\" content=\"Fran\u00e7ois Couperin (1668-1733) Les Nations (1726) \u2013 Sonates et suites de symphonies en trio Premier Ordre : La Fran\u00e7aise Second Ordre : L\u2019Espagnole Troisi\u00e8me Ordre : L\u2019Imp\u00e9riale Quatri\u00e8me Ordre : La Pi\u00e9montaise &nbsp; Les Talens Lyriques : Violins : Gilone Gaubert, Gabriel Grosbard transverse flutes : Jocelyn Daubigney, Stefanie Troffaes Oboes : Gilles Vanssons, Josep [&hellip;]\" \/>\n<meta property=\"og:url\" content=\"https:\/\/www.lestalenslyriques.com\/en\/event\/les-nations-2\/\" \/>\n<meta property=\"og:site_name\" content=\"Les Talens Lyriques\" \/>\n<meta property=\"article:modified_time\" content=\"2020-08-04T15:47:18+00:00\" \/>\n<meta property=\"og:image\" content=\"https:\/\/www.lestalenslyriques.com\/wp-content\/uploads\/2020\/06\/Les-Nations-1024x1024.jpg\" \/>\n\t<meta property=\"og:image:width\" content=\"1024\" \/>\n\t<meta property=\"og:image:height\" content=\"1024\" \/>\n\t<meta property=\"og:image:type\" content=\"image\/jpeg\" \/>\n<meta name=\"twitter:card\" content=\"summary_large_image\" \/>\n<script type=\"application\/ld+json\" class=\"yoast-schema-graph\">{\"@context\":\"https:\\\/\\\/schema.org\",\"@graph\":[{\"@type\":\"WebPage\",\"@id\":\"https:\\\/\\\/www.lestalenslyriques.com\\\/en\\\/event\\\/les-nations-2\\\/\",\"url\":\"https:\\\/\\\/www.lestalenslyriques.com\\\/en\\\/event\\\/les-nations-2\\\/\",\"name\":\"Les Nations | Les Talens Lyriques\",\"isPartOf\":{\"@id\":\"https:\\\/\\\/www.lestalenslyriques.com\\\/en\\\/#website\"},\"primaryImageOfPage\":{\"@id\":\"https:\\\/\\\/www.lestalenslyriques.com\\\/en\\\/event\\\/les-nations-2\\\/#primaryimage\"},\"image\":{\"@id\":\"https:\\\/\\\/www.lestalenslyriques.com\\\/en\\\/event\\\/les-nations-2\\\/#primaryimage\"},\"thumbnailUrl\":\"https:\\\/\\\/www.lestalenslyriques.com\\\/wp-content\\\/uploads\\\/2020\\\/06\\\/Les-Nations.jpg\",\"datePublished\":\"2020-06-26T11:46:52+00:00\",\"dateModified\":\"2020-08-04T15:47:18+00:00\",\"breadcrumb\":{\"@id\":\"https:\\\/\\\/www.lestalenslyriques.com\\\/en\\\/event\\\/les-nations-2\\\/#breadcrumb\"},\"inLanguage\":\"en-US\",\"potentialAction\":[{\"@type\":\"ReadAction\",\"target\":[\"https:\\\/\\\/www.lestalenslyriques.com\\\/en\\\/event\\\/les-nations-2\\\/\"]}]},{\"@type\":\"ImageObject\",\"inLanguage\":\"en-US\",\"@id\":\"https:\\\/\\\/www.lestalenslyriques.com\\\/en\\\/event\\\/les-nations-2\\\/#primaryimage\",\"url\":\"https:\\\/\\\/www.lestalenslyriques.com\\\/wp-content\\\/uploads\\\/2020\\\/06\\\/Les-Nations.jpg\",\"contentUrl\":\"https:\\\/\\\/www.lestalenslyriques.com\\\/wp-content\\\/uploads\\\/2020\\\/06\\\/Les-Nations.jpg\",\"width\":2560,\"height\":2560},{\"@type\":\"BreadcrumbList\",\"@id\":\"https:\\\/\\\/www.lestalenslyriques.com\\\/en\\\/event\\\/les-nations-2\\\/#breadcrumb\",\"itemListElement\":[{\"@type\":\"ListItem\",\"position\":1,\"name\":\"Accueil\",\"item\":\"https:\\\/\\\/www.lestalenslyriques.com\\\/en\\\/\"},{\"@type\":\"ListItem\",\"position\":2,\"name\":\"Calendar\",\"item\":\"https:\\\/\\\/www.lestalenslyriques.com\\\/en\\\/event\\\/\"},{\"@type\":\"ListItem\",\"position\":3,\"name\":\"Les Nations\"}]},{\"@type\":\"WebSite\",\"@id\":\"https:\\\/\\\/www.lestalenslyriques.com\\\/en\\\/#website\",\"url\":\"https:\\\/\\\/www.lestalenslyriques.com\\\/en\\\/\",\"name\":\"Les Talens Lyriques\",\"description\":\"Christophe Rousset\",\"potentialAction\":[{\"@type\":\"SearchAction\",\"target\":{\"@type\":\"EntryPoint\",\"urlTemplate\":\"https:\\\/\\\/www.lestalenslyriques.com\\\/en\\\/?s={search_term_string}\"},\"query-input\":{\"@type\":\"PropertyValueSpecification\",\"valueRequired\":true,\"valueName\":\"search_term_string\"}}],\"inLanguage\":\"en-US\"}]}<\/script>\n<!-- \/ Yoast SEO plugin. -->","yoast_head_json":{"title":"Les Nations | Les Talens Lyriques","robots":{"index":"index","follow":"follow","max-snippet":"max-snippet:-1","max-image-preview":"max-image-preview:large","max-video-preview":"max-video-preview:-1"},"canonical":"https:\/\/www.lestalenslyriques.com\/en\/event\/les-nations-2\/","og_locale":"en_US","og_type":"article","og_title":"Les Nations | Les Talens Lyriques","og_description":"Fran\u00e7ois Couperin (1668-1733) Les Nations (1726) \u2013 Sonates et suites de symphonies en trio Premier Ordre : La Fran\u00e7aise Second Ordre : L\u2019Espagnole Troisi\u00e8me Ordre : L\u2019Imp\u00e9riale Quatri\u00e8me Ordre : La Pi\u00e9montaise &nbsp; Les Talens Lyriques : Violins : Gilone Gaubert, Gabriel Grosbard transverse flutes : Jocelyn Daubigney, Stefanie Troffaes Oboes : Gilles Vanssons, Josep [&hellip;]","og_url":"https:\/\/www.lestalenslyriques.com\/en\/event\/les-nations-2\/","og_site_name":"Les Talens Lyriques","article_modified_time":"2020-08-04T15:47:18+00:00","og_image":[{"width":1024,"height":1024,"url":"https:\/\/www.lestalenslyriques.com\/wp-content\/uploads\/2020\/06\/Les-Nations-1024x1024.jpg","type":"image\/jpeg"}],"twitter_card":"summary_large_image","schema":{"@context":"https:\/\/schema.org","@graph":[{"@type":"WebPage","@id":"https:\/\/www.lestalenslyriques.com\/en\/event\/les-nations-2\/","url":"https:\/\/www.lestalenslyriques.com\/en\/event\/les-nations-2\/","name":"Les Nations | Les Talens Lyriques","isPartOf":{"@id":"https:\/\/www.lestalenslyriques.com\/en\/#website"},"primaryImageOfPage":{"@id":"https:\/\/www.lestalenslyriques.com\/en\/event\/les-nations-2\/#primaryimage"},"image":{"@id":"https:\/\/www.lestalenslyriques.com\/en\/event\/les-nations-2\/#primaryimage"},"thumbnailUrl":"https:\/\/www.lestalenslyriques.com\/wp-content\/uploads\/2020\/06\/Les-Nations.jpg","datePublished":"2020-06-26T11:46:52+00:00","dateModified":"2020-08-04T15:47:18+00:00","breadcrumb":{"@id":"https:\/\/www.lestalenslyriques.com\/en\/event\/les-nations-2\/#breadcrumb"},"inLanguage":"en-US","potentialAction":[{"@type":"ReadAction","target":["https:\/\/www.lestalenslyriques.com\/en\/event\/les-nations-2\/"]}]},{"@type":"ImageObject","inLanguage":"en-US","@id":"https:\/\/www.lestalenslyriques.com\/en\/event\/les-nations-2\/#primaryimage","url":"https:\/\/www.lestalenslyriques.com\/wp-content\/uploads\/2020\/06\/Les-Nations.jpg","contentUrl":"https:\/\/www.lestalenslyriques.com\/wp-content\/uploads\/2020\/06\/Les-Nations.jpg","width":2560,"height":2560},{"@type":"BreadcrumbList","@id":"https:\/\/www.lestalenslyriques.com\/en\/event\/les-nations-2\/#breadcrumb","itemListElement":[{"@type":"ListItem","position":1,"name":"Accueil","item":"https:\/\/www.lestalenslyriques.com\/en\/"},{"@type":"ListItem","position":2,"name":"Calendar","item":"https:\/\/www.lestalenslyriques.com\/en\/event\/"},{"@type":"ListItem","position":3,"name":"Les Nations"}]},{"@type":"WebSite","@id":"https:\/\/www.lestalenslyriques.com\/en\/#website","url":"https:\/\/www.lestalenslyriques.com\/en\/","name":"Les Talens Lyriques","description":"Christophe Rousset","potentialAction":[{"@type":"SearchAction","target":{"@type":"EntryPoint","urlTemplate":"https:\/\/www.lestalenslyriques.com\/en\/?s={search_term_string}"},"query-input":{"@type":"PropertyValueSpecification","valueRequired":true,"valueName":"search_term_string"}}],"inLanguage":"en-US"}]}},"_links":{"self":[{"href":"https:\/\/www.lestalenslyriques.com\/en\/wp-json\/wp\/v2\/event\/2229","targetHints":{"allow":["GET"]}}],"collection":[{"href":"https:\/\/www.lestalenslyriques.com\/en\/wp-json\/wp\/v2\/event"}],"about":[{"href":"https:\/\/www.lestalenslyriques.com\/en\/wp-json\/wp\/v2\/types\/event"}],"wp:featuredmedia":[{"embeddable":true,"href":"https:\/\/www.lestalenslyriques.com\/en\/wp-json\/wp\/v2\/media\/2323"}],"wp:attachment":[{"href":"https:\/\/www.lestalenslyriques.com\/en\/wp-json\/wp\/v2\/media?parent=2229"}],"wp:term":[{"taxonomy":"event-type","embeddable":true,"href":"https:\/\/www.lestalenslyriques.com\/en\/wp-json\/wp\/v2\/event-type?post=2229"},{"taxonomy":"event-saison","embeddable":true,"href":"https:\/\/www.lestalenslyriques.com\/en\/wp-json\/wp\/v2\/event-saison?post=2229"}],"curies":[{"name":"wp","href":"https:\/\/api.w.org\/{rel}","templated":true}]}}

<div class="content">
<p><strong>François Couperin (1668-1733)<br />
</strong><em>Les Nations </em>(1726)<em> – Sonates et suites de symphonies en trio</em></p>
<p>Premier Ordre : La Française<br />
Second Ordre : L’Espagnole<br />
Troisième Ordre : L’Impériale<br />
Quatrième Ordre : La Piémontaise</p>
<p>&nbsp;</p>
<p><strong>Les Talens Lyriques</strong> :</p>
<p>Violins : <strong>Gilone Gaubert, Gabriel Grosbard</strong><br />
transverse flutes : <strong>Jocelyn Daubigney, Stefanie Troffaes</strong><br />
Oboes : <strong>Gilles Vanssons, Josep Domenech</strong><br />
Bassoon : <strong>Eyal Streett</strong><br />
Viola da gamba : <strong>Atsushi Sakaï</strong><br />
Theorbo : <strong>Laura Mónica Pustilnik</strong><br />
Harpsichord and musical direction : <strong>Christophe Rousset</strong></p>
</div>

<!-- This site is optimized with the Yoast SEO plugin v27.5 - https://yoast.com/product/yoast-seo-wordpress/ -->
<title>Les Nations | Les Talens Lyriques</title>
<meta name="robots" content="index, follow, max-snippet:-1, max-image-preview:large, max-video-preview:-1" />
<link rel="canonical" href="https://www.lestalenslyriques.com/en/event/les-nations-2/" />
<meta property="og:locale" content="en_US" />
<meta property="og:type" content="article" />
<meta property="og:title" content="Les Nations | Les Talens Lyriques" />
<meta property="og:description" content="François Couperin (1668-1733) Les Nations (1726) – Sonates et suites de symphonies en trio Premier Ordre : La Française Second Ordre : L’Espagnole Troisième Ordre : L’Impériale Quatrième Ordre : La Piémontaise &nbsp; Les Talens Lyriques : Violins : Gilone Gaubert, Gabriel Grosbard transverse flutes : Jocelyn Daubigney, Stefanie Troffaes Oboes : Gilles Vanssons, Josep [&hellip;]" />
<meta property="og:url" content="https://www.lestalenslyriques.com/en/event/les-nations-2/" />
<meta property="og:site_name" content="Les Talens Lyriques" />
<meta property="article:modified_time" content="2020-08-04T15:47:18+00:00" />
<meta property="og:image" content="https://www.lestalenslyriques.com/wp-content/uploads/2020/06/Les-Nations-1024x1024.jpg" />
	<meta property="og:image:width" content="1024" />
	<meta property="og:image:height" content="1024" />
	<meta property="og:image:type" content="image/jpeg" />
<meta name="twitter:card" content="summary_large_image" />
<script type="application/ld+json" class="yoast-schema-graph">{"@context":"https:\/\/schema.org","@graph":[{"@type":"WebPage","@id":"https:\/\/www.lestalenslyriques.com\/en\/event\/les-nations-2\/","url":"https:\/\/www.lestalenslyriques.com\/en\/event\/les-nations-2\/","name":"Les Nations | Les Talens Lyriques","isPartOf":{"@id":"https:\/\/www.lestalenslyriques.com\/en\/#website"},"primaryImageOfPage":{"@id":"https:\/\/www.lestalenslyriques.com\/en\/event\/les-nations-2\/#primaryimage"},"image":{"@id":"https:\/\/www.lestalenslyriques.com\/en\/event\/les-nations-2\/#primaryimage"},"thumbnailUrl":"https:\/\/www.lestalenslyriques.com\/wp-content\/uploads\/2020\/06\/Les-Nations.jpg","datePublished":"2020-06-26T11:46:52+00:00","dateModified":"2020-08-04T15:47:18+00:00","breadcrumb":{"@id":"https:\/\/www.lestalenslyriques.com\/en\/event\/les-nations-2\/#breadcrumb"},"inLanguage":"en-US","potentialAction":[{"@type":"ReadAction","target":["https:\/\/www.lestalenslyriques.com\/en\/event\/les-nations-2\/"]}]},{"@type":"ImageObject","inLanguage":"en-US","@id":"https:\/\/www.lestalenslyriques.com\/en\/event\/les-nations-2\/#primaryimage","url":"https:\/\/www.lestalenslyriques.com\/wp-content\/uploads\/2020\/06\/Les-Nations.jpg","contentUrl":"https:\/\/www.lestalenslyriques.com\/wp-content\/uploads\/2020\/06\/Les-Nations.jpg","width":2560,"height":2560},{"@type":"BreadcrumbList","@id":"https:\/\/www.lestalenslyriques.com\/en\/event\/les-nations-2\/#breadcrumb","itemListElement":[{"@type":"ListItem","position":1,"name":"Accueil","item":"https:\/\/www.lestalenslyriques.com\/en\/"},{"@type":"ListItem","position":2,"name":"Calendar","item":"https:\/\/www.lestalenslyriques.com\/en\/event\/"},{"@type":"ListItem","position":3,"name":"Les Nations"}]},{"@type":"WebSite","@id":"https:\/\/www.lestalenslyriques.com\/en\/#website","url":"https:\/\/www.lestalenslyriques.com\/en\/","name":"Les Talens Lyriques","description":"Christophe Rousset","potentialAction":[{"@type":"SearchAction","target":{"@type":"EntryPoint","urlTemplate":"https:\/\/www.lestalenslyriques.com\/en\/?s={search_term_string}"},"query-input":{"@type":"PropertyValueSpecification","valueRequired":true,"valueName":"search_term_string"}}],"inLanguage":"en-US"}]}</script>
<!-- / Yoast SEO plugin. -->

François Couperin (1668-1733) Les Nations (1726) – Sonates et suites de symphonies en trio Premier Ordre : La Française Second Ordre : L’Espagnole Troisième Ordre : L’Impériale Quatrième Ordre : La Piémontaise &nbsp; Les Talens Lyriques : Violins : Gilone Gaubert, Gabriel Grosbard transverse flutes : Jocelyn Daubigney, Stefanie Troffaes Oboes : Gilles Vanssons, Josep [&hellip;]
