{"id":2226,"date":"2020-06-26T14:15:58","date_gmt":"2020-06-26T12:15:58","guid":{"rendered":"https:\/\/www.lestalenslyriques.com\/?post_type=event&#038;p=2226"},"modified":"2021-04-26T15:00:40","modified_gmt":"2021-04-26T13:00:40","slug":"la-naissance-de-venus","status":"publish","type":"event","link":"https:\/\/www.lestalenslyriques.com\/en\/event\/la-naissance-de-venus\/","title":{"rendered":"La naissance de V\u00e9nus &#8211; cancelled"},"content":{"rendered":"<p><b>Jean-Baptiste Lully (1632-1687)<\/b><b><br \/>\n<\/b><i>Ballet royal de la naissance de V\u00e9nus <\/i>LWV 27 (1665)<br \/>\nBallet \u00e0 12 entr\u00e9es, on a libretto by Isaac de Benserade<br \/>\nfirst performed at the Palais-Royal in Paris, on 26 January 1665<\/p>\n<p>Gr\u00e2ce 1, Ariane : <strong>Deborah Cachet<\/strong><br \/>\nGr\u00e2ce 2, Th\u00e9tis : <strong>B\u00e9n\u00e9dicte Tauran<\/strong><br \/>\nGr\u00e2ce 3 : <strong>Ambroisine Br\u00e9<\/strong><br \/>\nOrph\u00e9e : <strong>Guy Cutting<\/strong><br \/>\nNeptune : <strong>Guillaume Andrieux<\/strong><\/p>\n<p>&nbsp;<\/p>\n<p><b>Pascal Collasse (1649-1709)<\/b><b><br \/>\n<\/b><i>La Naissance de V\u00e9nus <\/i>(1696)<br \/>\nPastoral in 1 prolog and 5 acts on a libretto by the abb\u00e9 Jean Pic<br \/>\nfirst performed at the Acad\u00e9mie royale de musique in Paris,<br \/>\non 1st May 1696 &#8211; extraits<\/p>\n<p>Amphitrite, Gr\u00e2ce 1 : <strong>Deborah Cachet\u00a0\u00a0<\/strong><br \/>\nV\u00e9nus, Gr\u00e2ce 2 : <strong>B\u00e9n\u00e9dicte Tauran<\/strong><br \/>\nJunon, Gr\u00e2ce 3 : <strong>Ambroisine Br\u00e9\u00a0\u00a0\u00a0<\/strong><br \/>\nNeptune : <strong>Guy Cutting\u00a0\u00a0\u00a0<\/strong><br \/>\nN\u00e9r\u00e9e\/Le Temps : <strong>Philippe Est\u00e8phe \u00a0<\/strong><br \/>\nJupiter\/Bor\u00e9e : <strong>Guillaume Andrieux \u00a0<\/strong><\/p>\n<p><strong>Ch\u0153ur de chambre de Namur<\/strong><br \/>\n<strong>Les Talens Lyriques<\/strong><br \/>\nDirection : <strong>Christophe Rousset<\/strong><\/p>\n","protected":false},"featured_media":2333,"template":"","event-type":[],"event-saison":[193],"class_list":["post-2226","event","type-event","status-publish","has-post-thumbnail","hentry","event-saison-season-2020-2021"],"acf":[],"yoast_head":"<!-- This site is optimized with the Yoast SEO plugin v27.5 - https:\/\/yoast.com\/product\/yoast-seo-wordpress\/ -->\n<title>La naissance de V\u00e9nus - cancelled | Les Talens Lyriques<\/title>\n<meta name=\"robots\" content=\"index, follow, max-snippet:-1, max-image-preview:large, max-video-preview:-1\" \/>\n<link rel=\"canonical\" href=\"https:\/\/www.lestalenslyriques.com\/en\/event\/la-naissance-de-venus\/\" \/>\n<meta property=\"og:locale\" content=\"en_US\" \/>\n<meta property=\"og:type\" content=\"article\" \/>\n<meta property=\"og:title\" content=\"La naissance de V\u00e9nus - cancelled | Les Talens Lyriques\" \/>\n<meta property=\"og:description\" content=\"Jean-Baptiste Lully (1632-1687) Ballet royal de la naissance de V\u00e9nus LWV 27 (1665) Ballet \u00e0 12 entr\u00e9es, on a libretto by Isaac de Benserade first performed at the Palais-Royal in Paris, on 26 January 1665 Gr\u00e2ce 1, Ariane : Deborah Cachet Gr\u00e2ce 2, Th\u00e9tis : B\u00e9n\u00e9dicte Tauran Gr\u00e2ce 3 : Ambroisine Br\u00e9 Orph\u00e9e : Guy [&hellip;]\" \/>\n<meta property=\"og:url\" content=\"https:\/\/www.lestalenslyriques.com\/en\/event\/la-naissance-de-venus\/\" \/>\n<meta property=\"og:site_name\" content=\"Les Talens Lyriques\" \/>\n<meta property=\"article:modified_time\" content=\"2021-04-26T13:00:40+00:00\" \/>\n<meta property=\"og:image\" content=\"https:\/\/www.lestalenslyriques.com\/wp-content\/uploads\/2020\/03\/La-naissance-de-venus-1024x1024.jpg\" \/>\n\t<meta property=\"og:image:width\" content=\"1024\" \/>\n\t<meta property=\"og:image:height\" content=\"1024\" \/>\n\t<meta property=\"og:image:type\" content=\"image\/jpeg\" \/>\n<meta name=\"twitter:card\" content=\"summary_large_image\" \/>\n<meta name=\"twitter:label1\" content=\"Est. reading time\" \/>\n\t<meta name=\"twitter:data1\" content=\"1 minute\" \/>\n<script type=\"application\/ld+json\" class=\"yoast-schema-graph\">{\"@context\":\"https:\\\/\\\/schema.org\",\"@graph\":[{\"@type\":\"WebPage\",\"@id\":\"https:\\\/\\\/www.lestalenslyriques.com\\\/en\\\/event\\\/la-naissance-de-venus\\\/\",\"url\":\"https:\\\/\\\/www.lestalenslyriques.com\\\/en\\\/event\\\/la-naissance-de-venus\\\/\",\"name\":\"La naissance de V\u00e9nus - cancelled | Les Talens Lyriques\",\"isPartOf\":{\"@id\":\"https:\\\/\\\/www.lestalenslyriques.com\\\/en\\\/#website\"},\"primaryImageOfPage\":{\"@id\":\"https:\\\/\\\/www.lestalenslyriques.com\\\/en\\\/event\\\/la-naissance-de-venus\\\/#primaryimage\"},\"image\":{\"@id\":\"https:\\\/\\\/www.lestalenslyriques.com\\\/en\\\/event\\\/la-naissance-de-venus\\\/#primaryimage\"},\"thumbnailUrl\":\"https:\\\/\\\/www.lestalenslyriques.com\\\/wp-content\\\/uploads\\\/2020\\\/03\\\/La-naissance-de-venus.jpg\",\"datePublished\":\"2020-06-26T12:15:58+00:00\",\"dateModified\":\"2021-04-26T13:00:40+00:00\",\"breadcrumb\":{\"@id\":\"https:\\\/\\\/www.lestalenslyriques.com\\\/en\\\/event\\\/la-naissance-de-venus\\\/#breadcrumb\"},\"inLanguage\":\"en-US\",\"potentialAction\":[{\"@type\":\"ReadAction\",\"target\":[\"https:\\\/\\\/www.lestalenslyriques.com\\\/en\\\/event\\\/la-naissance-de-venus\\\/\"]}]},{\"@type\":\"ImageObject\",\"inLanguage\":\"en-US\",\"@id\":\"https:\\\/\\\/www.lestalenslyriques.com\\\/en\\\/event\\\/la-naissance-de-venus\\\/#primaryimage\",\"url\":\"https:\\\/\\\/www.lestalenslyriques.com\\\/wp-content\\\/uploads\\\/2020\\\/03\\\/La-naissance-de-venus.jpg\",\"contentUrl\":\"https:\\\/\\\/www.lestalenslyriques.com\\\/wp-content\\\/uploads\\\/2020\\\/03\\\/La-naissance-de-venus.jpg\",\"width\":2560,\"height\":2560},{\"@type\":\"BreadcrumbList\",\"@id\":\"https:\\\/\\\/www.lestalenslyriques.com\\\/en\\\/event\\\/la-naissance-de-venus\\\/#breadcrumb\",\"itemListElement\":[{\"@type\":\"ListItem\",\"position\":1,\"name\":\"Accueil\",\"item\":\"https:\\\/\\\/www.lestalenslyriques.com\\\/en\\\/\"},{\"@type\":\"ListItem\",\"position\":2,\"name\":\"Calendar\",\"item\":\"https:\\\/\\\/www.lestalenslyriques.com\\\/en\\\/event\\\/\"},{\"@type\":\"ListItem\",\"position\":3,\"name\":\"La naissance de V\u00e9nus &#8211; cancelled\"}]},{\"@type\":\"WebSite\",\"@id\":\"https:\\\/\\\/www.lestalenslyriques.com\\\/en\\\/#website\",\"url\":\"https:\\\/\\\/www.lestalenslyriques.com\\\/en\\\/\",\"name\":\"Les Talens Lyriques\",\"description\":\"Christophe Rousset\",\"potentialAction\":[{\"@type\":\"SearchAction\",\"target\":{\"@type\":\"EntryPoint\",\"urlTemplate\":\"https:\\\/\\\/www.lestalenslyriques.com\\\/en\\\/?s={search_term_string}\"},\"query-input\":{\"@type\":\"PropertyValueSpecification\",\"valueRequired\":true,\"valueName\":\"search_term_string\"}}],\"inLanguage\":\"en-US\"}]}<\/script>\n<!-- \/ Yoast SEO plugin. -->","yoast_head_json":{"title":"La naissance de V\u00e9nus - cancelled | Les Talens Lyriques","robots":{"index":"index","follow":"follow","max-snippet":"max-snippet:-1","max-image-preview":"max-image-preview:large","max-video-preview":"max-video-preview:-1"},"canonical":"https:\/\/www.lestalenslyriques.com\/en\/event\/la-naissance-de-venus\/","og_locale":"en_US","og_type":"article","og_title":"La naissance de V\u00e9nus - cancelled | Les Talens Lyriques","og_description":"Jean-Baptiste Lully (1632-1687) Ballet royal de la naissance de V\u00e9nus LWV 27 (1665) Ballet \u00e0 12 entr\u00e9es, on a libretto by Isaac de Benserade first performed at the Palais-Royal in Paris, on 26 January 1665 Gr\u00e2ce 1, Ariane : Deborah Cachet Gr\u00e2ce 2, Th\u00e9tis : B\u00e9n\u00e9dicte Tauran Gr\u00e2ce 3 : Ambroisine Br\u00e9 Orph\u00e9e : Guy [&hellip;]","og_url":"https:\/\/www.lestalenslyriques.com\/en\/event\/la-naissance-de-venus\/","og_site_name":"Les Talens Lyriques","article_modified_time":"2021-04-26T13:00:40+00:00","og_image":[{"width":1024,"height":1024,"url":"https:\/\/www.lestalenslyriques.com\/wp-content\/uploads\/2020\/03\/La-naissance-de-venus-1024x1024.jpg","type":"image\/jpeg"}],"twitter_card":"summary_large_image","twitter_misc":{"Est. reading time":"1 minute"},"schema":{"@context":"https:\/\/schema.org","@graph":[{"@type":"WebPage","@id":"https:\/\/www.lestalenslyriques.com\/en\/event\/la-naissance-de-venus\/","url":"https:\/\/www.lestalenslyriques.com\/en\/event\/la-naissance-de-venus\/","name":"La naissance de V\u00e9nus - cancelled | Les Talens Lyriques","isPartOf":{"@id":"https:\/\/www.lestalenslyriques.com\/en\/#website"},"primaryImageOfPage":{"@id":"https:\/\/www.lestalenslyriques.com\/en\/event\/la-naissance-de-venus\/#primaryimage"},"image":{"@id":"https:\/\/www.lestalenslyriques.com\/en\/event\/la-naissance-de-venus\/#primaryimage"},"thumbnailUrl":"https:\/\/www.lestalenslyriques.com\/wp-content\/uploads\/2020\/03\/La-naissance-de-venus.jpg","datePublished":"2020-06-26T12:15:58+00:00","dateModified":"2021-04-26T13:00:40+00:00","breadcrumb":{"@id":"https:\/\/www.lestalenslyriques.com\/en\/event\/la-naissance-de-venus\/#breadcrumb"},"inLanguage":"en-US","potentialAction":[{"@type":"ReadAction","target":["https:\/\/www.lestalenslyriques.com\/en\/event\/la-naissance-de-venus\/"]}]},{"@type":"ImageObject","inLanguage":"en-US","@id":"https:\/\/www.lestalenslyriques.com\/en\/event\/la-naissance-de-venus\/#primaryimage","url":"https:\/\/www.lestalenslyriques.com\/wp-content\/uploads\/2020\/03\/La-naissance-de-venus.jpg","contentUrl":"https:\/\/www.lestalenslyriques.com\/wp-content\/uploads\/2020\/03\/La-naissance-de-venus.jpg","width":2560,"height":2560},{"@type":"BreadcrumbList","@id":"https:\/\/www.lestalenslyriques.com\/en\/event\/la-naissance-de-venus\/#breadcrumb","itemListElement":[{"@type":"ListItem","position":1,"name":"Accueil","item":"https:\/\/www.lestalenslyriques.com\/en\/"},{"@type":"ListItem","position":2,"name":"Calendar","item":"https:\/\/www.lestalenslyriques.com\/en\/event\/"},{"@type":"ListItem","position":3,"name":"La naissance de V\u00e9nus &#8211; cancelled"}]},{"@type":"WebSite","@id":"https:\/\/www.lestalenslyriques.com\/en\/#website","url":"https:\/\/www.lestalenslyriques.com\/en\/","name":"Les Talens Lyriques","description":"Christophe Rousset","potentialAction":[{"@type":"SearchAction","target":{"@type":"EntryPoint","urlTemplate":"https:\/\/www.lestalenslyriques.com\/en\/?s={search_term_string}"},"query-input":{"@type":"PropertyValueSpecification","valueRequired":true,"valueName":"search_term_string"}}],"inLanguage":"en-US"}]}},"_links":{"self":[{"href":"https:\/\/www.lestalenslyriques.com\/en\/wp-json\/wp\/v2\/event\/2226","targetHints":{"allow":["GET"]}}],"collection":[{"href":"https:\/\/www.lestalenslyriques.com\/en\/wp-json\/wp\/v2\/event"}],"about":[{"href":"https:\/\/www.lestalenslyriques.com\/en\/wp-json\/wp\/v2\/types\/event"}],"wp:featuredmedia":[{"embeddable":true,"href":"https:\/\/www.lestalenslyriques.com\/en\/wp-json\/wp\/v2\/media\/2333"}],"wp:attachment":[{"href":"https:\/\/www.lestalenslyriques.com\/en\/wp-json\/wp\/v2\/media?parent=2226"}],"wp:term":[{"taxonomy":"event-type","embeddable":true,"href":"https:\/\/www.lestalenslyriques.com\/en\/wp-json\/wp\/v2\/event-type?post=2226"},{"taxonomy":"event-saison","embeddable":true,"href":"https:\/\/www.lestalenslyriques.com\/en\/wp-json\/wp\/v2\/event-saison?post=2226"}],"curies":[{"name":"wp","href":"https:\/\/api.w.org\/{rel}","templated":true}]}}

La naissance de Vénus &#8211; cancelled

<p><b>Jean-Baptiste Lully (1632-1687)</b><b><br />
</b><i>Ballet royal de la naissance de Vénus </i>LWV 27 (1665)<br />
Ballet à 12 entrées, on a libretto by Isaac de Benserade<br />
first performed at the Palais-Royal in Paris, on 26 January 1665</p>
<p>Grâce 1, Ariane : <strong>Deborah Cachet</strong><br />
Grâce 2, Thétis : <strong>Bénédicte Tauran</strong><br />
Grâce 3 : <strong>Ambroisine Bré</strong><br />
Orphée : <strong>Guy Cutting</strong><br />
Neptune : <strong>Guillaume Andrieux</strong></p>
<p>&nbsp;</p>
<p><b>Pascal Collasse (1649-1709)</b><b><br />
</b><i>La Naissance de Vénus </i>(1696)<br />
Pastoral in 1 prolog and 5 acts on a libretto by the abbé Jean Pic<br />
first performed at the Académie royale de musique in Paris,<br />
on 1st May 1696 &#8211; extraits</p>
<p>Amphitrite, Grâce 1 : <strong>Deborah Cachet  </strong><br />
Vénus, Grâce 2 : <strong>Bénédicte Tauran</strong><br />
Junon, Grâce 3 : <strong>Ambroisine Bré   </strong><br />
Neptune : <strong>Guy Cutting   </strong><br />
Nérée/Le Temps : <strong>Philippe Estèphe  </strong><br />
Jupiter/Borée : <strong>Guillaume Andrieux  </strong></p>
<p><strong>Chœur de chambre de Namur</strong><br />
<strong>Les Talens Lyriques</strong><br />
Direction : <strong>Christophe Rousset</strong></p>

<!-- This site is optimized with the Yoast SEO plugin v27.5 - https://yoast.com/product/yoast-seo-wordpress/ -->
<title>La naissance de Vénus - cancelled | Les Talens Lyriques</title>
<meta name="robots" content="index, follow, max-snippet:-1, max-image-preview:large, max-video-preview:-1" />
<link rel="canonical" href="https://www.lestalenslyriques.com/en/event/la-naissance-de-venus/" />
<meta property="og:locale" content="en_US" />
<meta property="og:type" content="article" />
<meta property="og:title" content="La naissance de Vénus - cancelled | Les Talens Lyriques" />
<meta property="og:description" content="Jean-Baptiste Lully (1632-1687) Ballet royal de la naissance de Vénus LWV 27 (1665) Ballet à 12 entrées, on a libretto by Isaac de Benserade first performed at the Palais-Royal in Paris, on 26 January 1665 Grâce 1, Ariane : Deborah Cachet Grâce 2, Thétis : Bénédicte Tauran Grâce 3 : Ambroisine Bré Orphée : Guy [&hellip;]" />
<meta property="og:url" content="https://www.lestalenslyriques.com/en/event/la-naissance-de-venus/" />
<meta property="og:site_name" content="Les Talens Lyriques" />
<meta property="article:modified_time" content="2021-04-26T13:00:40+00:00" />
<meta property="og:image" content="https://www.lestalenslyriques.com/wp-content/uploads/2020/03/La-naissance-de-venus-1024x1024.jpg" />
	<meta property="og:image:width" content="1024" />
	<meta property="og:image:height" content="1024" />
	<meta property="og:image:type" content="image/jpeg" />
<meta name="twitter:card" content="summary_large_image" />
<meta name="twitter:label1" content="Est. reading time" />
	<meta name="twitter:data1" content="1 minute" />
<script type="application/ld+json" class="yoast-schema-graph">{"@context":"https:\/\/schema.org","@graph":[{"@type":"WebPage","@id":"https:\/\/www.lestalenslyriques.com\/en\/event\/la-naissance-de-venus\/","url":"https:\/\/www.lestalenslyriques.com\/en\/event\/la-naissance-de-venus\/","name":"La naissance de Vénus - cancelled | Les Talens Lyriques","isPartOf":{"@id":"https:\/\/www.lestalenslyriques.com\/en\/#website"},"primaryImageOfPage":{"@id":"https:\/\/www.lestalenslyriques.com\/en\/event\/la-naissance-de-venus\/#primaryimage"},"image":{"@id":"https:\/\/www.lestalenslyriques.com\/en\/event\/la-naissance-de-venus\/#primaryimage"},"thumbnailUrl":"https:\/\/www.lestalenslyriques.com\/wp-content\/uploads\/2020\/03\/La-naissance-de-venus.jpg","datePublished":"2020-06-26T12:15:58+00:00","dateModified":"2021-04-26T13:00:40+00:00","breadcrumb":{"@id":"https:\/\/www.lestalenslyriques.com\/en\/event\/la-naissance-de-venus\/#breadcrumb"},"inLanguage":"en-US","potentialAction":[{"@type":"ReadAction","target":["https:\/\/www.lestalenslyriques.com\/en\/event\/la-naissance-de-venus\/"]}]},{"@type":"ImageObject","inLanguage":"en-US","@id":"https:\/\/www.lestalenslyriques.com\/en\/event\/la-naissance-de-venus\/#primaryimage","url":"https:\/\/www.lestalenslyriques.com\/wp-content\/uploads\/2020\/03\/La-naissance-de-venus.jpg","contentUrl":"https:\/\/www.lestalenslyriques.com\/wp-content\/uploads\/2020\/03\/La-naissance-de-venus.jpg","width":2560,"height":2560},{"@type":"BreadcrumbList","@id":"https:\/\/www.lestalenslyriques.com\/en\/event\/la-naissance-de-venus\/#breadcrumb","itemListElement":[{"@type":"ListItem","position":1,"name":"Accueil","item":"https:\/\/www.lestalenslyriques.com\/en\/"},{"@type":"ListItem","position":2,"name":"Calendar","item":"https:\/\/www.lestalenslyriques.com\/en\/event\/"},{"@type":"ListItem","position":3,"name":"La naissance de Vénus &#8211; cancelled"}]},{"@type":"WebSite","@id":"https:\/\/www.lestalenslyriques.com\/en\/#website","url":"https:\/\/www.lestalenslyriques.com\/en\/","name":"Les Talens Lyriques","description":"Christophe Rousset","potentialAction":[{"@type":"SearchAction","target":{"@type":"EntryPoint","urlTemplate":"https:\/\/www.lestalenslyriques.com\/en\/?s={search_term_string}"},"query-input":{"@type":"PropertyValueSpecification","valueRequired":true,"valueName":"search_term_string"}}],"inLanguage":"en-US"}]}</script>
<!-- / Yoast SEO plugin. -->

La naissance de Vénus - cancelled | Les Talens Lyriques

Jean-Baptiste Lully (1632-1687) Ballet royal de la naissance de Vénus LWV 27 (1665) Ballet à 12 entrées, on a libretto by Isaac de Benserade first performed at the Palais-Royal in Paris, on 26 January 1665 Grâce 1, Ariane : Deborah Cachet Grâce 2, Thétis : Bénédicte Tauran Grâce 3 : Ambroisine Bré Orphée : Guy [&hellip;]
