{"id":2224,"date":"2020-06-26T14:36:16","date_gmt":"2020-06-26T12:36:16","guid":{"rendered":"https:\/\/www.lestalenslyriques.com\/?post_type=event&#038;p=2224"},"modified":"2020-12-08T08:46:00","modified_gmt":"2020-12-08T07:46:00","slug":"amour-amor","status":"publish","type":"event","link":"https:\/\/www.lestalenslyriques.com\/en\/event\/amour-amor\/","title":{"rendered":"Amour amor"},"content":{"rendered":"<p><b>Jean-Baptiste Lully (1632\u20131687)<br \/>\n<\/b><i>Ballet royal des Amours d\u00e9guis\u00e9s<\/i>, LWV 21 (1664)<br \/>\n<em>Armide<\/em>, LW 71 (1686) &#8211; extracts<\/p>\n<p><b>Jean-Marie Leclair (1697\u20131764)<br \/>\n<\/b><i>Deuxi\u00e8me R\u00e9cr\u00e9ation de musique<\/i>, op. 8 (1737) \u2013 extracts<\/p>\n<p><b>Michel Pignolet de Mont\u00e9clair (1667\u20131737)<br \/>\n<\/b><i>La Morte di Lucretia<\/i> (1728) \u2013 cantata<\/p>\n<p><b>Alessandro Scarlatti (1660\u20131725)<br \/>\n<\/b><i>L\u2019Arianna<\/i> (ca 1700) \u2013 cantata<\/p>\n<p><b>Georg Friedrich H\u00e4ndel (1685\u20131759)<br \/>\n<\/b><i>Sonata n\u00b0 4, op. 5 in G Major, <\/i>HWV 399 (1733) \u2013 extracts<b><br \/>\n<\/b><i>Notte placida e cheta<\/i>, HWV 142 (1708) \u2013 cantata<\/p>\n<p>Soprano : <strong>Ambroisine Br\u00e9<\/strong><br \/>\n<strong>Les Talens Lyriques<\/strong><br \/>\nHarpsichord and musical direction : <strong>Christophe Rousset\u00a0<\/strong><\/p>\n","protected":false},"featured_media":2339,"template":"","event-type":[],"event-saison":[193],"class_list":["post-2224","event","type-event","status-publish","has-post-thumbnail","hentry","event-saison-season-2020-2021"],"acf":[],"yoast_head":"<!-- This site is optimized with the Yoast SEO plugin v27.5 - https:\/\/yoast.com\/product\/yoast-seo-wordpress\/ -->\n<title>Amour amor | Les Talens Lyriques<\/title>\n<meta name=\"robots\" content=\"index, follow, max-snippet:-1, max-image-preview:large, max-video-preview:-1\" \/>\n<link rel=\"canonical\" href=\"https:\/\/www.lestalenslyriques.com\/en\/event\/amour-amor\/\" \/>\n<meta property=\"og:locale\" content=\"en_US\" \/>\n<meta property=\"og:type\" content=\"article\" \/>\n<meta property=\"og:title\" content=\"Amour amor | Les Talens Lyriques\" \/>\n<meta property=\"og:description\" content=\"Jean-Baptiste Lully (1632\u20131687) Ballet royal des Amours d\u00e9guis\u00e9s, LWV 21 (1664) Armide, LW 71 (1686) &#8211; extracts Jean-Marie Leclair (1697\u20131764) Deuxi\u00e8me R\u00e9cr\u00e9ation de musique, op. 8 (1737) \u2013 extracts Michel Pignolet de Mont\u00e9clair (1667\u20131737) La Morte di Lucretia (1728) \u2013 cantata Alessandro Scarlatti (1660\u20131725) L\u2019Arianna (ca 1700) \u2013 cantata Georg Friedrich H\u00e4ndel (1685\u20131759) Sonata n\u00b0 [&hellip;]\" \/>\n<meta property=\"og:url\" content=\"https:\/\/www.lestalenslyriques.com\/en\/event\/amour-amor\/\" \/>\n<meta property=\"og:site_name\" content=\"Les Talens Lyriques\" \/>\n<meta property=\"article:modified_time\" content=\"2020-12-08T07:46:00+00:00\" \/>\n<meta property=\"og:image\" content=\"https:\/\/www.lestalenslyriques.com\/wp-content\/uploads\/2020\/06\/Amour-Amor-e1607413528118-870x1024.jpg\" \/>\n\t<meta property=\"og:image:width\" content=\"870\" \/>\n\t<meta property=\"og:image:height\" content=\"1024\" \/>\n\t<meta property=\"og:image:type\" content=\"image\/jpeg\" \/>\n<meta name=\"twitter:card\" content=\"summary_large_image\" \/>\n<script type=\"application\/ld+json\" class=\"yoast-schema-graph\">{\"@context\":\"https:\\\/\\\/schema.org\",\"@graph\":[{\"@type\":\"WebPage\",\"@id\":\"https:\\\/\\\/www.lestalenslyriques.com\\\/en\\\/event\\\/amour-amor\\\/\",\"url\":\"https:\\\/\\\/www.lestalenslyriques.com\\\/en\\\/event\\\/amour-amor\\\/\",\"name\":\"Amour amor | Les Talens Lyriques\",\"isPartOf\":{\"@id\":\"https:\\\/\\\/www.lestalenslyriques.com\\\/en\\\/#website\"},\"primaryImageOfPage\":{\"@id\":\"https:\\\/\\\/www.lestalenslyriques.com\\\/en\\\/event\\\/amour-amor\\\/#primaryimage\"},\"image\":{\"@id\":\"https:\\\/\\\/www.lestalenslyriques.com\\\/en\\\/event\\\/amour-amor\\\/#primaryimage\"},\"thumbnailUrl\":\"https:\\\/\\\/www.lestalenslyriques.com\\\/wp-content\\\/uploads\\\/2020\\\/06\\\/Amour-Amor-e1607413528118.jpg\",\"datePublished\":\"2020-06-26T12:36:16+00:00\",\"dateModified\":\"2020-12-08T07:46:00+00:00\",\"breadcrumb\":{\"@id\":\"https:\\\/\\\/www.lestalenslyriques.com\\\/en\\\/event\\\/amour-amor\\\/#breadcrumb\"},\"inLanguage\":\"en-US\",\"potentialAction\":[{\"@type\":\"ReadAction\",\"target\":[\"https:\\\/\\\/www.lestalenslyriques.com\\\/en\\\/event\\\/amour-amor\\\/\"]}]},{\"@type\":\"ImageObject\",\"inLanguage\":\"en-US\",\"@id\":\"https:\\\/\\\/www.lestalenslyriques.com\\\/en\\\/event\\\/amour-amor\\\/#primaryimage\",\"url\":\"https:\\\/\\\/www.lestalenslyriques.com\\\/wp-content\\\/uploads\\\/2020\\\/06\\\/Amour-Amor-e1607413528118.jpg\",\"contentUrl\":\"https:\\\/\\\/www.lestalenslyriques.com\\\/wp-content\\\/uploads\\\/2020\\\/06\\\/Amour-Amor-e1607413528118.jpg\",\"width\":4963,\"height\":5843},{\"@type\":\"BreadcrumbList\",\"@id\":\"https:\\\/\\\/www.lestalenslyriques.com\\\/en\\\/event\\\/amour-amor\\\/#breadcrumb\",\"itemListElement\":[{\"@type\":\"ListItem\",\"position\":1,\"name\":\"Accueil\",\"item\":\"https:\\\/\\\/www.lestalenslyriques.com\\\/en\\\/\"},{\"@type\":\"ListItem\",\"position\":2,\"name\":\"Calendar\",\"item\":\"https:\\\/\\\/www.lestalenslyriques.com\\\/en\\\/event\\\/\"},{\"@type\":\"ListItem\",\"position\":3,\"name\":\"Amour amor\"}]},{\"@type\":\"WebSite\",\"@id\":\"https:\\\/\\\/www.lestalenslyriques.com\\\/en\\\/#website\",\"url\":\"https:\\\/\\\/www.lestalenslyriques.com\\\/en\\\/\",\"name\":\"Les Talens Lyriques\",\"description\":\"Christophe Rousset\",\"potentialAction\":[{\"@type\":\"SearchAction\",\"target\":{\"@type\":\"EntryPoint\",\"urlTemplate\":\"https:\\\/\\\/www.lestalenslyriques.com\\\/en\\\/?s={search_term_string}\"},\"query-input\":{\"@type\":\"PropertyValueSpecification\",\"valueRequired\":true,\"valueName\":\"search_term_string\"}}],\"inLanguage\":\"en-US\"}]}<\/script>\n<!-- \/ Yoast SEO plugin. -->","yoast_head_json":{"title":"Amour amor | Les Talens Lyriques","robots":{"index":"index","follow":"follow","max-snippet":"max-snippet:-1","max-image-preview":"max-image-preview:large","max-video-preview":"max-video-preview:-1"},"canonical":"https:\/\/www.lestalenslyriques.com\/en\/event\/amour-amor\/","og_locale":"en_US","og_type":"article","og_title":"Amour amor | Les Talens Lyriques","og_description":"Jean-Baptiste Lully (1632\u20131687) Ballet royal des Amours d\u00e9guis\u00e9s, LWV 21 (1664) Armide, LW 71 (1686) &#8211; extracts Jean-Marie Leclair (1697\u20131764) Deuxi\u00e8me R\u00e9cr\u00e9ation de musique, op. 8 (1737) \u2013 extracts Michel Pignolet de Mont\u00e9clair (1667\u20131737) La Morte di Lucretia (1728) \u2013 cantata Alessandro Scarlatti (1660\u20131725) L\u2019Arianna (ca 1700) \u2013 cantata Georg Friedrich H\u00e4ndel (1685\u20131759) Sonata n\u00b0 [&hellip;]","og_url":"https:\/\/www.lestalenslyriques.com\/en\/event\/amour-amor\/","og_site_name":"Les Talens Lyriques","article_modified_time":"2020-12-08T07:46:00+00:00","og_image":[{"width":870,"height":1024,"url":"https:\/\/www.lestalenslyriques.com\/wp-content\/uploads\/2020\/06\/Amour-Amor-e1607413528118-870x1024.jpg","type":"image\/jpeg"}],"twitter_card":"summary_large_image","schema":{"@context":"https:\/\/schema.org","@graph":[{"@type":"WebPage","@id":"https:\/\/www.lestalenslyriques.com\/en\/event\/amour-amor\/","url":"https:\/\/www.lestalenslyriques.com\/en\/event\/amour-amor\/","name":"Amour amor | Les Talens Lyriques","isPartOf":{"@id":"https:\/\/www.lestalenslyriques.com\/en\/#website"},"primaryImageOfPage":{"@id":"https:\/\/www.lestalenslyriques.com\/en\/event\/amour-amor\/#primaryimage"},"image":{"@id":"https:\/\/www.lestalenslyriques.com\/en\/event\/amour-amor\/#primaryimage"},"thumbnailUrl":"https:\/\/www.lestalenslyriques.com\/wp-content\/uploads\/2020\/06\/Amour-Amor-e1607413528118.jpg","datePublished":"2020-06-26T12:36:16+00:00","dateModified":"2020-12-08T07:46:00+00:00","breadcrumb":{"@id":"https:\/\/www.lestalenslyriques.com\/en\/event\/amour-amor\/#breadcrumb"},"inLanguage":"en-US","potentialAction":[{"@type":"ReadAction","target":["https:\/\/www.lestalenslyriques.com\/en\/event\/amour-amor\/"]}]},{"@type":"ImageObject","inLanguage":"en-US","@id":"https:\/\/www.lestalenslyriques.com\/en\/event\/amour-amor\/#primaryimage","url":"https:\/\/www.lestalenslyriques.com\/wp-content\/uploads\/2020\/06\/Amour-Amor-e1607413528118.jpg","contentUrl":"https:\/\/www.lestalenslyriques.com\/wp-content\/uploads\/2020\/06\/Amour-Amor-e1607413528118.jpg","width":4963,"height":5843},{"@type":"BreadcrumbList","@id":"https:\/\/www.lestalenslyriques.com\/en\/event\/amour-amor\/#breadcrumb","itemListElement":[{"@type":"ListItem","position":1,"name":"Accueil","item":"https:\/\/www.lestalenslyriques.com\/en\/"},{"@type":"ListItem","position":2,"name":"Calendar","item":"https:\/\/www.lestalenslyriques.com\/en\/event\/"},{"@type":"ListItem","position":3,"name":"Amour amor"}]},{"@type":"WebSite","@id":"https:\/\/www.lestalenslyriques.com\/en\/#website","url":"https:\/\/www.lestalenslyriques.com\/en\/","name":"Les Talens Lyriques","description":"Christophe Rousset","potentialAction":[{"@type":"SearchAction","target":{"@type":"EntryPoint","urlTemplate":"https:\/\/www.lestalenslyriques.com\/en\/?s={search_term_string}"},"query-input":{"@type":"PropertyValueSpecification","valueRequired":true,"valueName":"search_term_string"}}],"inLanguage":"en-US"}]}},"_links":{"self":[{"href":"https:\/\/www.lestalenslyriques.com\/en\/wp-json\/wp\/v2\/event\/2224","targetHints":{"allow":["GET"]}}],"collection":[{"href":"https:\/\/www.lestalenslyriques.com\/en\/wp-json\/wp\/v2\/event"}],"about":[{"href":"https:\/\/www.lestalenslyriques.com\/en\/wp-json\/wp\/v2\/types\/event"}],"wp:featuredmedia":[{"embeddable":true,"href":"https:\/\/www.lestalenslyriques.com\/en\/wp-json\/wp\/v2\/media\/2339"}],"wp:attachment":[{"href":"https:\/\/www.lestalenslyriques.com\/en\/wp-json\/wp\/v2\/media?parent=2224"}],"wp:term":[{"taxonomy":"event-type","embeddable":true,"href":"https:\/\/www.lestalenslyriques.com\/en\/wp-json\/wp\/v2\/event-type?post=2224"},{"taxonomy":"event-saison","embeddable":true,"href":"https:\/\/www.lestalenslyriques.com\/en\/wp-json\/wp\/v2\/event-saison?post=2224"}],"curies":[{"name":"wp","href":"https:\/\/api.w.org\/{rel}","templated":true}]}}

<p><b>Jean-Baptiste Lully (1632–1687)<br />
</b><i>Ballet royal des Amours déguisés</i>, LWV 21 (1664)<br />
<em>Armide</em>, LW 71 (1686) &#8211; extracts</p>
<p><b>Jean-Marie Leclair (1697–1764)<br />
</b><i>Deuxième Récréation de musique</i>, op. 8 (1737) – extracts</p>
<p><b>Michel Pignolet de Montéclair (1667–1737)<br />
</b><i>La Morte di Lucretia</i> (1728) – cantata</p>
<p><b>Alessandro Scarlatti (1660–1725)<br />
</b><i>L’Arianna</i> (ca 1700) – cantata</p>
<p><b>Georg Friedrich Händel (1685–1759)<br />
</b><i>Sonata n° 4, op. 5 in G Major, </i>HWV 399 (1733) – extracts<b><br />
</b><i>Notte placida e cheta</i>, HWV 142 (1708) – cantata</p>
<p>Soprano : <strong>Ambroisine Bré</strong><br />
<strong>Les Talens Lyriques</strong><br />
Harpsichord and musical direction : <strong>Christophe Rousset </strong></p>

<!-- This site is optimized with the Yoast SEO plugin v27.5 - https://yoast.com/product/yoast-seo-wordpress/ -->
<title>Amour amor | Les Talens Lyriques</title>
<meta name="robots" content="index, follow, max-snippet:-1, max-image-preview:large, max-video-preview:-1" />
<link rel="canonical" href="https://www.lestalenslyriques.com/en/event/amour-amor/" />
<meta property="og:locale" content="en_US" />
<meta property="og:type" content="article" />
<meta property="og:title" content="Amour amor | Les Talens Lyriques" />
<meta property="og:description" content="Jean-Baptiste Lully (1632–1687) Ballet royal des Amours déguisés, LWV 21 (1664) Armide, LW 71 (1686) &#8211; extracts Jean-Marie Leclair (1697–1764) Deuxième Récréation de musique, op. 8 (1737) – extracts Michel Pignolet de Montéclair (1667–1737) La Morte di Lucretia (1728) – cantata Alessandro Scarlatti (1660–1725) L’Arianna (ca 1700) – cantata Georg Friedrich Händel (1685–1759) Sonata n° [&hellip;]" />
<meta property="og:url" content="https://www.lestalenslyriques.com/en/event/amour-amor/" />
<meta property="og:site_name" content="Les Talens Lyriques" />
<meta property="article:modified_time" content="2020-12-08T07:46:00+00:00" />
<meta property="og:image" content="https://www.lestalenslyriques.com/wp-content/uploads/2020/06/Amour-Amor-e1607413528118-870x1024.jpg" />
	<meta property="og:image:width" content="870" />
	<meta property="og:image:height" content="1024" />
	<meta property="og:image:type" content="image/jpeg" />
<meta name="twitter:card" content="summary_large_image" />
<script type="application/ld+json" class="yoast-schema-graph">{"@context":"https:\/\/schema.org","@graph":[{"@type":"WebPage","@id":"https:\/\/www.lestalenslyriques.com\/en\/event\/amour-amor\/","url":"https:\/\/www.lestalenslyriques.com\/en\/event\/amour-amor\/","name":"Amour amor | Les Talens Lyriques","isPartOf":{"@id":"https:\/\/www.lestalenslyriques.com\/en\/#website"},"primaryImageOfPage":{"@id":"https:\/\/www.lestalenslyriques.com\/en\/event\/amour-amor\/#primaryimage"},"image":{"@id":"https:\/\/www.lestalenslyriques.com\/en\/event\/amour-amor\/#primaryimage"},"thumbnailUrl":"https:\/\/www.lestalenslyriques.com\/wp-content\/uploads\/2020\/06\/Amour-Amor-e1607413528118.jpg","datePublished":"2020-06-26T12:36:16+00:00","dateModified":"2020-12-08T07:46:00+00:00","breadcrumb":{"@id":"https:\/\/www.lestalenslyriques.com\/en\/event\/amour-amor\/#breadcrumb"},"inLanguage":"en-US","potentialAction":[{"@type":"ReadAction","target":["https:\/\/www.lestalenslyriques.com\/en\/event\/amour-amor\/"]}]},{"@type":"ImageObject","inLanguage":"en-US","@id":"https:\/\/www.lestalenslyriques.com\/en\/event\/amour-amor\/#primaryimage","url":"https:\/\/www.lestalenslyriques.com\/wp-content\/uploads\/2020\/06\/Amour-Amor-e1607413528118.jpg","contentUrl":"https:\/\/www.lestalenslyriques.com\/wp-content\/uploads\/2020\/06\/Amour-Amor-e1607413528118.jpg","width":4963,"height":5843},{"@type":"BreadcrumbList","@id":"https:\/\/www.lestalenslyriques.com\/en\/event\/amour-amor\/#breadcrumb","itemListElement":[{"@type":"ListItem","position":1,"name":"Accueil","item":"https:\/\/www.lestalenslyriques.com\/en\/"},{"@type":"ListItem","position":2,"name":"Calendar","item":"https:\/\/www.lestalenslyriques.com\/en\/event\/"},{"@type":"ListItem","position":3,"name":"Amour amor"}]},{"@type":"WebSite","@id":"https:\/\/www.lestalenslyriques.com\/en\/#website","url":"https:\/\/www.lestalenslyriques.com\/en\/","name":"Les Talens Lyriques","description":"Christophe Rousset","potentialAction":[{"@type":"SearchAction","target":{"@type":"EntryPoint","urlTemplate":"https:\/\/www.lestalenslyriques.com\/en\/?s={search_term_string}"},"query-input":{"@type":"PropertyValueSpecification","valueRequired":true,"valueName":"search_term_string"}}],"inLanguage":"en-US"}]}</script>
<!-- / Yoast SEO plugin. -->

Jean-Baptiste Lully (1632–1687) Ballet royal des Amours déguisés, LWV 21 (1664) Armide, LW 71 (1686) &#8211; extracts Jean-Marie Leclair (1697–1764) Deuxième Récréation de musique, op. 8 (1737) – extracts Michel Pignolet de Montéclair (1667–1737) La Morte di Lucretia (1728) – cantata Alessandro Scarlatti (1660–1725) L’Arianna (ca 1700) – cantata Georg Friedrich Händel (1685–1759) Sonata n° [&hellip;]
