{"id":1667,"date":"2019-05-20T10:47:17","date_gmt":"2019-05-20T08:47:17","guid":{"rendered":"https:\/\/www.lestalenslyriques.com\/?post_type=event&#038;p=1667"},"modified":"2019-09-25T18:37:20","modified_gmt":"2019-09-25T16:37:20","slug":"marin-marais-francois-couperin","status":"publish","type":"event","link":"https:\/\/www.lestalenslyriques.com\/en\/event\/marin-marais-francois-couperin\/","title":{"rendered":"Marin Marais &#038; Antoine Forqueray"},"content":{"rendered":"<p><strong>Marin Marais (1658 &#8211; 1728)<\/strong><br \/>\n<strong>Antoine Forqueray (1672 &#8211; 1745)<\/strong><\/p>\n<p>Marin Marais : \u00ab Pi\u00e8ces \u00e0 une et \u00e0 deux violes, Livre I (1686) \u00bb &#8211; extraits<br \/>\nForqueray : Pi\u00e8ces de clavecin (1747)<br \/>\nMarin Marais : \u00ab Pi\u00e8ces \u00e0 une et \u00e0 deux violes, Livre I (1686) \u00bb &#8211; extraits<br \/>\nMarin Marais :<em> Tombeau de Mr M\u00e9liton<\/em><br \/>\nMarin Marais : <em>Chaconne en sol majeur pour deux violes et basse continue<\/em> (XIX)<\/p>\n<p>&nbsp;<\/p>\n<p><strong>Atsushi Saka\u00ef<\/strong>, viole de gambe<br \/>\n<strong>Marion Martineau<\/strong>, viole de gambe<br \/>\n<strong>Christophe Rousset<\/strong>, clavecin<\/p>\n","protected":false},"featured_media":1204,"template":"","event-type":[113],"event-saison":[178],"class_list":["post-1667","event","type-event","status-publish","has-post-thumbnail","hentry","event-type-clavecin-en","event-saison-season-2019-2020"],"acf":[],"yoast_head":"<!-- This site is optimized with the Yoast SEO plugin v27.5 - https:\/\/yoast.com\/product\/yoast-seo-wordpress\/ -->\n<title>Marin Marais &amp; Antoine Forqueray | Les Talens Lyriques<\/title>\n<meta name=\"robots\" content=\"index, follow, max-snippet:-1, max-image-preview:large, max-video-preview:-1\" \/>\n<link rel=\"canonical\" href=\"https:\/\/www.lestalenslyriques.com\/en\/event\/marin-marais-francois-couperin\/\" \/>\n<meta property=\"og:locale\" content=\"en_US\" \/>\n<meta property=\"og:type\" content=\"article\" \/>\n<meta property=\"og:title\" content=\"Marin Marais &amp; Antoine Forqueray | Les Talens Lyriques\" \/>\n<meta property=\"og:description\" content=\"Marin Marais (1658 &#8211; 1728) Antoine Forqueray (1672 &#8211; 1745) Marin Marais : \u00ab Pi\u00e8ces \u00e0 une et \u00e0 deux violes, Livre I (1686) \u00bb &#8211; extraits Forqueray : Pi\u00e8ces de clavecin (1747) Marin Marais : \u00ab Pi\u00e8ces \u00e0 une et \u00e0 deux violes, Livre I (1686) \u00bb &#8211; extraits Marin Marais : Tombeau de [&hellip;]\" \/>\n<meta property=\"og:url\" content=\"https:\/\/www.lestalenslyriques.com\/en\/event\/marin-marais-francois-couperin\/\" \/>\n<meta property=\"og:site_name\" content=\"Les Talens Lyriques\" \/>\n<meta property=\"article:modified_time\" content=\"2019-09-25T16:37:20+00:00\" \/>\n<meta property=\"og:image\" content=\"https:\/\/www.lestalenslyriques.com\/wp-content\/uploads\/2019\/03\/DSC_5506.jpg\" \/>\n\t<meta property=\"og:image:width\" content=\"4578\" \/>\n\t<meta property=\"og:image:height\" content=\"3198\" \/>\n\t<meta property=\"og:image:type\" content=\"image\/jpeg\" \/>\n<meta name=\"twitter:card\" content=\"summary_large_image\" \/>\n<script type=\"application\/ld+json\" class=\"yoast-schema-graph\">{\"@context\":\"https:\\\/\\\/schema.org\",\"@graph\":[{\"@type\":\"WebPage\",\"@id\":\"https:\\\/\\\/www.lestalenslyriques.com\\\/en\\\/event\\\/marin-marais-francois-couperin\\\/\",\"url\":\"https:\\\/\\\/www.lestalenslyriques.com\\\/en\\\/event\\\/marin-marais-francois-couperin\\\/\",\"name\":\"Marin Marais & Antoine Forqueray | Les Talens Lyriques\",\"isPartOf\":{\"@id\":\"https:\\\/\\\/www.lestalenslyriques.com\\\/en\\\/#website\"},\"primaryImageOfPage\":{\"@id\":\"https:\\\/\\\/www.lestalenslyriques.com\\\/en\\\/event\\\/marin-marais-francois-couperin\\\/#primaryimage\"},\"image\":{\"@id\":\"https:\\\/\\\/www.lestalenslyriques.com\\\/en\\\/event\\\/marin-marais-francois-couperin\\\/#primaryimage\"},\"thumbnailUrl\":\"https:\\\/\\\/www.lestalenslyriques.com\\\/wp-content\\\/uploads\\\/2019\\\/03\\\/DSC_5506.jpg\",\"datePublished\":\"2019-05-20T08:47:17+00:00\",\"dateModified\":\"2019-09-25T16:37:20+00:00\",\"breadcrumb\":{\"@id\":\"https:\\\/\\\/www.lestalenslyriques.com\\\/en\\\/event\\\/marin-marais-francois-couperin\\\/#breadcrumb\"},\"inLanguage\":\"en-US\",\"potentialAction\":[{\"@type\":\"ReadAction\",\"target\":[\"https:\\\/\\\/www.lestalenslyriques.com\\\/en\\\/event\\\/marin-marais-francois-couperin\\\/\"]}]},{\"@type\":\"ImageObject\",\"inLanguage\":\"en-US\",\"@id\":\"https:\\\/\\\/www.lestalenslyriques.com\\\/en\\\/event\\\/marin-marais-francois-couperin\\\/#primaryimage\",\"url\":\"https:\\\/\\\/www.lestalenslyriques.com\\\/wp-content\\\/uploads\\\/2019\\\/03\\\/DSC_5506.jpg\",\"contentUrl\":\"https:\\\/\\\/www.lestalenslyriques.com\\\/wp-content\\\/uploads\\\/2019\\\/03\\\/DSC_5506.jpg\",\"width\":4578,\"height\":3198},{\"@type\":\"BreadcrumbList\",\"@id\":\"https:\\\/\\\/www.lestalenslyriques.com\\\/en\\\/event\\\/marin-marais-francois-couperin\\\/#breadcrumb\",\"itemListElement\":[{\"@type\":\"ListItem\",\"position\":1,\"name\":\"Accueil\",\"item\":\"https:\\\/\\\/www.lestalenslyriques.com\\\/en\\\/\"},{\"@type\":\"ListItem\",\"position\":2,\"name\":\"Calendar\",\"item\":\"https:\\\/\\\/www.lestalenslyriques.com\\\/en\\\/event\\\/\"},{\"@type\":\"ListItem\",\"position\":3,\"name\":\"Marin Marais &#038; Antoine Forqueray\"}]},{\"@type\":\"WebSite\",\"@id\":\"https:\\\/\\\/www.lestalenslyriques.com\\\/en\\\/#website\",\"url\":\"https:\\\/\\\/www.lestalenslyriques.com\\\/en\\\/\",\"name\":\"Les Talens Lyriques\",\"description\":\"Christophe Rousset\",\"potentialAction\":[{\"@type\":\"SearchAction\",\"target\":{\"@type\":\"EntryPoint\",\"urlTemplate\":\"https:\\\/\\\/www.lestalenslyriques.com\\\/en\\\/?s={search_term_string}\"},\"query-input\":{\"@type\":\"PropertyValueSpecification\",\"valueRequired\":true,\"valueName\":\"search_term_string\"}}],\"inLanguage\":\"en-US\"}]}<\/script>\n<!-- \/ Yoast SEO plugin. -->","yoast_head_json":{"title":"Marin Marais & Antoine Forqueray | Les Talens Lyriques","robots":{"index":"index","follow":"follow","max-snippet":"max-snippet:-1","max-image-preview":"max-image-preview:large","max-video-preview":"max-video-preview:-1"},"canonical":"https:\/\/www.lestalenslyriques.com\/en\/event\/marin-marais-francois-couperin\/","og_locale":"en_US","og_type":"article","og_title":"Marin Marais & Antoine Forqueray | Les Talens Lyriques","og_description":"Marin Marais (1658 &#8211; 1728) Antoine Forqueray (1672 &#8211; 1745) Marin Marais : \u00ab Pi\u00e8ces \u00e0 une et \u00e0 deux violes, Livre I (1686) \u00bb &#8211; extraits Forqueray : Pi\u00e8ces de clavecin (1747) Marin Marais : \u00ab Pi\u00e8ces \u00e0 une et \u00e0 deux violes, Livre I (1686) \u00bb &#8211; extraits Marin Marais : Tombeau de [&hellip;]","og_url":"https:\/\/www.lestalenslyriques.com\/en\/event\/marin-marais-francois-couperin\/","og_site_name":"Les Talens Lyriques","article_modified_time":"2019-09-25T16:37:20+00:00","og_image":[{"width":4578,"height":3198,"url":"https:\/\/www.lestalenslyriques.com\/wp-content\/uploads\/2019\/03\/DSC_5506.jpg","type":"image\/jpeg"}],"twitter_card":"summary_large_image","schema":{"@context":"https:\/\/schema.org","@graph":[{"@type":"WebPage","@id":"https:\/\/www.lestalenslyriques.com\/en\/event\/marin-marais-francois-couperin\/","url":"https:\/\/www.lestalenslyriques.com\/en\/event\/marin-marais-francois-couperin\/","name":"Marin Marais & Antoine Forqueray | Les Talens Lyriques","isPartOf":{"@id":"https:\/\/www.lestalenslyriques.com\/en\/#website"},"primaryImageOfPage":{"@id":"https:\/\/www.lestalenslyriques.com\/en\/event\/marin-marais-francois-couperin\/#primaryimage"},"image":{"@id":"https:\/\/www.lestalenslyriques.com\/en\/event\/marin-marais-francois-couperin\/#primaryimage"},"thumbnailUrl":"https:\/\/www.lestalenslyriques.com\/wp-content\/uploads\/2019\/03\/DSC_5506.jpg","datePublished":"2019-05-20T08:47:17+00:00","dateModified":"2019-09-25T16:37:20+00:00","breadcrumb":{"@id":"https:\/\/www.lestalenslyriques.com\/en\/event\/marin-marais-francois-couperin\/#breadcrumb"},"inLanguage":"en-US","potentialAction":[{"@type":"ReadAction","target":["https:\/\/www.lestalenslyriques.com\/en\/event\/marin-marais-francois-couperin\/"]}]},{"@type":"ImageObject","inLanguage":"en-US","@id":"https:\/\/www.lestalenslyriques.com\/en\/event\/marin-marais-francois-couperin\/#primaryimage","url":"https:\/\/www.lestalenslyriques.com\/wp-content\/uploads\/2019\/03\/DSC_5506.jpg","contentUrl":"https:\/\/www.lestalenslyriques.com\/wp-content\/uploads\/2019\/03\/DSC_5506.jpg","width":4578,"height":3198},{"@type":"BreadcrumbList","@id":"https:\/\/www.lestalenslyriques.com\/en\/event\/marin-marais-francois-couperin\/#breadcrumb","itemListElement":[{"@type":"ListItem","position":1,"name":"Accueil","item":"https:\/\/www.lestalenslyriques.com\/en\/"},{"@type":"ListItem","position":2,"name":"Calendar","item":"https:\/\/www.lestalenslyriques.com\/en\/event\/"},{"@type":"ListItem","position":3,"name":"Marin Marais &#038; Antoine Forqueray"}]},{"@type":"WebSite","@id":"https:\/\/www.lestalenslyriques.com\/en\/#website","url":"https:\/\/www.lestalenslyriques.com\/en\/","name":"Les Talens Lyriques","description":"Christophe Rousset","potentialAction":[{"@type":"SearchAction","target":{"@type":"EntryPoint","urlTemplate":"https:\/\/www.lestalenslyriques.com\/en\/?s={search_term_string}"},"query-input":{"@type":"PropertyValueSpecification","valueRequired":true,"valueName":"search_term_string"}}],"inLanguage":"en-US"}]}},"_links":{"self":[{"href":"https:\/\/www.lestalenslyriques.com\/en\/wp-json\/wp\/v2\/event\/1667","targetHints":{"allow":["GET"]}}],"collection":[{"href":"https:\/\/www.lestalenslyriques.com\/en\/wp-json\/wp\/v2\/event"}],"about":[{"href":"https:\/\/www.lestalenslyriques.com\/en\/wp-json\/wp\/v2\/types\/event"}],"wp:featuredmedia":[{"embeddable":true,"href":"https:\/\/www.lestalenslyriques.com\/en\/wp-json\/wp\/v2\/media\/1204"}],"wp:attachment":[{"href":"https:\/\/www.lestalenslyriques.com\/en\/wp-json\/wp\/v2\/media?parent=1667"}],"wp:term":[{"taxonomy":"event-type","embeddable":true,"href":"https:\/\/www.lestalenslyriques.com\/en\/wp-json\/wp\/v2\/event-type?post=1667"},{"taxonomy":"event-saison","embeddable":true,"href":"https:\/\/www.lestalenslyriques.com\/en\/wp-json\/wp\/v2\/event-saison?post=1667"}],"curies":[{"name":"wp","href":"https:\/\/api.w.org\/{rel}","templated":true}]}}

<p><strong>Marin Marais (1658 &#8211; 1728)</strong><br />
<strong>Antoine Forqueray (1672 &#8211; 1745)</strong></p>
<p>Marin Marais : « Pièces à une et à deux violes, Livre I (1686) » &#8211; extraits<br />
Forqueray : Pièces de clavecin (1747)<br />
Marin Marais : « Pièces à une et à deux violes, Livre I (1686) » &#8211; extraits<br />
Marin Marais :<em> Tombeau de Mr Méliton</em><br />
Marin Marais : <em>Chaconne en sol majeur pour deux violes et basse continue</em> (XIX)</p>
<p>&nbsp;</p>
<p><strong>Atsushi Sakaï</strong>, viole de gambe<br />
<strong>Marion Martineau</strong>, viole de gambe<br />
<strong>Christophe Rousset</strong>, clavecin</p>

<!-- This site is optimized with the Yoast SEO plugin v27.5 - https://yoast.com/product/yoast-seo-wordpress/ -->
<title>Marin Marais &amp; Antoine Forqueray | Les Talens Lyriques</title>
<meta name="robots" content="index, follow, max-snippet:-1, max-image-preview:large, max-video-preview:-1" />
<link rel="canonical" href="https://www.lestalenslyriques.com/en/event/marin-marais-francois-couperin/" />
<meta property="og:locale" content="en_US" />
<meta property="og:type" content="article" />
<meta property="og:title" content="Marin Marais &amp; Antoine Forqueray | Les Talens Lyriques" />
<meta property="og:description" content="Marin Marais (1658 &#8211; 1728) Antoine Forqueray (1672 &#8211; 1745) Marin Marais : « Pièces à une et à deux violes, Livre I (1686) » &#8211; extraits Forqueray : Pièces de clavecin (1747) Marin Marais : « Pièces à une et à deux violes, Livre I (1686) » &#8211; extraits Marin Marais : Tombeau de [&hellip;]" />
<meta property="og:url" content="https://www.lestalenslyriques.com/en/event/marin-marais-francois-couperin/" />
<meta property="og:site_name" content="Les Talens Lyriques" />
<meta property="article:modified_time" content="2019-09-25T16:37:20+00:00" />
<meta property="og:image" content="https://www.lestalenslyriques.com/wp-content/uploads/2019/03/DSC_5506.jpg" />
	<meta property="og:image:width" content="4578" />
	<meta property="og:image:height" content="3198" />
	<meta property="og:image:type" content="image/jpeg" />
<meta name="twitter:card" content="summary_large_image" />
<script type="application/ld+json" class="yoast-schema-graph">{"@context":"https:\/\/schema.org","@graph":[{"@type":"WebPage","@id":"https:\/\/www.lestalenslyriques.com\/en\/event\/marin-marais-francois-couperin\/","url":"https:\/\/www.lestalenslyriques.com\/en\/event\/marin-marais-francois-couperin\/","name":"Marin Marais & Antoine Forqueray | Les Talens Lyriques","isPartOf":{"@id":"https:\/\/www.lestalenslyriques.com\/en\/#website"},"primaryImageOfPage":{"@id":"https:\/\/www.lestalenslyriques.com\/en\/event\/marin-marais-francois-couperin\/#primaryimage"},"image":{"@id":"https:\/\/www.lestalenslyriques.com\/en\/event\/marin-marais-francois-couperin\/#primaryimage"},"thumbnailUrl":"https:\/\/www.lestalenslyriques.com\/wp-content\/uploads\/2019\/03\/DSC_5506.jpg","datePublished":"2019-05-20T08:47:17+00:00","dateModified":"2019-09-25T16:37:20+00:00","breadcrumb":{"@id":"https:\/\/www.lestalenslyriques.com\/en\/event\/marin-marais-francois-couperin\/#breadcrumb"},"inLanguage":"en-US","potentialAction":[{"@type":"ReadAction","target":["https:\/\/www.lestalenslyriques.com\/en\/event\/marin-marais-francois-couperin\/"]}]},{"@type":"ImageObject","inLanguage":"en-US","@id":"https:\/\/www.lestalenslyriques.com\/en\/event\/marin-marais-francois-couperin\/#primaryimage","url":"https:\/\/www.lestalenslyriques.com\/wp-content\/uploads\/2019\/03\/DSC_5506.jpg","contentUrl":"https:\/\/www.lestalenslyriques.com\/wp-content\/uploads\/2019\/03\/DSC_5506.jpg","width":4578,"height":3198},{"@type":"BreadcrumbList","@id":"https:\/\/www.lestalenslyriques.com\/en\/event\/marin-marais-francois-couperin\/#breadcrumb","itemListElement":[{"@type":"ListItem","position":1,"name":"Accueil","item":"https:\/\/www.lestalenslyriques.com\/en\/"},{"@type":"ListItem","position":2,"name":"Calendar","item":"https:\/\/www.lestalenslyriques.com\/en\/event\/"},{"@type":"ListItem","position":3,"name":"Marin Marais &#038; Antoine Forqueray"}]},{"@type":"WebSite","@id":"https:\/\/www.lestalenslyriques.com\/en\/#website","url":"https:\/\/www.lestalenslyriques.com\/en\/","name":"Les Talens Lyriques","description":"Christophe Rousset","potentialAction":[{"@type":"SearchAction","target":{"@type":"EntryPoint","urlTemplate":"https:\/\/www.lestalenslyriques.com\/en\/?s={search_term_string}"},"query-input":{"@type":"PropertyValueSpecification","valueRequired":true,"valueName":"search_term_string"}}],"inLanguage":"en-US"}]}</script>
<!-- / Yoast SEO plugin. -->

Marin Marais (1658 &#8211; 1728) Antoine Forqueray (1672 &#8211; 1745) Marin Marais : « Pièces à une et à deux violes, Livre I (1686) » &#8211; extraits Forqueray : Pièces de clavecin (1747) Marin Marais : « Pièces à une et à deux violes, Livre I (1686) » &#8211; extraits Marin Marais : Tombeau de [&hellip;]
