{"id":1636,"date":"2019-05-20T11:31:00","date_gmt":"2019-05-20T09:31:00","guid":{"rendered":"https:\/\/www.lestalenslyriques.com\/?post_type=event&#038;p=1636"},"modified":"2019-07-16T19:23:33","modified_gmt":"2019-07-16T17:23:33","slug":"isis","status":"publish","type":"event","link":"https:\/\/www.lestalenslyriques.com\/en\/event\/isis\/","title":{"rendered":"Isis"},"content":{"rendered":"<p><strong>Jean-Baptiste Lully (1632-1687)<\/strong><\/p>\n<p>Trag\u00e9die en musique en un prologue et cinq actes sur un livret de Philippe Quinault<br \/>\nCr\u00e9\u00e9e le 5 janvier 1677 \u00e0 Saint-Germain en Laye<\/p>\n<p>&nbsp;<\/p>\n<p>Prologue :<\/p>\n<p>Thalie : <strong>\u00c8ve-Maud Hubeaux<\/strong><br \/>\nLa Renomm\u00e9e\/Melpom\u00e8ne : <strong>B\u00e9n\u00e9dicte Tauran<\/strong><br \/>\nCalliope : <strong>Ambroisine Br\u00e9<\/strong><br \/>\nApollon : <strong>Cyril Auvity<\/strong> (Beaune\/Vienne) \/ <strong>Robert Getchell<\/strong> (Paris\/Versailles)<br \/>\nNeptune : <strong>Philippe Est\u00e8phe<\/strong><\/p>\n<p>&nbsp;<\/p>\n<p>Trag\u00e9die :<\/p>\n<p>Isis\/Io : <strong>\u00c8ve-Maud Hubeaux<\/strong><br \/>\nMyc\u00e8ne\/Junon : <strong>B\u00e9n\u00e9dicte Tauran<\/strong><br \/>\nIris\/Syrinx\/H\u00e9b\u00e9 : <strong>Ambroisine Br\u00e9<\/strong><br \/>\nPirante\/La Furie : <strong>Cyril Auvity<\/strong> (Beaune\/Vienne) \/ <strong>Robert Getchell<\/strong> (Paris\/Versailles)<br \/>\nMercure : <strong>Fabien Hyon<\/strong><br \/>\nJupiter\/Pan : <strong>Edwin Crossley-Mercer<\/strong> \/ <strong>Jean-S\u00e9bastien Bou<\/strong> (Wien)<br \/>\nArgus : <strong>Philippe Est\u00e8phe<\/strong><br \/>\nHierax : <strong>Aimery Lef\u00e8vre<\/strong><\/p>\n<p>&nbsp;<\/p>\n<p><strong>Ch\u0153ur de chambre de Namur<\/strong><br \/>\n<strong>Les Talens Lyriques<\/strong><br \/>\nDirection musicale : <strong>Christophe Rousset<\/strong><\/p>\n<p>&nbsp;<\/p>\n<p>Enregistrement discographique \u00e0 para\u00eetre<\/p>\n<p>Ce projet re\u00e7oit le g\u00e9n\u00e9reux soutien d&#8217;Aline Foriel-Destezet<\/p>\n","protected":false},"featured_media":1822,"template":"","event-type":[111],"event-saison":[178],"class_list":["post-1636","event","type-event","status-publish","has-post-thumbnail","hentry","event-type-opera-and-oratorio-en","event-saison-season-2019-2020"],"acf":[],"yoast_head":"<!-- This site is optimized with the Yoast SEO plugin v27.5 - https:\/\/yoast.com\/product\/yoast-seo-wordpress\/ -->\n<title>Isis | Les Talens Lyriques<\/title>\n<meta name=\"robots\" content=\"index, follow, max-snippet:-1, max-image-preview:large, max-video-preview:-1\" \/>\n<link rel=\"canonical\" href=\"https:\/\/www.lestalenslyriques.com\/en\/event\/isis\/\" \/>\n<meta property=\"og:locale\" content=\"en_US\" \/>\n<meta property=\"og:type\" content=\"article\" \/>\n<meta property=\"og:title\" content=\"Isis | Les Talens Lyriques\" \/>\n<meta property=\"og:description\" content=\"Jean-Baptiste Lully (1632-1687) Trag\u00e9die en musique en un prologue et cinq actes sur un livret de Philippe Quinault Cr\u00e9\u00e9e le 5 janvier 1677 \u00e0 Saint-Germain en Laye &nbsp; Prologue : Thalie : \u00c8ve-Maud Hubeaux La Renomm\u00e9e\/Melpom\u00e8ne : B\u00e9n\u00e9dicte Tauran Calliope : Ambroisine Br\u00e9 Apollon : Cyril Auvity (Beaune\/Vienne) \/ Robert Getchell (Paris\/Versailles) Neptune : Philippe [&hellip;]\" \/>\n<meta property=\"og:url\" content=\"https:\/\/www.lestalenslyriques.com\/en\/event\/isis\/\" \/>\n<meta property=\"og:site_name\" content=\"Les Talens Lyriques\" \/>\n<meta property=\"article:modified_time\" content=\"2019-07-16T17:23:33+00:00\" \/>\n<meta property=\"og:image\" content=\"https:\/\/www.lestalenslyriques.com\/wp-content\/uploads\/2019\/05\/isis-768x768.png\" \/>\n\t<meta property=\"og:image:width\" content=\"768\" \/>\n\t<meta property=\"og:image:height\" content=\"768\" \/>\n\t<meta property=\"og:image:type\" content=\"image\/png\" \/>\n<meta name=\"twitter:card\" content=\"summary_large_image\" \/>\n<meta name=\"twitter:label1\" content=\"Est. reading time\" \/>\n\t<meta name=\"twitter:data1\" content=\"1 minute\" \/>\n<script type=\"application\/ld+json\" class=\"yoast-schema-graph\">{\"@context\":\"https:\\\/\\\/schema.org\",\"@graph\":[{\"@type\":\"WebPage\",\"@id\":\"https:\\\/\\\/www.lestalenslyriques.com\\\/en\\\/event\\\/isis\\\/\",\"url\":\"https:\\\/\\\/www.lestalenslyriques.com\\\/en\\\/event\\\/isis\\\/\",\"name\":\"Isis | Les Talens Lyriques\",\"isPartOf\":{\"@id\":\"https:\\\/\\\/www.lestalenslyriques.com\\\/en\\\/#website\"},\"primaryImageOfPage\":{\"@id\":\"https:\\\/\\\/www.lestalenslyriques.com\\\/en\\\/event\\\/isis\\\/#primaryimage\"},\"image\":{\"@id\":\"https:\\\/\\\/www.lestalenslyriques.com\\\/en\\\/event\\\/isis\\\/#primaryimage\"},\"thumbnailUrl\":\"https:\\\/\\\/www.lestalenslyriques.com\\\/wp-content\\\/uploads\\\/2019\\\/05\\\/isis.png\",\"datePublished\":\"2019-05-20T09:31:00+00:00\",\"dateModified\":\"2019-07-16T17:23:33+00:00\",\"breadcrumb\":{\"@id\":\"https:\\\/\\\/www.lestalenslyriques.com\\\/en\\\/event\\\/isis\\\/#breadcrumb\"},\"inLanguage\":\"en-US\",\"potentialAction\":[{\"@type\":\"ReadAction\",\"target\":[\"https:\\\/\\\/www.lestalenslyriques.com\\\/en\\\/event\\\/isis\\\/\"]}]},{\"@type\":\"ImageObject\",\"inLanguage\":\"en-US\",\"@id\":\"https:\\\/\\\/www.lestalenslyriques.com\\\/en\\\/event\\\/isis\\\/#primaryimage\",\"url\":\"https:\\\/\\\/www.lestalenslyriques.com\\\/wp-content\\\/uploads\\\/2019\\\/05\\\/isis.png\",\"contentUrl\":\"https:\\\/\\\/www.lestalenslyriques.com\\\/wp-content\\\/uploads\\\/2019\\\/05\\\/isis.png\",\"width\":4167,\"height\":4167},{\"@type\":\"BreadcrumbList\",\"@id\":\"https:\\\/\\\/www.lestalenslyriques.com\\\/en\\\/event\\\/isis\\\/#breadcrumb\",\"itemListElement\":[{\"@type\":\"ListItem\",\"position\":1,\"name\":\"Accueil\",\"item\":\"https:\\\/\\\/www.lestalenslyriques.com\\\/en\\\/\"},{\"@type\":\"ListItem\",\"position\":2,\"name\":\"Calendar\",\"item\":\"https:\\\/\\\/www.lestalenslyriques.com\\\/en\\\/event\\\/\"},{\"@type\":\"ListItem\",\"position\":3,\"name\":\"Isis\"}]},{\"@type\":\"WebSite\",\"@id\":\"https:\\\/\\\/www.lestalenslyriques.com\\\/en\\\/#website\",\"url\":\"https:\\\/\\\/www.lestalenslyriques.com\\\/en\\\/\",\"name\":\"Les Talens Lyriques\",\"description\":\"Christophe Rousset\",\"potentialAction\":[{\"@type\":\"SearchAction\",\"target\":{\"@type\":\"EntryPoint\",\"urlTemplate\":\"https:\\\/\\\/www.lestalenslyriques.com\\\/en\\\/?s={search_term_string}\"},\"query-input\":{\"@type\":\"PropertyValueSpecification\",\"valueRequired\":true,\"valueName\":\"search_term_string\"}}],\"inLanguage\":\"en-US\"}]}<\/script>\n<!-- \/ Yoast SEO plugin. -->","yoast_head_json":{"title":"Isis | Les Talens Lyriques","robots":{"index":"index","follow":"follow","max-snippet":"max-snippet:-1","max-image-preview":"max-image-preview:large","max-video-preview":"max-video-preview:-1"},"canonical":"https:\/\/www.lestalenslyriques.com\/en\/event\/isis\/","og_locale":"en_US","og_type":"article","og_title":"Isis | Les Talens Lyriques","og_description":"Jean-Baptiste Lully (1632-1687) Trag\u00e9die en musique en un prologue et cinq actes sur un livret de Philippe Quinault Cr\u00e9\u00e9e le 5 janvier 1677 \u00e0 Saint-Germain en Laye &nbsp; Prologue : Thalie : \u00c8ve-Maud Hubeaux La Renomm\u00e9e\/Melpom\u00e8ne : B\u00e9n\u00e9dicte Tauran Calliope : Ambroisine Br\u00e9 Apollon : Cyril Auvity (Beaune\/Vienne) \/ Robert Getchell (Paris\/Versailles) Neptune : Philippe [&hellip;]","og_url":"https:\/\/www.lestalenslyriques.com\/en\/event\/isis\/","og_site_name":"Les Talens Lyriques","article_modified_time":"2019-07-16T17:23:33+00:00","og_image":[{"width":768,"height":768,"url":"https:\/\/www.lestalenslyriques.com\/wp-content\/uploads\/2019\/05\/isis-768x768.png","type":"image\/png"}],"twitter_card":"summary_large_image","twitter_misc":{"Est. reading time":"1 minute"},"schema":{"@context":"https:\/\/schema.org","@graph":[{"@type":"WebPage","@id":"https:\/\/www.lestalenslyriques.com\/en\/event\/isis\/","url":"https:\/\/www.lestalenslyriques.com\/en\/event\/isis\/","name":"Isis | Les Talens Lyriques","isPartOf":{"@id":"https:\/\/www.lestalenslyriques.com\/en\/#website"},"primaryImageOfPage":{"@id":"https:\/\/www.lestalenslyriques.com\/en\/event\/isis\/#primaryimage"},"image":{"@id":"https:\/\/www.lestalenslyriques.com\/en\/event\/isis\/#primaryimage"},"thumbnailUrl":"https:\/\/www.lestalenslyriques.com\/wp-content\/uploads\/2019\/05\/isis.png","datePublished":"2019-05-20T09:31:00+00:00","dateModified":"2019-07-16T17:23:33+00:00","breadcrumb":{"@id":"https:\/\/www.lestalenslyriques.com\/en\/event\/isis\/#breadcrumb"},"inLanguage":"en-US","potentialAction":[{"@type":"ReadAction","target":["https:\/\/www.lestalenslyriques.com\/en\/event\/isis\/"]}]},{"@type":"ImageObject","inLanguage":"en-US","@id":"https:\/\/www.lestalenslyriques.com\/en\/event\/isis\/#primaryimage","url":"https:\/\/www.lestalenslyriques.com\/wp-content\/uploads\/2019\/05\/isis.png","contentUrl":"https:\/\/www.lestalenslyriques.com\/wp-content\/uploads\/2019\/05\/isis.png","width":4167,"height":4167},{"@type":"BreadcrumbList","@id":"https:\/\/www.lestalenslyriques.com\/en\/event\/isis\/#breadcrumb","itemListElement":[{"@type":"ListItem","position":1,"name":"Accueil","item":"https:\/\/www.lestalenslyriques.com\/en\/"},{"@type":"ListItem","position":2,"name":"Calendar","item":"https:\/\/www.lestalenslyriques.com\/en\/event\/"},{"@type":"ListItem","position":3,"name":"Isis"}]},{"@type":"WebSite","@id":"https:\/\/www.lestalenslyriques.com\/en\/#website","url":"https:\/\/www.lestalenslyriques.com\/en\/","name":"Les Talens Lyriques","description":"Christophe Rousset","potentialAction":[{"@type":"SearchAction","target":{"@type":"EntryPoint","urlTemplate":"https:\/\/www.lestalenslyriques.com\/en\/?s={search_term_string}"},"query-input":{"@type":"PropertyValueSpecification","valueRequired":true,"valueName":"search_term_string"}}],"inLanguage":"en-US"}]}},"_links":{"self":[{"href":"https:\/\/www.lestalenslyriques.com\/en\/wp-json\/wp\/v2\/event\/1636","targetHints":{"allow":["GET"]}}],"collection":[{"href":"https:\/\/www.lestalenslyriques.com\/en\/wp-json\/wp\/v2\/event"}],"about":[{"href":"https:\/\/www.lestalenslyriques.com\/en\/wp-json\/wp\/v2\/types\/event"}],"wp:featuredmedia":[{"embeddable":true,"href":"https:\/\/www.lestalenslyriques.com\/en\/wp-json\/wp\/v2\/media\/1822"}],"wp:attachment":[{"href":"https:\/\/www.lestalenslyriques.com\/en\/wp-json\/wp\/v2\/media?parent=1636"}],"wp:term":[{"taxonomy":"event-type","embeddable":true,"href":"https:\/\/www.lestalenslyriques.com\/en\/wp-json\/wp\/v2\/event-type?post=1636"},{"taxonomy":"event-saison","embeddable":true,"href":"https:\/\/www.lestalenslyriques.com\/en\/wp-json\/wp\/v2\/event-saison?post=1636"}],"curies":[{"name":"wp","href":"https:\/\/api.w.org\/{rel}","templated":true}]}}

<p><strong>Jean-Baptiste Lully (1632-1687)</strong></p>
<p>Tragédie en musique en un prologue et cinq actes sur un livret de Philippe Quinault<br />
Créée le 5 janvier 1677 à Saint-Germain en Laye</p>
<p>&nbsp;</p>
<p>Prologue :</p>
<p>Thalie : <strong>Ève-Maud Hubeaux</strong><br />
La Renommée/Melpomène : <strong>Bénédicte Tauran</strong><br />
Calliope : <strong>Ambroisine Bré</strong><br />
Apollon : <strong>Cyril Auvity</strong> (Beaune/Vienne) / <strong>Robert Getchell</strong> (Paris/Versailles)<br />
Neptune : <strong>Philippe Estèphe</strong></p>
<p>&nbsp;</p>
<p>Tragédie :</p>
<p>Isis/Io : <strong>Ève-Maud Hubeaux</strong><br />
Mycène/Junon : <strong>Bénédicte Tauran</strong><br />
Iris/Syrinx/Hébé : <strong>Ambroisine Bré</strong><br />
Pirante/La Furie : <strong>Cyril Auvity</strong> (Beaune/Vienne) / <strong>Robert Getchell</strong> (Paris/Versailles)<br />
Mercure : <strong>Fabien Hyon</strong><br />
Jupiter/Pan : <strong>Edwin Crossley-Mercer</strong> / <strong>Jean-Sébastien Bou</strong> (Wien)<br />
Argus : <strong>Philippe Estèphe</strong><br />
Hierax : <strong>Aimery Lefèvre</strong></p>
<p>&nbsp;</p>
<p><strong>Chœur de chambre de Namur</strong><br />
<strong>Les Talens Lyriques</strong><br />
Direction musicale : <strong>Christophe Rousset</strong></p>
<p>&nbsp;</p>
<p>Enregistrement discographique à paraître</p>
<p>Ce projet reçoit le généreux soutien d&#8217;Aline Foriel-Destezet</p>

<!-- This site is optimized with the Yoast SEO plugin v27.5 - https://yoast.com/product/yoast-seo-wordpress/ -->
<title>Isis | Les Talens Lyriques</title>
<meta name="robots" content="index, follow, max-snippet:-1, max-image-preview:large, max-video-preview:-1" />
<link rel="canonical" href="https://www.lestalenslyriques.com/en/event/isis/" />
<meta property="og:locale" content="en_US" />
<meta property="og:type" content="article" />
<meta property="og:title" content="Isis | Les Talens Lyriques" />
<meta property="og:description" content="Jean-Baptiste Lully (1632-1687) Tragédie en musique en un prologue et cinq actes sur un livret de Philippe Quinault Créée le 5 janvier 1677 à Saint-Germain en Laye &nbsp; Prologue : Thalie : Ève-Maud Hubeaux La Renommée/Melpomène : Bénédicte Tauran Calliope : Ambroisine Bré Apollon : Cyril Auvity (Beaune/Vienne) / Robert Getchell (Paris/Versailles) Neptune : Philippe [&hellip;]" />
<meta property="og:url" content="https://www.lestalenslyriques.com/en/event/isis/" />
<meta property="og:site_name" content="Les Talens Lyriques" />
<meta property="article:modified_time" content="2019-07-16T17:23:33+00:00" />
<meta property="og:image" content="https://www.lestalenslyriques.com/wp-content/uploads/2019/05/isis-768x768.png" />
	<meta property="og:image:width" content="768" />
	<meta property="og:image:height" content="768" />
	<meta property="og:image:type" content="image/png" />
<meta name="twitter:card" content="summary_large_image" />
<meta name="twitter:label1" content="Est. reading time" />
	<meta name="twitter:data1" content="1 minute" />
<script type="application/ld+json" class="yoast-schema-graph">{"@context":"https:\/\/schema.org","@graph":[{"@type":"WebPage","@id":"https:\/\/www.lestalenslyriques.com\/en\/event\/isis\/","url":"https:\/\/www.lestalenslyriques.com\/en\/event\/isis\/","name":"Isis | Les Talens Lyriques","isPartOf":{"@id":"https:\/\/www.lestalenslyriques.com\/en\/#website"},"primaryImageOfPage":{"@id":"https:\/\/www.lestalenslyriques.com\/en\/event\/isis\/#primaryimage"},"image":{"@id":"https:\/\/www.lestalenslyriques.com\/en\/event\/isis\/#primaryimage"},"thumbnailUrl":"https:\/\/www.lestalenslyriques.com\/wp-content\/uploads\/2019\/05\/isis.png","datePublished":"2019-05-20T09:31:00+00:00","dateModified":"2019-07-16T17:23:33+00:00","breadcrumb":{"@id":"https:\/\/www.lestalenslyriques.com\/en\/event\/isis\/#breadcrumb"},"inLanguage":"en-US","potentialAction":[{"@type":"ReadAction","target":["https:\/\/www.lestalenslyriques.com\/en\/event\/isis\/"]}]},{"@type":"ImageObject","inLanguage":"en-US","@id":"https:\/\/www.lestalenslyriques.com\/en\/event\/isis\/#primaryimage","url":"https:\/\/www.lestalenslyriques.com\/wp-content\/uploads\/2019\/05\/isis.png","contentUrl":"https:\/\/www.lestalenslyriques.com\/wp-content\/uploads\/2019\/05\/isis.png","width":4167,"height":4167},{"@type":"BreadcrumbList","@id":"https:\/\/www.lestalenslyriques.com\/en\/event\/isis\/#breadcrumb","itemListElement":[{"@type":"ListItem","position":1,"name":"Accueil","item":"https:\/\/www.lestalenslyriques.com\/en\/"},{"@type":"ListItem","position":2,"name":"Calendar","item":"https:\/\/www.lestalenslyriques.com\/en\/event\/"},{"@type":"ListItem","position":3,"name":"Isis"}]},{"@type":"WebSite","@id":"https:\/\/www.lestalenslyriques.com\/en\/#website","url":"https:\/\/www.lestalenslyriques.com\/en\/","name":"Les Talens Lyriques","description":"Christophe Rousset","potentialAction":[{"@type":"SearchAction","target":{"@type":"EntryPoint","urlTemplate":"https:\/\/www.lestalenslyriques.com\/en\/?s={search_term_string}"},"query-input":{"@type":"PropertyValueSpecification","valueRequired":true,"valueName":"search_term_string"}}],"inLanguage":"en-US"}]}</script>
<!-- / Yoast SEO plugin. -->

Jean-Baptiste Lully (1632-1687) Tragédie en musique en un prologue et cinq actes sur un livret de Philippe Quinault Créée le 5 janvier 1677 à Saint-Germain en Laye &nbsp; Prologue : Thalie : Ève-Maud Hubeaux La Renommée/Melpomène : Bénédicte Tauran Calliope : Ambroisine Bré Apollon : Cyril Auvity (Beaune/Vienne) / Robert Getchell (Paris/Versailles) Neptune : Philippe [&hellip;]
