{"id":1627,"date":"2019-05-20T11:38:27","date_gmt":"2019-05-20T09:38:27","guid":{"rendered":"https:\/\/www.lestalenslyriques.com\/?post_type=event&#038;p=1627"},"modified":"2019-12-12T13:52:41","modified_gmt":"2019-12-12T12:52:41","slug":"lincoronazione-di-poppea","status":"publish","type":"event","link":"https:\/\/www.lestalenslyriques.com\/en\/event\/lincoronazione-di-poppea\/","title":{"rendered":"L&#8217;incoronazione di Poppea"},"content":{"rendered":"<p><strong>Claudio Monteverdi (1567-1643)<\/strong><\/p>\n<p>Op\u00e9ra en un prologue et trois actes sur un livret de Giovanni Francesco Busenello<br \/>\nCr\u00e9\u00e9 en 1643 \u00e0 Venise (Teatro San Giovanni e Paolo)<\/p>\n<p>Direction musicale : <strong>Christophe Rousset<\/strong><br \/>\nMise en sc\u00e8ne : <strong>Stephen Langridge<\/strong><br \/>\nSc\u00e9nographie et costumes : <strong>Alison Chitty<\/strong><br \/>\nLumi\u00e8res : <strong>Fabrice Kebour<\/strong><br \/>\nCostumes : <strong>Philippe Giraudeau<\/strong><\/p>\n<p>&nbsp;<\/p>\n<p>Poppea : <strong>Anne-Catherine Gillet<\/strong><br \/>\nNerone : <strong>Marie-Nicole Lemieux<\/strong><br \/>\nOttavia : <strong>Alice Coote<\/strong><br \/>\nOttone : <strong>Delphine Galou<\/strong><br \/>\nSeneca : <strong>Jean Teitgen<\/strong><br \/>\nDrusilla : <strong>Judith van Wanroij<\/strong><br \/>\nArnalta : <strong>Mathias Vidal<br \/>\n<\/strong>Nutrice\/Familiare I : <strong>Robert Getchell<\/strong><br \/>\nVirt\u00f9\/Damigella\/Pallade : <strong>Catherine Trottman<\/strong><br \/>\nFortuna : <strong>Chantal Santon-Jeffery<\/strong><br \/>\nValletto : <strong>Lucia Mart\u00edn-Cart\u00f3n<\/strong><br \/>\nAmore : <strong>Emilie Renard<\/strong><br \/>\nMercurio\/Console I\/Littore : <strong>Philippe Est\u00e8phe<\/strong><br \/>\nSoldate I\/Lucano\/Familiare II\/Tribuno I : <strong>Emiliano Gonzalez Toro<\/strong><br \/>\nSoldate II\/Liberto Capitano\/Tribuno II : <strong>Manuel Nu\u00f1ez Camelino<\/strong><br \/>\nFamigliare III\/Console II : <strong>Thibault de Damas<\/strong><\/p>\n<p><strong>Les Talens Lyriques<\/strong><\/p>\n<p>Nouvelle coproduction Th\u00e9\u00e2tre des Champs-\u00c9lys\u00e9es &#8211; Th\u00e9\u00e2tre du Capitole<\/p>\n","protected":false},"featured_media":1695,"template":"","event-type":[111],"event-saison":[178],"class_list":["post-1627","event","type-event","status-publish","has-post-thumbnail","hentry","event-type-opera-and-oratorio-en","event-saison-season-2019-2020"],"acf":[],"yoast_head":"<!-- This site is optimized with the Yoast SEO plugin v27.5 - https:\/\/yoast.com\/product\/yoast-seo-wordpress\/ -->\n<title>L&#039;incoronazione di Poppea | Les Talens Lyriques<\/title>\n<meta name=\"robots\" content=\"index, follow, max-snippet:-1, max-image-preview:large, max-video-preview:-1\" \/>\n<link rel=\"canonical\" href=\"https:\/\/www.lestalenslyriques.com\/en\/event\/lincoronazione-di-poppea\/\" \/>\n<meta property=\"og:locale\" content=\"en_US\" \/>\n<meta property=\"og:type\" content=\"article\" \/>\n<meta property=\"og:title\" content=\"L&#039;incoronazione di Poppea | Les Talens Lyriques\" \/>\n<meta property=\"og:description\" content=\"Claudio Monteverdi (1567-1643) Op\u00e9ra en un prologue et trois actes sur un livret de Giovanni Francesco Busenello Cr\u00e9\u00e9 en 1643 \u00e0 Venise (Teatro San Giovanni e Paolo) Direction musicale : Christophe Rousset Mise en sc\u00e8ne : Stephen Langridge Sc\u00e9nographie et costumes : Alison Chitty Lumi\u00e8res : Fabrice Kebour Costumes : Philippe Giraudeau &nbsp; Poppea : [&hellip;]\" \/>\n<meta property=\"og:url\" content=\"https:\/\/www.lestalenslyriques.com\/en\/event\/lincoronazione-di-poppea\/\" \/>\n<meta property=\"og:site_name\" content=\"Les Talens Lyriques\" \/>\n<meta property=\"article:modified_time\" content=\"2019-12-12T12:52:41+00:00\" \/>\n<meta property=\"og:image\" content=\"https:\/\/www.lestalenslyriques.com\/wp-content\/uploads\/2019\/05\/visuelsite2-768x768.png\" \/>\n\t<meta property=\"og:image:width\" content=\"768\" \/>\n\t<meta property=\"og:image:height\" content=\"768\" \/>\n\t<meta property=\"og:image:type\" content=\"image\/png\" \/>\n<meta name=\"twitter:card\" content=\"summary_large_image\" \/>\n<meta name=\"twitter:label1\" content=\"Est. reading time\" \/>\n\t<meta name=\"twitter:data1\" content=\"1 minute\" \/>\n<script type=\"application\/ld+json\" class=\"yoast-schema-graph\">{\"@context\":\"https:\\\/\\\/schema.org\",\"@graph\":[{\"@type\":\"WebPage\",\"@id\":\"https:\\\/\\\/www.lestalenslyriques.com\\\/en\\\/event\\\/lincoronazione-di-poppea\\\/\",\"url\":\"https:\\\/\\\/www.lestalenslyriques.com\\\/en\\\/event\\\/lincoronazione-di-poppea\\\/\",\"name\":\"L'incoronazione di Poppea | Les Talens Lyriques\",\"isPartOf\":{\"@id\":\"https:\\\/\\\/www.lestalenslyriques.com\\\/en\\\/#website\"},\"primaryImageOfPage\":{\"@id\":\"https:\\\/\\\/www.lestalenslyriques.com\\\/en\\\/event\\\/lincoronazione-di-poppea\\\/#primaryimage\"},\"image\":{\"@id\":\"https:\\\/\\\/www.lestalenslyriques.com\\\/en\\\/event\\\/lincoronazione-di-poppea\\\/#primaryimage\"},\"thumbnailUrl\":\"https:\\\/\\\/www.lestalenslyriques.com\\\/wp-content\\\/uploads\\\/2019\\\/05\\\/visuelsite2.png\",\"datePublished\":\"2019-05-20T09:38:27+00:00\",\"dateModified\":\"2019-12-12T12:52:41+00:00\",\"breadcrumb\":{\"@id\":\"https:\\\/\\\/www.lestalenslyriques.com\\\/en\\\/event\\\/lincoronazione-di-poppea\\\/#breadcrumb\"},\"inLanguage\":\"en-US\",\"potentialAction\":[{\"@type\":\"ReadAction\",\"target\":[\"https:\\\/\\\/www.lestalenslyriques.com\\\/en\\\/event\\\/lincoronazione-di-poppea\\\/\"]}]},{\"@type\":\"ImageObject\",\"inLanguage\":\"en-US\",\"@id\":\"https:\\\/\\\/www.lestalenslyriques.com\\\/en\\\/event\\\/lincoronazione-di-poppea\\\/#primaryimage\",\"url\":\"https:\\\/\\\/www.lestalenslyriques.com\\\/wp-content\\\/uploads\\\/2019\\\/05\\\/visuelsite2.png\",\"contentUrl\":\"https:\\\/\\\/www.lestalenslyriques.com\\\/wp-content\\\/uploads\\\/2019\\\/05\\\/visuelsite2.png\",\"width\":4167,\"height\":4167},{\"@type\":\"BreadcrumbList\",\"@id\":\"https:\\\/\\\/www.lestalenslyriques.com\\\/en\\\/event\\\/lincoronazione-di-poppea\\\/#breadcrumb\",\"itemListElement\":[{\"@type\":\"ListItem\",\"position\":1,\"name\":\"Accueil\",\"item\":\"https:\\\/\\\/www.lestalenslyriques.com\\\/en\\\/\"},{\"@type\":\"ListItem\",\"position\":2,\"name\":\"Calendar\",\"item\":\"https:\\\/\\\/www.lestalenslyriques.com\\\/en\\\/event\\\/\"},{\"@type\":\"ListItem\",\"position\":3,\"name\":\"L&#8217;incoronazione di Poppea\"}]},{\"@type\":\"WebSite\",\"@id\":\"https:\\\/\\\/www.lestalenslyriques.com\\\/en\\\/#website\",\"url\":\"https:\\\/\\\/www.lestalenslyriques.com\\\/en\\\/\",\"name\":\"Les Talens Lyriques\",\"description\":\"Christophe Rousset\",\"potentialAction\":[{\"@type\":\"SearchAction\",\"target\":{\"@type\":\"EntryPoint\",\"urlTemplate\":\"https:\\\/\\\/www.lestalenslyriques.com\\\/en\\\/?s={search_term_string}\"},\"query-input\":{\"@type\":\"PropertyValueSpecification\",\"valueRequired\":true,\"valueName\":\"search_term_string\"}}],\"inLanguage\":\"en-US\"}]}<\/script>\n<!-- \/ Yoast SEO plugin. -->","yoast_head_json":{"title":"L'incoronazione di Poppea | Les Talens Lyriques","robots":{"index":"index","follow":"follow","max-snippet":"max-snippet:-1","max-image-preview":"max-image-preview:large","max-video-preview":"max-video-preview:-1"},"canonical":"https:\/\/www.lestalenslyriques.com\/en\/event\/lincoronazione-di-poppea\/","og_locale":"en_US","og_type":"article","og_title":"L'incoronazione di Poppea | Les Talens Lyriques","og_description":"Claudio Monteverdi (1567-1643) Op\u00e9ra en un prologue et trois actes sur un livret de Giovanni Francesco Busenello Cr\u00e9\u00e9 en 1643 \u00e0 Venise (Teatro San Giovanni e Paolo) Direction musicale : Christophe Rousset Mise en sc\u00e8ne : Stephen Langridge Sc\u00e9nographie et costumes : Alison Chitty Lumi\u00e8res : Fabrice Kebour Costumes : Philippe Giraudeau &nbsp; Poppea : [&hellip;]","og_url":"https:\/\/www.lestalenslyriques.com\/en\/event\/lincoronazione-di-poppea\/","og_site_name":"Les Talens Lyriques","article_modified_time":"2019-12-12T12:52:41+00:00","og_image":[{"width":768,"height":768,"url":"https:\/\/www.lestalenslyriques.com\/wp-content\/uploads\/2019\/05\/visuelsite2-768x768.png","type":"image\/png"}],"twitter_card":"summary_large_image","twitter_misc":{"Est. reading time":"1 minute"},"schema":{"@context":"https:\/\/schema.org","@graph":[{"@type":"WebPage","@id":"https:\/\/www.lestalenslyriques.com\/en\/event\/lincoronazione-di-poppea\/","url":"https:\/\/www.lestalenslyriques.com\/en\/event\/lincoronazione-di-poppea\/","name":"L'incoronazione di Poppea | Les Talens Lyriques","isPartOf":{"@id":"https:\/\/www.lestalenslyriques.com\/en\/#website"},"primaryImageOfPage":{"@id":"https:\/\/www.lestalenslyriques.com\/en\/event\/lincoronazione-di-poppea\/#primaryimage"},"image":{"@id":"https:\/\/www.lestalenslyriques.com\/en\/event\/lincoronazione-di-poppea\/#primaryimage"},"thumbnailUrl":"https:\/\/www.lestalenslyriques.com\/wp-content\/uploads\/2019\/05\/visuelsite2.png","datePublished":"2019-05-20T09:38:27+00:00","dateModified":"2019-12-12T12:52:41+00:00","breadcrumb":{"@id":"https:\/\/www.lestalenslyriques.com\/en\/event\/lincoronazione-di-poppea\/#breadcrumb"},"inLanguage":"en-US","potentialAction":[{"@type":"ReadAction","target":["https:\/\/www.lestalenslyriques.com\/en\/event\/lincoronazione-di-poppea\/"]}]},{"@type":"ImageObject","inLanguage":"en-US","@id":"https:\/\/www.lestalenslyriques.com\/en\/event\/lincoronazione-di-poppea\/#primaryimage","url":"https:\/\/www.lestalenslyriques.com\/wp-content\/uploads\/2019\/05\/visuelsite2.png","contentUrl":"https:\/\/www.lestalenslyriques.com\/wp-content\/uploads\/2019\/05\/visuelsite2.png","width":4167,"height":4167},{"@type":"BreadcrumbList","@id":"https:\/\/www.lestalenslyriques.com\/en\/event\/lincoronazione-di-poppea\/#breadcrumb","itemListElement":[{"@type":"ListItem","position":1,"name":"Accueil","item":"https:\/\/www.lestalenslyriques.com\/en\/"},{"@type":"ListItem","position":2,"name":"Calendar","item":"https:\/\/www.lestalenslyriques.com\/en\/event\/"},{"@type":"ListItem","position":3,"name":"L&#8217;incoronazione di Poppea"}]},{"@type":"WebSite","@id":"https:\/\/www.lestalenslyriques.com\/en\/#website","url":"https:\/\/www.lestalenslyriques.com\/en\/","name":"Les Talens Lyriques","description":"Christophe Rousset","potentialAction":[{"@type":"SearchAction","target":{"@type":"EntryPoint","urlTemplate":"https:\/\/www.lestalenslyriques.com\/en\/?s={search_term_string}"},"query-input":{"@type":"PropertyValueSpecification","valueRequired":true,"valueName":"search_term_string"}}],"inLanguage":"en-US"}]}},"_links":{"self":[{"href":"https:\/\/www.lestalenslyriques.com\/en\/wp-json\/wp\/v2\/event\/1627","targetHints":{"allow":["GET"]}}],"collection":[{"href":"https:\/\/www.lestalenslyriques.com\/en\/wp-json\/wp\/v2\/event"}],"about":[{"href":"https:\/\/www.lestalenslyriques.com\/en\/wp-json\/wp\/v2\/types\/event"}],"wp:featuredmedia":[{"embeddable":true,"href":"https:\/\/www.lestalenslyriques.com\/en\/wp-json\/wp\/v2\/media\/1695"}],"wp:attachment":[{"href":"https:\/\/www.lestalenslyriques.com\/en\/wp-json\/wp\/v2\/media?parent=1627"}],"wp:term":[{"taxonomy":"event-type","embeddable":true,"href":"https:\/\/www.lestalenslyriques.com\/en\/wp-json\/wp\/v2\/event-type?post=1627"},{"taxonomy":"event-saison","embeddable":true,"href":"https:\/\/www.lestalenslyriques.com\/en\/wp-json\/wp\/v2\/event-saison?post=1627"}],"curies":[{"name":"wp","href":"https:\/\/api.w.org\/{rel}","templated":true}]}}

<p><strong>Claudio Monteverdi (1567-1643)</strong></p>
<p>Opéra en un prologue et trois actes sur un livret de Giovanni Francesco Busenello<br />
Créé en 1643 à Venise (Teatro San Giovanni e Paolo)</p>
<p>Direction musicale : <strong>Christophe Rousset</strong><br />
Mise en scène : <strong>Stephen Langridge</strong><br />
Scénographie et costumes : <strong>Alison Chitty</strong><br />
Lumières : <strong>Fabrice Kebour</strong><br />
Costumes : <strong>Philippe Giraudeau</strong></p>
<p>&nbsp;</p>
<p>Poppea : <strong>Anne-Catherine Gillet</strong><br />
Nerone : <strong>Marie-Nicole Lemieux</strong><br />
Ottavia : <strong>Alice Coote</strong><br />
Ottone : <strong>Delphine Galou</strong><br />
Seneca : <strong>Jean Teitgen</strong><br />
Drusilla : <strong>Judith van Wanroij</strong><br />
Arnalta : <strong>Mathias Vidal<br />
</strong>Nutrice/Familiare I : <strong>Robert Getchell</strong><br />
Virtù/Damigella/Pallade : <strong>Catherine Trottman</strong><br />
Fortuna : <strong>Chantal Santon-Jeffery</strong><br />
Valletto : <strong>Lucia Martín-Cartón</strong><br />
Amore : <strong>Emilie Renard</strong><br />
Mercurio/Console I/Littore : <strong>Philippe Estèphe</strong><br />
Soldate I/Lucano/Familiare II/Tribuno I : <strong>Emiliano Gonzalez Toro</strong><br />
Soldate II/Liberto Capitano/Tribuno II : <strong>Manuel Nuñez Camelino</strong><br />
Famigliare III/Console II : <strong>Thibault de Damas</strong></p>
<p><strong>Les Talens Lyriques</strong></p>
<p>Nouvelle coproduction Théâtre des Champs-Élysées &#8211; Théâtre du Capitole</p>

<!-- This site is optimized with the Yoast SEO plugin v27.5 - https://yoast.com/product/yoast-seo-wordpress/ -->
<title>L&#039;incoronazione di Poppea | Les Talens Lyriques</title>
<meta name="robots" content="index, follow, max-snippet:-1, max-image-preview:large, max-video-preview:-1" />
<link rel="canonical" href="https://www.lestalenslyriques.com/en/event/lincoronazione-di-poppea/" />
<meta property="og:locale" content="en_US" />
<meta property="og:type" content="article" />
<meta property="og:title" content="L&#039;incoronazione di Poppea | Les Talens Lyriques" />
<meta property="og:description" content="Claudio Monteverdi (1567-1643) Opéra en un prologue et trois actes sur un livret de Giovanni Francesco Busenello Créé en 1643 à Venise (Teatro San Giovanni e Paolo) Direction musicale : Christophe Rousset Mise en scène : Stephen Langridge Scénographie et costumes : Alison Chitty Lumières : Fabrice Kebour Costumes : Philippe Giraudeau &nbsp; Poppea : [&hellip;]" />
<meta property="og:url" content="https://www.lestalenslyriques.com/en/event/lincoronazione-di-poppea/" />
<meta property="og:site_name" content="Les Talens Lyriques" />
<meta property="article:modified_time" content="2019-12-12T12:52:41+00:00" />
<meta property="og:image" content="https://www.lestalenslyriques.com/wp-content/uploads/2019/05/visuelsite2-768x768.png" />
	<meta property="og:image:width" content="768" />
	<meta property="og:image:height" content="768" />
	<meta property="og:image:type" content="image/png" />
<meta name="twitter:card" content="summary_large_image" />
<meta name="twitter:label1" content="Est. reading time" />
	<meta name="twitter:data1" content="1 minute" />
<script type="application/ld+json" class="yoast-schema-graph">{"@context":"https:\/\/schema.org","@graph":[{"@type":"WebPage","@id":"https:\/\/www.lestalenslyriques.com\/en\/event\/lincoronazione-di-poppea\/","url":"https:\/\/www.lestalenslyriques.com\/en\/event\/lincoronazione-di-poppea\/","name":"L'incoronazione di Poppea | Les Talens Lyriques","isPartOf":{"@id":"https:\/\/www.lestalenslyriques.com\/en\/#website"},"primaryImageOfPage":{"@id":"https:\/\/www.lestalenslyriques.com\/en\/event\/lincoronazione-di-poppea\/#primaryimage"},"image":{"@id":"https:\/\/www.lestalenslyriques.com\/en\/event\/lincoronazione-di-poppea\/#primaryimage"},"thumbnailUrl":"https:\/\/www.lestalenslyriques.com\/wp-content\/uploads\/2019\/05\/visuelsite2.png","datePublished":"2019-05-20T09:38:27+00:00","dateModified":"2019-12-12T12:52:41+00:00","breadcrumb":{"@id":"https:\/\/www.lestalenslyriques.com\/en\/event\/lincoronazione-di-poppea\/#breadcrumb"},"inLanguage":"en-US","potentialAction":[{"@type":"ReadAction","target":["https:\/\/www.lestalenslyriques.com\/en\/event\/lincoronazione-di-poppea\/"]}]},{"@type":"ImageObject","inLanguage":"en-US","@id":"https:\/\/www.lestalenslyriques.com\/en\/event\/lincoronazione-di-poppea\/#primaryimage","url":"https:\/\/www.lestalenslyriques.com\/wp-content\/uploads\/2019\/05\/visuelsite2.png","contentUrl":"https:\/\/www.lestalenslyriques.com\/wp-content\/uploads\/2019\/05\/visuelsite2.png","width":4167,"height":4167},{"@type":"BreadcrumbList","@id":"https:\/\/www.lestalenslyriques.com\/en\/event\/lincoronazione-di-poppea\/#breadcrumb","itemListElement":[{"@type":"ListItem","position":1,"name":"Accueil","item":"https:\/\/www.lestalenslyriques.com\/en\/"},{"@type":"ListItem","position":2,"name":"Calendar","item":"https:\/\/www.lestalenslyriques.com\/en\/event\/"},{"@type":"ListItem","position":3,"name":"L&#8217;incoronazione di Poppea"}]},{"@type":"WebSite","@id":"https:\/\/www.lestalenslyriques.com\/en\/#website","url":"https:\/\/www.lestalenslyriques.com\/en\/","name":"Les Talens Lyriques","description":"Christophe Rousset","potentialAction":[{"@type":"SearchAction","target":{"@type":"EntryPoint","urlTemplate":"https:\/\/www.lestalenslyriques.com\/en\/?s={search_term_string}"},"query-input":{"@type":"PropertyValueSpecification","valueRequired":true,"valueName":"search_term_string"}}],"inLanguage":"en-US"}]}</script>
<!-- / Yoast SEO plugin. -->

Claudio Monteverdi (1567-1643) Opéra en un prologue et trois actes sur un livret de Giovanni Francesco Busenello Créé en 1643 à Venise (Teatro San Giovanni e Paolo) Direction musicale : Christophe Rousset Mise en scène : Stephen Langridge Scénographie et costumes : Alison Chitty Lumières : Fabrice Kebour Costumes : Philippe Giraudeau &nbsp; Poppea : [&hellip;]
