{"id":1626,"date":"2019-05-20T11:39:07","date_gmt":"2019-05-20T09:39:07","guid":{"rendered":"https:\/\/www.lestalenslyriques.com\/?post_type=event&#038;p=1626"},"modified":"2019-05-21T11:22:21","modified_gmt":"2019-05-21T09:22:21","slug":"saul","status":"publish","type":"event","link":"https:\/\/www.lestalenslyriques.com\/en\/event\/saul\/","title":{"rendered":"Saul"},"content":{"rendered":"<p><strong>Georg Friedrich Haendel (1685-1759)<\/strong><\/p>\n<p>Oratorio sur un livret de Charles Jennens<br \/>\nCr\u00e9\u00e9 le 16 janvier 1739 \u00e0 Londres (King&#8217;s Theatre)<\/p>\n<p>Direction musicale : <strong>Laurence Cummings<\/strong><br \/>\nMise en sc\u00e8ne : <strong>Barrie Kosky<\/strong><br \/>\nD\u00e9cors : <strong>Katrin Lea Tag<\/strong><br \/>\nLumi\u00e8res : <strong>Joachim Klein<\/strong><br \/>\nChor\u00e9graphie : <strong>Otto Pichler<\/strong><\/p>\n<p>Sa\u00fcl, Samuel : <strong>Christopher Purves<\/strong><br \/>\nMerab : <strong>Karina Gauvin<\/strong><br \/>\nMichal : <strong>Anna Devin<\/strong><br \/>\nJonathan : <strong>Benjamin Hullet<\/strong><br \/>\nDavid : <strong>Christopher Ainslie<\/strong><br \/>\nLe Grand-Pr\u00eatre : <strong>Stuart Jackson<\/strong><br \/>\nLa sorci\u00e8re d\u2019Endor : <strong>John Graham-Hall<\/strong><\/p>\n<p>Danseurs : <strong>Thomas Herron, Robin Gladwin, Hellyn Hebron, Merry Holden, Yasset Roldan, Gareth Mole<\/strong><\/p>\n<p><strong>Les Talens Lyriques<\/strong><\/p>\n","protected":false},"featured_media":1830,"template":"","event-type":[111],"event-saison":[178],"class_list":["post-1626","event","type-event","status-publish","has-post-thumbnail","hentry","event-type-opera-and-oratorio-en","event-saison-season-2019-2020"],"acf":[],"yoast_head":"<!-- This site is optimized with the Yoast SEO plugin v27.5 - https:\/\/yoast.com\/product\/yoast-seo-wordpress\/ -->\n<title>Saul | Les Talens Lyriques<\/title>\n<meta name=\"robots\" content=\"index, follow, max-snippet:-1, max-image-preview:large, max-video-preview:-1\" \/>\n<link rel=\"canonical\" href=\"https:\/\/www.lestalenslyriques.com\/en\/event\/saul\/\" \/>\n<meta property=\"og:locale\" content=\"en_US\" \/>\n<meta property=\"og:type\" content=\"article\" \/>\n<meta property=\"og:title\" content=\"Saul | Les Talens Lyriques\" \/>\n<meta property=\"og:description\" content=\"Georg Friedrich Haendel (1685-1759) Oratorio sur un livret de Charles Jennens Cr\u00e9\u00e9 le 16 janvier 1739 \u00e0 Londres (King&#8217;s Theatre) Direction musicale : Laurence Cummings Mise en sc\u00e8ne : Barrie Kosky D\u00e9cors : Katrin Lea Tag Lumi\u00e8res : Joachim Klein Chor\u00e9graphie : Otto Pichler Sa\u00fcl, Samuel : Christopher Purves Merab : Karina Gauvin Michal : [&hellip;]\" \/>\n<meta property=\"og:url\" content=\"https:\/\/www.lestalenslyriques.com\/en\/event\/saul\/\" \/>\n<meta property=\"og:site_name\" content=\"Les Talens Lyriques\" \/>\n<meta property=\"article:modified_time\" content=\"2019-05-21T09:22:21+00:00\" \/>\n<meta property=\"og:image\" content=\"https:\/\/www.lestalenslyriques.com\/wp-content\/uploads\/2019\/05\/saul-768x768.png\" \/>\n\t<meta property=\"og:image:width\" content=\"768\" \/>\n\t<meta property=\"og:image:height\" content=\"768\" \/>\n\t<meta property=\"og:image:type\" content=\"image\/png\" \/>\n<meta name=\"twitter:card\" content=\"summary_large_image\" \/>\n<script type=\"application\/ld+json\" class=\"yoast-schema-graph\">{\"@context\":\"https:\\\/\\\/schema.org\",\"@graph\":[{\"@type\":\"WebPage\",\"@id\":\"https:\\\/\\\/www.lestalenslyriques.com\\\/en\\\/event\\\/saul\\\/\",\"url\":\"https:\\\/\\\/www.lestalenslyriques.com\\\/en\\\/event\\\/saul\\\/\",\"name\":\"Saul | Les Talens Lyriques\",\"isPartOf\":{\"@id\":\"https:\\\/\\\/www.lestalenslyriques.com\\\/en\\\/#website\"},\"primaryImageOfPage\":{\"@id\":\"https:\\\/\\\/www.lestalenslyriques.com\\\/en\\\/event\\\/saul\\\/#primaryimage\"},\"image\":{\"@id\":\"https:\\\/\\\/www.lestalenslyriques.com\\\/en\\\/event\\\/saul\\\/#primaryimage\"},\"thumbnailUrl\":\"https:\\\/\\\/www.lestalenslyriques.com\\\/wp-content\\\/uploads\\\/2019\\\/05\\\/saul.png\",\"datePublished\":\"2019-05-20T09:39:07+00:00\",\"dateModified\":\"2019-05-21T09:22:21+00:00\",\"breadcrumb\":{\"@id\":\"https:\\\/\\\/www.lestalenslyriques.com\\\/en\\\/event\\\/saul\\\/#breadcrumb\"},\"inLanguage\":\"en-US\",\"potentialAction\":[{\"@type\":\"ReadAction\",\"target\":[\"https:\\\/\\\/www.lestalenslyriques.com\\\/en\\\/event\\\/saul\\\/\"]}]},{\"@type\":\"ImageObject\",\"inLanguage\":\"en-US\",\"@id\":\"https:\\\/\\\/www.lestalenslyriques.com\\\/en\\\/event\\\/saul\\\/#primaryimage\",\"url\":\"https:\\\/\\\/www.lestalenslyriques.com\\\/wp-content\\\/uploads\\\/2019\\\/05\\\/saul.png\",\"contentUrl\":\"https:\\\/\\\/www.lestalenslyriques.com\\\/wp-content\\\/uploads\\\/2019\\\/05\\\/saul.png\",\"width\":4167,\"height\":4167},{\"@type\":\"BreadcrumbList\",\"@id\":\"https:\\\/\\\/www.lestalenslyriques.com\\\/en\\\/event\\\/saul\\\/#breadcrumb\",\"itemListElement\":[{\"@type\":\"ListItem\",\"position\":1,\"name\":\"Accueil\",\"item\":\"https:\\\/\\\/www.lestalenslyriques.com\\\/en\\\/\"},{\"@type\":\"ListItem\",\"position\":2,\"name\":\"Calendar\",\"item\":\"https:\\\/\\\/www.lestalenslyriques.com\\\/en\\\/event\\\/\"},{\"@type\":\"ListItem\",\"position\":3,\"name\":\"Saul\"}]},{\"@type\":\"WebSite\",\"@id\":\"https:\\\/\\\/www.lestalenslyriques.com\\\/en\\\/#website\",\"url\":\"https:\\\/\\\/www.lestalenslyriques.com\\\/en\\\/\",\"name\":\"Les Talens Lyriques\",\"description\":\"Christophe Rousset\",\"potentialAction\":[{\"@type\":\"SearchAction\",\"target\":{\"@type\":\"EntryPoint\",\"urlTemplate\":\"https:\\\/\\\/www.lestalenslyriques.com\\\/en\\\/?s={search_term_string}\"},\"query-input\":{\"@type\":\"PropertyValueSpecification\",\"valueRequired\":true,\"valueName\":\"search_term_string\"}}],\"inLanguage\":\"en-US\"}]}<\/script>\n<!-- \/ Yoast SEO plugin. -->","yoast_head_json":{"title":"Saul | Les Talens Lyriques","robots":{"index":"index","follow":"follow","max-snippet":"max-snippet:-1","max-image-preview":"max-image-preview:large","max-video-preview":"max-video-preview:-1"},"canonical":"https:\/\/www.lestalenslyriques.com\/en\/event\/saul\/","og_locale":"en_US","og_type":"article","og_title":"Saul | Les Talens Lyriques","og_description":"Georg Friedrich Haendel (1685-1759) Oratorio sur un livret de Charles Jennens Cr\u00e9\u00e9 le 16 janvier 1739 \u00e0 Londres (King&#8217;s Theatre) Direction musicale : Laurence Cummings Mise en sc\u00e8ne : Barrie Kosky D\u00e9cors : Katrin Lea Tag Lumi\u00e8res : Joachim Klein Chor\u00e9graphie : Otto Pichler Sa\u00fcl, Samuel : Christopher Purves Merab : Karina Gauvin Michal : [&hellip;]","og_url":"https:\/\/www.lestalenslyriques.com\/en\/event\/saul\/","og_site_name":"Les Talens Lyriques","article_modified_time":"2019-05-21T09:22:21+00:00","og_image":[{"width":768,"height":768,"url":"https:\/\/www.lestalenslyriques.com\/wp-content\/uploads\/2019\/05\/saul-768x768.png","type":"image\/png"}],"twitter_card":"summary_large_image","schema":{"@context":"https:\/\/schema.org","@graph":[{"@type":"WebPage","@id":"https:\/\/www.lestalenslyriques.com\/en\/event\/saul\/","url":"https:\/\/www.lestalenslyriques.com\/en\/event\/saul\/","name":"Saul | Les Talens Lyriques","isPartOf":{"@id":"https:\/\/www.lestalenslyriques.com\/en\/#website"},"primaryImageOfPage":{"@id":"https:\/\/www.lestalenslyriques.com\/en\/event\/saul\/#primaryimage"},"image":{"@id":"https:\/\/www.lestalenslyriques.com\/en\/event\/saul\/#primaryimage"},"thumbnailUrl":"https:\/\/www.lestalenslyriques.com\/wp-content\/uploads\/2019\/05\/saul.png","datePublished":"2019-05-20T09:39:07+00:00","dateModified":"2019-05-21T09:22:21+00:00","breadcrumb":{"@id":"https:\/\/www.lestalenslyriques.com\/en\/event\/saul\/#breadcrumb"},"inLanguage":"en-US","potentialAction":[{"@type":"ReadAction","target":["https:\/\/www.lestalenslyriques.com\/en\/event\/saul\/"]}]},{"@type":"ImageObject","inLanguage":"en-US","@id":"https:\/\/www.lestalenslyriques.com\/en\/event\/saul\/#primaryimage","url":"https:\/\/www.lestalenslyriques.com\/wp-content\/uploads\/2019\/05\/saul.png","contentUrl":"https:\/\/www.lestalenslyriques.com\/wp-content\/uploads\/2019\/05\/saul.png","width":4167,"height":4167},{"@type":"BreadcrumbList","@id":"https:\/\/www.lestalenslyriques.com\/en\/event\/saul\/#breadcrumb","itemListElement":[{"@type":"ListItem","position":1,"name":"Accueil","item":"https:\/\/www.lestalenslyriques.com\/en\/"},{"@type":"ListItem","position":2,"name":"Calendar","item":"https:\/\/www.lestalenslyriques.com\/en\/event\/"},{"@type":"ListItem","position":3,"name":"Saul"}]},{"@type":"WebSite","@id":"https:\/\/www.lestalenslyriques.com\/en\/#website","url":"https:\/\/www.lestalenslyriques.com\/en\/","name":"Les Talens Lyriques","description":"Christophe Rousset","potentialAction":[{"@type":"SearchAction","target":{"@type":"EntryPoint","urlTemplate":"https:\/\/www.lestalenslyriques.com\/en\/?s={search_term_string}"},"query-input":{"@type":"PropertyValueSpecification","valueRequired":true,"valueName":"search_term_string"}}],"inLanguage":"en-US"}]}},"_links":{"self":[{"href":"https:\/\/www.lestalenslyriques.com\/en\/wp-json\/wp\/v2\/event\/1626","targetHints":{"allow":["GET"]}}],"collection":[{"href":"https:\/\/www.lestalenslyriques.com\/en\/wp-json\/wp\/v2\/event"}],"about":[{"href":"https:\/\/www.lestalenslyriques.com\/en\/wp-json\/wp\/v2\/types\/event"}],"wp:featuredmedia":[{"embeddable":true,"href":"https:\/\/www.lestalenslyriques.com\/en\/wp-json\/wp\/v2\/media\/1830"}],"wp:attachment":[{"href":"https:\/\/www.lestalenslyriques.com\/en\/wp-json\/wp\/v2\/media?parent=1626"}],"wp:term":[{"taxonomy":"event-type","embeddable":true,"href":"https:\/\/www.lestalenslyriques.com\/en\/wp-json\/wp\/v2\/event-type?post=1626"},{"taxonomy":"event-saison","embeddable":true,"href":"https:\/\/www.lestalenslyriques.com\/en\/wp-json\/wp\/v2\/event-saison?post=1626"}],"curies":[{"name":"wp","href":"https:\/\/api.w.org\/{rel}","templated":true}]}}

<p><strong>Georg Friedrich Haendel (1685-1759)</strong></p>
<p>Oratorio sur un livret de Charles Jennens<br />
Créé le 16 janvier 1739 à Londres (King&#8217;s Theatre)</p>
<p>Direction musicale : <strong>Laurence Cummings</strong><br />
Mise en scène : <strong>Barrie Kosky</strong><br />
Décors : <strong>Katrin Lea Tag</strong><br />
Lumières : <strong>Joachim Klein</strong><br />
Chorégraphie : <strong>Otto Pichler</strong></p>
<p>Saül, Samuel : <strong>Christopher Purves</strong><br />
Merab : <strong>Karina Gauvin</strong><br />
Michal : <strong>Anna Devin</strong><br />
Jonathan : <strong>Benjamin Hullet</strong><br />
David : <strong>Christopher Ainslie</strong><br />
Le Grand-Prêtre : <strong>Stuart Jackson</strong><br />
La sorcière d’Endor : <strong>John Graham-Hall</strong></p>
<p>Danseurs : <strong>Thomas Herron, Robin Gladwin, Hellyn Hebron, Merry Holden, Yasset Roldan, Gareth Mole</strong></p>
<p><strong>Les Talens Lyriques</strong></p>

<!-- This site is optimized with the Yoast SEO plugin v27.5 - https://yoast.com/product/yoast-seo-wordpress/ -->
<title>Saul | Les Talens Lyriques</title>
<meta name="robots" content="index, follow, max-snippet:-1, max-image-preview:large, max-video-preview:-1" />
<link rel="canonical" href="https://www.lestalenslyriques.com/en/event/saul/" />
<meta property="og:locale" content="en_US" />
<meta property="og:type" content="article" />
<meta property="og:title" content="Saul | Les Talens Lyriques" />
<meta property="og:description" content="Georg Friedrich Haendel (1685-1759) Oratorio sur un livret de Charles Jennens Créé le 16 janvier 1739 à Londres (King&#8217;s Theatre) Direction musicale : Laurence Cummings Mise en scène : Barrie Kosky Décors : Katrin Lea Tag Lumières : Joachim Klein Chorégraphie : Otto Pichler Saül, Samuel : Christopher Purves Merab : Karina Gauvin Michal : [&hellip;]" />
<meta property="og:url" content="https://www.lestalenslyriques.com/en/event/saul/" />
<meta property="og:site_name" content="Les Talens Lyriques" />
<meta property="article:modified_time" content="2019-05-21T09:22:21+00:00" />
<meta property="og:image" content="https://www.lestalenslyriques.com/wp-content/uploads/2019/05/saul-768x768.png" />
	<meta property="og:image:width" content="768" />
	<meta property="og:image:height" content="768" />
	<meta property="og:image:type" content="image/png" />
<meta name="twitter:card" content="summary_large_image" />
<script type="application/ld+json" class="yoast-schema-graph">{"@context":"https:\/\/schema.org","@graph":[{"@type":"WebPage","@id":"https:\/\/www.lestalenslyriques.com\/en\/event\/saul\/","url":"https:\/\/www.lestalenslyriques.com\/en\/event\/saul\/","name":"Saul | Les Talens Lyriques","isPartOf":{"@id":"https:\/\/www.lestalenslyriques.com\/en\/#website"},"primaryImageOfPage":{"@id":"https:\/\/www.lestalenslyriques.com\/en\/event\/saul\/#primaryimage"},"image":{"@id":"https:\/\/www.lestalenslyriques.com\/en\/event\/saul\/#primaryimage"},"thumbnailUrl":"https:\/\/www.lestalenslyriques.com\/wp-content\/uploads\/2019\/05\/saul.png","datePublished":"2019-05-20T09:39:07+00:00","dateModified":"2019-05-21T09:22:21+00:00","breadcrumb":{"@id":"https:\/\/www.lestalenslyriques.com\/en\/event\/saul\/#breadcrumb"},"inLanguage":"en-US","potentialAction":[{"@type":"ReadAction","target":["https:\/\/www.lestalenslyriques.com\/en\/event\/saul\/"]}]},{"@type":"ImageObject","inLanguage":"en-US","@id":"https:\/\/www.lestalenslyriques.com\/en\/event\/saul\/#primaryimage","url":"https:\/\/www.lestalenslyriques.com\/wp-content\/uploads\/2019\/05\/saul.png","contentUrl":"https:\/\/www.lestalenslyriques.com\/wp-content\/uploads\/2019\/05\/saul.png","width":4167,"height":4167},{"@type":"BreadcrumbList","@id":"https:\/\/www.lestalenslyriques.com\/en\/event\/saul\/#breadcrumb","itemListElement":[{"@type":"ListItem","position":1,"name":"Accueil","item":"https:\/\/www.lestalenslyriques.com\/en\/"},{"@type":"ListItem","position":2,"name":"Calendar","item":"https:\/\/www.lestalenslyriques.com\/en\/event\/"},{"@type":"ListItem","position":3,"name":"Saul"}]},{"@type":"WebSite","@id":"https:\/\/www.lestalenslyriques.com\/en\/#website","url":"https:\/\/www.lestalenslyriques.com\/en\/","name":"Les Talens Lyriques","description":"Christophe Rousset","potentialAction":[{"@type":"SearchAction","target":{"@type":"EntryPoint","urlTemplate":"https:\/\/www.lestalenslyriques.com\/en\/?s={search_term_string}"},"query-input":{"@type":"PropertyValueSpecification","valueRequired":true,"valueName":"search_term_string"}}],"inLanguage":"en-US"}]}</script>
<!-- / Yoast SEO plugin. -->

Georg Friedrich Haendel (1685-1759) Oratorio sur un livret de Charles Jennens Créé le 16 janvier 1739 à Londres (King&#8217;s Theatre) Direction musicale : Laurence Cummings Mise en scène : Barrie Kosky Décors : Katrin Lea Tag Lumières : Joachim Klein Chorégraphie : Otto Pichler Saül, Samuel : Christopher Purves Merab : Karina Gauvin Michal : [&hellip;]
