{"id":1625,"date":"2019-05-20T11:40:06","date_gmt":"2019-05-20T09:40:06","guid":{"rendered":"https:\/\/www.lestalenslyriques.com\/?post_type=event&#038;p=1625"},"modified":"2019-05-21T11:14:42","modified_gmt":"2019-05-21T09:14:42","slug":"ariodante","status":"publish","type":"event","link":"https:\/\/www.lestalenslyriques.com\/en\/event\/ariodante\/","title":{"rendered":"Ariodante"},"content":{"rendered":"<p><strong>Georg Friedrich Haendel (1685-1759)<\/strong><\/p>\n<p>Op\u00e9ra en trois actes sur un livret anonyme<br \/>\nCr\u00e9\u00e9 le 8 janvier 1735 \u00e0 Londres (Covent Garden)<\/p>\n<p>Direction musicale : <strong>Christophe Rousset<\/strong><br \/>\nMise en sc\u00e8ne : <strong>David McVicar<\/strong><br \/>\nChor\u00e9graphie : <strong>Colm Seery<\/strong><br \/>\nD\u00e9cors et costumes : <strong>Vicki Mortimer<\/strong><br \/>\nLumi\u00e8res : <strong>Paule Constable<\/strong><\/p>\n<p>Ariodante : <strong>Stephanie Houtzeel<\/strong><br \/>\nGinevra : <strong>Chen Reiss<\/strong><br \/>\nPolinesso : <strong>Max Emanuel Cen\u010di\u0107<\/strong><br \/>\nDalinda : <strong>Hila Fahima<\/strong><br \/>\nLurcanio : <strong>Josh Lovell<\/strong><br \/>\nIl Re di Scozia : <strong>Peter Kellner<\/strong><br \/>\nOdoardo : <strong>Carlos Osuna<\/strong><\/p>\n<p><strong>Gustav Mahler-Choir<\/strong><br \/>\n<strong>Les Talens Lyriques<\/strong><\/p>\n<p>Production du Wiener Staatsoper<\/p>\n","protected":false},"featured_media":1808,"template":"","event-type":[111],"event-saison":[178],"class_list":["post-1625","event","type-event","status-publish","has-post-thumbnail","hentry","event-type-opera-and-oratorio-en","event-saison-season-2019-2020"],"acf":[],"yoast_head":"<!-- This site is optimized with the Yoast SEO plugin v27.5 - https:\/\/yoast.com\/product\/yoast-seo-wordpress\/ -->\n<title>Ariodante | Les Talens Lyriques<\/title>\n<meta name=\"robots\" content=\"index, follow, max-snippet:-1, max-image-preview:large, max-video-preview:-1\" \/>\n<link rel=\"canonical\" href=\"https:\/\/www.lestalenslyriques.com\/en\/event\/ariodante\/\" \/>\n<meta property=\"og:locale\" content=\"en_US\" \/>\n<meta property=\"og:type\" content=\"article\" \/>\n<meta property=\"og:title\" content=\"Ariodante | Les Talens Lyriques\" \/>\n<meta property=\"og:description\" content=\"Georg Friedrich Haendel (1685-1759) Op\u00e9ra en trois actes sur un livret anonyme Cr\u00e9\u00e9 le 8 janvier 1735 \u00e0 Londres (Covent Garden) Direction musicale : Christophe Rousset Mise en sc\u00e8ne : David McVicar Chor\u00e9graphie : Colm Seery D\u00e9cors et costumes : Vicki Mortimer Lumi\u00e8res : Paule Constable Ariodante : Stephanie Houtzeel Ginevra : Chen Reiss Polinesso [&hellip;]\" \/>\n<meta property=\"og:url\" content=\"https:\/\/www.lestalenslyriques.com\/en\/event\/ariodante\/\" \/>\n<meta property=\"og:site_name\" content=\"Les Talens Lyriques\" \/>\n<meta property=\"article:modified_time\" content=\"2019-05-21T09:14:42+00:00\" \/>\n<meta property=\"og:image\" content=\"https:\/\/www.lestalenslyriques.com\/wp-content\/uploads\/2019\/05\/ariodante-768x768.png\" \/>\n\t<meta property=\"og:image:width\" content=\"768\" \/>\n\t<meta property=\"og:image:height\" content=\"768\" \/>\n\t<meta property=\"og:image:type\" content=\"image\/png\" \/>\n<meta name=\"twitter:card\" content=\"summary_large_image\" \/>\n<script type=\"application\/ld+json\" class=\"yoast-schema-graph\">{\"@context\":\"https:\\\/\\\/schema.org\",\"@graph\":[{\"@type\":\"WebPage\",\"@id\":\"https:\\\/\\\/www.lestalenslyriques.com\\\/en\\\/event\\\/ariodante\\\/\",\"url\":\"https:\\\/\\\/www.lestalenslyriques.com\\\/en\\\/event\\\/ariodante\\\/\",\"name\":\"Ariodante | Les Talens Lyriques\",\"isPartOf\":{\"@id\":\"https:\\\/\\\/www.lestalenslyriques.com\\\/en\\\/#website\"},\"primaryImageOfPage\":{\"@id\":\"https:\\\/\\\/www.lestalenslyriques.com\\\/en\\\/event\\\/ariodante\\\/#primaryimage\"},\"image\":{\"@id\":\"https:\\\/\\\/www.lestalenslyriques.com\\\/en\\\/event\\\/ariodante\\\/#primaryimage\"},\"thumbnailUrl\":\"https:\\\/\\\/www.lestalenslyriques.com\\\/wp-content\\\/uploads\\\/2019\\\/05\\\/ariodante.png\",\"datePublished\":\"2019-05-20T09:40:06+00:00\",\"dateModified\":\"2019-05-21T09:14:42+00:00\",\"breadcrumb\":{\"@id\":\"https:\\\/\\\/www.lestalenslyriques.com\\\/en\\\/event\\\/ariodante\\\/#breadcrumb\"},\"inLanguage\":\"en-US\",\"potentialAction\":[{\"@type\":\"ReadAction\",\"target\":[\"https:\\\/\\\/www.lestalenslyriques.com\\\/en\\\/event\\\/ariodante\\\/\"]}]},{\"@type\":\"ImageObject\",\"inLanguage\":\"en-US\",\"@id\":\"https:\\\/\\\/www.lestalenslyriques.com\\\/en\\\/event\\\/ariodante\\\/#primaryimage\",\"url\":\"https:\\\/\\\/www.lestalenslyriques.com\\\/wp-content\\\/uploads\\\/2019\\\/05\\\/ariodante.png\",\"contentUrl\":\"https:\\\/\\\/www.lestalenslyriques.com\\\/wp-content\\\/uploads\\\/2019\\\/05\\\/ariodante.png\",\"width\":4167,\"height\":4167},{\"@type\":\"BreadcrumbList\",\"@id\":\"https:\\\/\\\/www.lestalenslyriques.com\\\/en\\\/event\\\/ariodante\\\/#breadcrumb\",\"itemListElement\":[{\"@type\":\"ListItem\",\"position\":1,\"name\":\"Accueil\",\"item\":\"https:\\\/\\\/www.lestalenslyriques.com\\\/en\\\/\"},{\"@type\":\"ListItem\",\"position\":2,\"name\":\"Calendar\",\"item\":\"https:\\\/\\\/www.lestalenslyriques.com\\\/en\\\/event\\\/\"},{\"@type\":\"ListItem\",\"position\":3,\"name\":\"Ariodante\"}]},{\"@type\":\"WebSite\",\"@id\":\"https:\\\/\\\/www.lestalenslyriques.com\\\/en\\\/#website\",\"url\":\"https:\\\/\\\/www.lestalenslyriques.com\\\/en\\\/\",\"name\":\"Les Talens Lyriques\",\"description\":\"Christophe Rousset\",\"potentialAction\":[{\"@type\":\"SearchAction\",\"target\":{\"@type\":\"EntryPoint\",\"urlTemplate\":\"https:\\\/\\\/www.lestalenslyriques.com\\\/en\\\/?s={search_term_string}\"},\"query-input\":{\"@type\":\"PropertyValueSpecification\",\"valueRequired\":true,\"valueName\":\"search_term_string\"}}],\"inLanguage\":\"en-US\"}]}<\/script>\n<!-- \/ Yoast SEO plugin. -->","yoast_head_json":{"title":"Ariodante | Les Talens Lyriques","robots":{"index":"index","follow":"follow","max-snippet":"max-snippet:-1","max-image-preview":"max-image-preview:large","max-video-preview":"max-video-preview:-1"},"canonical":"https:\/\/www.lestalenslyriques.com\/en\/event\/ariodante\/","og_locale":"en_US","og_type":"article","og_title":"Ariodante | Les Talens Lyriques","og_description":"Georg Friedrich Haendel (1685-1759) Op\u00e9ra en trois actes sur un livret anonyme Cr\u00e9\u00e9 le 8 janvier 1735 \u00e0 Londres (Covent Garden) Direction musicale : Christophe Rousset Mise en sc\u00e8ne : David McVicar Chor\u00e9graphie : Colm Seery D\u00e9cors et costumes : Vicki Mortimer Lumi\u00e8res : Paule Constable Ariodante : Stephanie Houtzeel Ginevra : Chen Reiss Polinesso [&hellip;]","og_url":"https:\/\/www.lestalenslyriques.com\/en\/event\/ariodante\/","og_site_name":"Les Talens Lyriques","article_modified_time":"2019-05-21T09:14:42+00:00","og_image":[{"width":768,"height":768,"url":"https:\/\/www.lestalenslyriques.com\/wp-content\/uploads\/2019\/05\/ariodante-768x768.png","type":"image\/png"}],"twitter_card":"summary_large_image","schema":{"@context":"https:\/\/schema.org","@graph":[{"@type":"WebPage","@id":"https:\/\/www.lestalenslyriques.com\/en\/event\/ariodante\/","url":"https:\/\/www.lestalenslyriques.com\/en\/event\/ariodante\/","name":"Ariodante | Les Talens Lyriques","isPartOf":{"@id":"https:\/\/www.lestalenslyriques.com\/en\/#website"},"primaryImageOfPage":{"@id":"https:\/\/www.lestalenslyriques.com\/en\/event\/ariodante\/#primaryimage"},"image":{"@id":"https:\/\/www.lestalenslyriques.com\/en\/event\/ariodante\/#primaryimage"},"thumbnailUrl":"https:\/\/www.lestalenslyriques.com\/wp-content\/uploads\/2019\/05\/ariodante.png","datePublished":"2019-05-20T09:40:06+00:00","dateModified":"2019-05-21T09:14:42+00:00","breadcrumb":{"@id":"https:\/\/www.lestalenslyriques.com\/en\/event\/ariodante\/#breadcrumb"},"inLanguage":"en-US","potentialAction":[{"@type":"ReadAction","target":["https:\/\/www.lestalenslyriques.com\/en\/event\/ariodante\/"]}]},{"@type":"ImageObject","inLanguage":"en-US","@id":"https:\/\/www.lestalenslyriques.com\/en\/event\/ariodante\/#primaryimage","url":"https:\/\/www.lestalenslyriques.com\/wp-content\/uploads\/2019\/05\/ariodante.png","contentUrl":"https:\/\/www.lestalenslyriques.com\/wp-content\/uploads\/2019\/05\/ariodante.png","width":4167,"height":4167},{"@type":"BreadcrumbList","@id":"https:\/\/www.lestalenslyriques.com\/en\/event\/ariodante\/#breadcrumb","itemListElement":[{"@type":"ListItem","position":1,"name":"Accueil","item":"https:\/\/www.lestalenslyriques.com\/en\/"},{"@type":"ListItem","position":2,"name":"Calendar","item":"https:\/\/www.lestalenslyriques.com\/en\/event\/"},{"@type":"ListItem","position":3,"name":"Ariodante"}]},{"@type":"WebSite","@id":"https:\/\/www.lestalenslyriques.com\/en\/#website","url":"https:\/\/www.lestalenslyriques.com\/en\/","name":"Les Talens Lyriques","description":"Christophe Rousset","potentialAction":[{"@type":"SearchAction","target":{"@type":"EntryPoint","urlTemplate":"https:\/\/www.lestalenslyriques.com\/en\/?s={search_term_string}"},"query-input":{"@type":"PropertyValueSpecification","valueRequired":true,"valueName":"search_term_string"}}],"inLanguage":"en-US"}]}},"_links":{"self":[{"href":"https:\/\/www.lestalenslyriques.com\/en\/wp-json\/wp\/v2\/event\/1625","targetHints":{"allow":["GET"]}}],"collection":[{"href":"https:\/\/www.lestalenslyriques.com\/en\/wp-json\/wp\/v2\/event"}],"about":[{"href":"https:\/\/www.lestalenslyriques.com\/en\/wp-json\/wp\/v2\/types\/event"}],"wp:featuredmedia":[{"embeddable":true,"href":"https:\/\/www.lestalenslyriques.com\/en\/wp-json\/wp\/v2\/media\/1808"}],"wp:attachment":[{"href":"https:\/\/www.lestalenslyriques.com\/en\/wp-json\/wp\/v2\/media?parent=1625"}],"wp:term":[{"taxonomy":"event-type","embeddable":true,"href":"https:\/\/www.lestalenslyriques.com\/en\/wp-json\/wp\/v2\/event-type?post=1625"},{"taxonomy":"event-saison","embeddable":true,"href":"https:\/\/www.lestalenslyriques.com\/en\/wp-json\/wp\/v2\/event-saison?post=1625"}],"curies":[{"name":"wp","href":"https:\/\/api.w.org\/{rel}","templated":true}]}}

<p><strong>Georg Friedrich Haendel (1685-1759)</strong></p>
<p>Opéra en trois actes sur un livret anonyme<br />
Créé le 8 janvier 1735 à Londres (Covent Garden)</p>
<p>Direction musicale : <strong>Christophe Rousset</strong><br />
Mise en scène : <strong>David McVicar</strong><br />
Chorégraphie : <strong>Colm Seery</strong><br />
Décors et costumes : <strong>Vicki Mortimer</strong><br />
Lumières : <strong>Paule Constable</strong></p>
<p>Ariodante : <strong>Stephanie Houtzeel</strong><br />
Ginevra : <strong>Chen Reiss</strong><br />
Polinesso : <strong>Max Emanuel Cenčić</strong><br />
Dalinda : <strong>Hila Fahima</strong><br />
Lurcanio : <strong>Josh Lovell</strong><br />
Il Re di Scozia : <strong>Peter Kellner</strong><br />
Odoardo : <strong>Carlos Osuna</strong></p>
<p><strong>Gustav Mahler-Choir</strong><br />
<strong>Les Talens Lyriques</strong></p>
<p>Production du Wiener Staatsoper</p>

<!-- This site is optimized with the Yoast SEO plugin v27.5 - https://yoast.com/product/yoast-seo-wordpress/ -->
<title>Ariodante | Les Talens Lyriques</title>
<meta name="robots" content="index, follow, max-snippet:-1, max-image-preview:large, max-video-preview:-1" />
<link rel="canonical" href="https://www.lestalenslyriques.com/en/event/ariodante/" />
<meta property="og:locale" content="en_US" />
<meta property="og:type" content="article" />
<meta property="og:title" content="Ariodante | Les Talens Lyriques" />
<meta property="og:description" content="Georg Friedrich Haendel (1685-1759) Opéra en trois actes sur un livret anonyme Créé le 8 janvier 1735 à Londres (Covent Garden) Direction musicale : Christophe Rousset Mise en scène : David McVicar Chorégraphie : Colm Seery Décors et costumes : Vicki Mortimer Lumières : Paule Constable Ariodante : Stephanie Houtzeel Ginevra : Chen Reiss Polinesso [&hellip;]" />
<meta property="og:url" content="https://www.lestalenslyriques.com/en/event/ariodante/" />
<meta property="og:site_name" content="Les Talens Lyriques" />
<meta property="article:modified_time" content="2019-05-21T09:14:42+00:00" />
<meta property="og:image" content="https://www.lestalenslyriques.com/wp-content/uploads/2019/05/ariodante-768x768.png" />
	<meta property="og:image:width" content="768" />
	<meta property="og:image:height" content="768" />
	<meta property="og:image:type" content="image/png" />
<meta name="twitter:card" content="summary_large_image" />
<script type="application/ld+json" class="yoast-schema-graph">{"@context":"https:\/\/schema.org","@graph":[{"@type":"WebPage","@id":"https:\/\/www.lestalenslyriques.com\/en\/event\/ariodante\/","url":"https:\/\/www.lestalenslyriques.com\/en\/event\/ariodante\/","name":"Ariodante | Les Talens Lyriques","isPartOf":{"@id":"https:\/\/www.lestalenslyriques.com\/en\/#website"},"primaryImageOfPage":{"@id":"https:\/\/www.lestalenslyriques.com\/en\/event\/ariodante\/#primaryimage"},"image":{"@id":"https:\/\/www.lestalenslyriques.com\/en\/event\/ariodante\/#primaryimage"},"thumbnailUrl":"https:\/\/www.lestalenslyriques.com\/wp-content\/uploads\/2019\/05\/ariodante.png","datePublished":"2019-05-20T09:40:06+00:00","dateModified":"2019-05-21T09:14:42+00:00","breadcrumb":{"@id":"https:\/\/www.lestalenslyriques.com\/en\/event\/ariodante\/#breadcrumb"},"inLanguage":"en-US","potentialAction":[{"@type":"ReadAction","target":["https:\/\/www.lestalenslyriques.com\/en\/event\/ariodante\/"]}]},{"@type":"ImageObject","inLanguage":"en-US","@id":"https:\/\/www.lestalenslyriques.com\/en\/event\/ariodante\/#primaryimage","url":"https:\/\/www.lestalenslyriques.com\/wp-content\/uploads\/2019\/05\/ariodante.png","contentUrl":"https:\/\/www.lestalenslyriques.com\/wp-content\/uploads\/2019\/05\/ariodante.png","width":4167,"height":4167},{"@type":"BreadcrumbList","@id":"https:\/\/www.lestalenslyriques.com\/en\/event\/ariodante\/#breadcrumb","itemListElement":[{"@type":"ListItem","position":1,"name":"Accueil","item":"https:\/\/www.lestalenslyriques.com\/en\/"},{"@type":"ListItem","position":2,"name":"Calendar","item":"https:\/\/www.lestalenslyriques.com\/en\/event\/"},{"@type":"ListItem","position":3,"name":"Ariodante"}]},{"@type":"WebSite","@id":"https:\/\/www.lestalenslyriques.com\/en\/#website","url":"https:\/\/www.lestalenslyriques.com\/en\/","name":"Les Talens Lyriques","description":"Christophe Rousset","potentialAction":[{"@type":"SearchAction","target":{"@type":"EntryPoint","urlTemplate":"https:\/\/www.lestalenslyriques.com\/en\/?s={search_term_string}"},"query-input":{"@type":"PropertyValueSpecification","valueRequired":true,"valueName":"search_term_string"}}],"inLanguage":"en-US"}]}</script>
<!-- / Yoast SEO plugin. -->

Georg Friedrich Haendel (1685-1759) Opéra en trois actes sur un livret anonyme Créé le 8 janvier 1735 à Londres (Covent Garden) Direction musicale : Christophe Rousset Mise en scène : David McVicar Chorégraphie : Colm Seery Décors et costumes : Vicki Mortimer Lumières : Paule Constable Ariodante : Stephanie Houtzeel Ginevra : Chen Reiss Polinesso [&hellip;]
