{"id":1320,"date":"2019-02-04T04:17:59","date_gmt":"2019-02-04T03:17:59","guid":{"rendered":"https:\/\/www.lestalenslyriques.com\/evenement\/de-la-lumiere-aux-tenebres\/"},"modified":"2019-03-15T18:11:03","modified_gmt":"2019-03-15T17:11:03","slug":"de-la-lumiere-aux-tenebres","status":"publish","type":"event","link":"https:\/\/www.lestalenslyriques.com\/en\/event\/de-la-lumiere-aux-tenebres\/","title":{"rendered":"From light to darkness"},"content":{"rendered":"<p><em>Concerts royaux<\/em> \u2013 Troisi\u00e8me Concert (1722)<br \/>\n<em>La M\u00e9n\u00e9tou &amp; Les Amusements<\/em> (Second Livre de pi\u00e8ces de clavecin \u2013 1716)<br \/>\n<em>Pi\u00e8ces de viole <\/em>\u2013 Premi\u00e8re Suite (1728)<br \/>\n<em>Le\u00e7ons de T\u00e9n\u00e8bres du Mercredi Saint <\/em>(1714)<\/p>\n<p>Dessus I | <strong>Amel Brahim-Djelloul<\/strong><br \/>\nDessus II | <strong>Eug\u00e9nie Warnier<\/strong><br \/>\nViolon | <strong>Gilone Gaubert-Jacques<\/strong><br \/>\nViole de gambe | <strong>Mikko Perkola<\/strong><\/p>\n<p>Direction, orgue &amp; clavecin | <strong>Christophe Rousset<\/strong><\/p>\n","protected":false},"featured_media":1321,"template":"","event-type":[],"event-saison":[114],"class_list":["post-1320","event","type-event","status-publish","has-post-thumbnail","hentry","event-saison-saison-2018-2019-en"],"acf":[],"yoast_head":"<!-- This site is optimized with the Yoast SEO plugin v27.5 - https:\/\/yoast.com\/product\/yoast-seo-wordpress\/ -->\n<title>From light to darkness | Les Talens Lyriques<\/title>\n<meta name=\"robots\" content=\"index, follow, max-snippet:-1, max-image-preview:large, max-video-preview:-1\" \/>\n<link rel=\"canonical\" href=\"https:\/\/www.lestalenslyriques.com\/en\/event\/de-la-lumiere-aux-tenebres\/\" \/>\n<meta property=\"og:locale\" content=\"en_US\" \/>\n<meta property=\"og:type\" content=\"article\" \/>\n<meta property=\"og:title\" content=\"From light to darkness | Les Talens Lyriques\" \/>\n<meta property=\"og:description\" content=\"Concerts royaux \u2013 Troisi\u00e8me Concert (1722) La M\u00e9n\u00e9tou &amp; Les Amusements (Second Livre de pi\u00e8ces de clavecin \u2013 1716) Pi\u00e8ces de viole \u2013 Premi\u00e8re Suite (1728) Le\u00e7ons de T\u00e9n\u00e8bres du Mercredi Saint (1714) Dessus I | Amel Brahim-Djelloul Dessus II | Eug\u00e9nie Warnier Violon | Gilone Gaubert-Jacques Viole de gambe | Mikko Perkola Direction, orgue [&hellip;]\" \/>\n<meta property=\"og:url\" content=\"https:\/\/www.lestalenslyriques.com\/en\/event\/de-la-lumiere-aux-tenebres\/\" \/>\n<meta property=\"og:site_name\" content=\"Les Talens Lyriques\" \/>\n<meta property=\"article:modified_time\" content=\"2019-03-15T17:11:03+00:00\" \/>\n<meta property=\"og:image\" content=\"https:\/\/www.lestalenslyriques.com\/wp-content\/uploads\/2019\/02\/event-detail-2.png\" \/>\n\t<meta property=\"og:image:width\" content=\"3840\" \/>\n\t<meta property=\"og:image:height\" content=\"1800\" \/>\n\t<meta property=\"og:image:type\" content=\"image\/png\" \/>\n<meta name=\"twitter:card\" content=\"summary_large_image\" \/>\n<script type=\"application\/ld+json\" class=\"yoast-schema-graph\">{\"@context\":\"https:\\\/\\\/schema.org\",\"@graph\":[{\"@type\":\"WebPage\",\"@id\":\"https:\\\/\\\/www.lestalenslyriques.com\\\/en\\\/event\\\/de-la-lumiere-aux-tenebres\\\/\",\"url\":\"https:\\\/\\\/www.lestalenslyriques.com\\\/en\\\/event\\\/de-la-lumiere-aux-tenebres\\\/\",\"name\":\"From light to darkness | Les Talens Lyriques\",\"isPartOf\":{\"@id\":\"https:\\\/\\\/www.lestalenslyriques.com\\\/en\\\/#website\"},\"primaryImageOfPage\":{\"@id\":\"https:\\\/\\\/www.lestalenslyriques.com\\\/en\\\/event\\\/de-la-lumiere-aux-tenebres\\\/#primaryimage\"},\"image\":{\"@id\":\"https:\\\/\\\/www.lestalenslyriques.com\\\/en\\\/event\\\/de-la-lumiere-aux-tenebres\\\/#primaryimage\"},\"thumbnailUrl\":\"https:\\\/\\\/www.lestalenslyriques.com\\\/wp-content\\\/uploads\\\/2019\\\/02\\\/event-detail-2.png\",\"datePublished\":\"2019-02-04T03:17:59+00:00\",\"dateModified\":\"2019-03-15T17:11:03+00:00\",\"breadcrumb\":{\"@id\":\"https:\\\/\\\/www.lestalenslyriques.com\\\/en\\\/event\\\/de-la-lumiere-aux-tenebres\\\/#breadcrumb\"},\"inLanguage\":\"en-US\",\"potentialAction\":[{\"@type\":\"ReadAction\",\"target\":[\"https:\\\/\\\/www.lestalenslyriques.com\\\/en\\\/event\\\/de-la-lumiere-aux-tenebres\\\/\"]}]},{\"@type\":\"ImageObject\",\"inLanguage\":\"en-US\",\"@id\":\"https:\\\/\\\/www.lestalenslyriques.com\\\/en\\\/event\\\/de-la-lumiere-aux-tenebres\\\/#primaryimage\",\"url\":\"https:\\\/\\\/www.lestalenslyriques.com\\\/wp-content\\\/uploads\\\/2019\\\/02\\\/event-detail-2.png\",\"contentUrl\":\"https:\\\/\\\/www.lestalenslyriques.com\\\/wp-content\\\/uploads\\\/2019\\\/02\\\/event-detail-2.png\",\"width\":3840,\"height\":1800},{\"@type\":\"BreadcrumbList\",\"@id\":\"https:\\\/\\\/www.lestalenslyriques.com\\\/en\\\/event\\\/de-la-lumiere-aux-tenebres\\\/#breadcrumb\",\"itemListElement\":[{\"@type\":\"ListItem\",\"position\":1,\"name\":\"Accueil\",\"item\":\"https:\\\/\\\/www.lestalenslyriques.com\\\/en\\\/\"},{\"@type\":\"ListItem\",\"position\":2,\"name\":\"Calendar\",\"item\":\"https:\\\/\\\/www.lestalenslyriques.com\\\/en\\\/event\\\/\"},{\"@type\":\"ListItem\",\"position\":3,\"name\":\"From light to darkness\"}]},{\"@type\":\"WebSite\",\"@id\":\"https:\\\/\\\/www.lestalenslyriques.com\\\/en\\\/#website\",\"url\":\"https:\\\/\\\/www.lestalenslyriques.com\\\/en\\\/\",\"name\":\"Les Talens Lyriques\",\"description\":\"Christophe Rousset\",\"potentialAction\":[{\"@type\":\"SearchAction\",\"target\":{\"@type\":\"EntryPoint\",\"urlTemplate\":\"https:\\\/\\\/www.lestalenslyriques.com\\\/en\\\/?s={search_term_string}\"},\"query-input\":{\"@type\":\"PropertyValueSpecification\",\"valueRequired\":true,\"valueName\":\"search_term_string\"}}],\"inLanguage\":\"en-US\"}]}<\/script>\n<!-- \/ Yoast SEO plugin. -->","yoast_head_json":{"title":"From light to darkness | Les Talens Lyriques","robots":{"index":"index","follow":"follow","max-snippet":"max-snippet:-1","max-image-preview":"max-image-preview:large","max-video-preview":"max-video-preview:-1"},"canonical":"https:\/\/www.lestalenslyriques.com\/en\/event\/de-la-lumiere-aux-tenebres\/","og_locale":"en_US","og_type":"article","og_title":"From light to darkness | Les Talens Lyriques","og_description":"Concerts royaux \u2013 Troisi\u00e8me Concert (1722) La M\u00e9n\u00e9tou &amp; Les Amusements (Second Livre de pi\u00e8ces de clavecin \u2013 1716) Pi\u00e8ces de viole \u2013 Premi\u00e8re Suite (1728) Le\u00e7ons de T\u00e9n\u00e8bres du Mercredi Saint (1714) Dessus I | Amel Brahim-Djelloul Dessus II | Eug\u00e9nie Warnier Violon | Gilone Gaubert-Jacques Viole de gambe | Mikko Perkola Direction, orgue [&hellip;]","og_url":"https:\/\/www.lestalenslyriques.com\/en\/event\/de-la-lumiere-aux-tenebres\/","og_site_name":"Les Talens Lyriques","article_modified_time":"2019-03-15T17:11:03+00:00","og_image":[{"width":3840,"height":1800,"url":"https:\/\/www.lestalenslyriques.com\/wp-content\/uploads\/2019\/02\/event-detail-2.png","type":"image\/png"}],"twitter_card":"summary_large_image","schema":{"@context":"https:\/\/schema.org","@graph":[{"@type":"WebPage","@id":"https:\/\/www.lestalenslyriques.com\/en\/event\/de-la-lumiere-aux-tenebres\/","url":"https:\/\/www.lestalenslyriques.com\/en\/event\/de-la-lumiere-aux-tenebres\/","name":"From light to darkness | Les Talens Lyriques","isPartOf":{"@id":"https:\/\/www.lestalenslyriques.com\/en\/#website"},"primaryImageOfPage":{"@id":"https:\/\/www.lestalenslyriques.com\/en\/event\/de-la-lumiere-aux-tenebres\/#primaryimage"},"image":{"@id":"https:\/\/www.lestalenslyriques.com\/en\/event\/de-la-lumiere-aux-tenebres\/#primaryimage"},"thumbnailUrl":"https:\/\/www.lestalenslyriques.com\/wp-content\/uploads\/2019\/02\/event-detail-2.png","datePublished":"2019-02-04T03:17:59+00:00","dateModified":"2019-03-15T17:11:03+00:00","breadcrumb":{"@id":"https:\/\/www.lestalenslyriques.com\/en\/event\/de-la-lumiere-aux-tenebres\/#breadcrumb"},"inLanguage":"en-US","potentialAction":[{"@type":"ReadAction","target":["https:\/\/www.lestalenslyriques.com\/en\/event\/de-la-lumiere-aux-tenebres\/"]}]},{"@type":"ImageObject","inLanguage":"en-US","@id":"https:\/\/www.lestalenslyriques.com\/en\/event\/de-la-lumiere-aux-tenebres\/#primaryimage","url":"https:\/\/www.lestalenslyriques.com\/wp-content\/uploads\/2019\/02\/event-detail-2.png","contentUrl":"https:\/\/www.lestalenslyriques.com\/wp-content\/uploads\/2019\/02\/event-detail-2.png","width":3840,"height":1800},{"@type":"BreadcrumbList","@id":"https:\/\/www.lestalenslyriques.com\/en\/event\/de-la-lumiere-aux-tenebres\/#breadcrumb","itemListElement":[{"@type":"ListItem","position":1,"name":"Accueil","item":"https:\/\/www.lestalenslyriques.com\/en\/"},{"@type":"ListItem","position":2,"name":"Calendar","item":"https:\/\/www.lestalenslyriques.com\/en\/event\/"},{"@type":"ListItem","position":3,"name":"From light to darkness"}]},{"@type":"WebSite","@id":"https:\/\/www.lestalenslyriques.com\/en\/#website","url":"https:\/\/www.lestalenslyriques.com\/en\/","name":"Les Talens Lyriques","description":"Christophe Rousset","potentialAction":[{"@type":"SearchAction","target":{"@type":"EntryPoint","urlTemplate":"https:\/\/www.lestalenslyriques.com\/en\/?s={search_term_string}"},"query-input":{"@type":"PropertyValueSpecification","valueRequired":true,"valueName":"search_term_string"}}],"inLanguage":"en-US"}]}},"_links":{"self":[{"href":"https:\/\/www.lestalenslyriques.com\/en\/wp-json\/wp\/v2\/event\/1320","targetHints":{"allow":["GET"]}}],"collection":[{"href":"https:\/\/www.lestalenslyriques.com\/en\/wp-json\/wp\/v2\/event"}],"about":[{"href":"https:\/\/www.lestalenslyriques.com\/en\/wp-json\/wp\/v2\/types\/event"}],"wp:featuredmedia":[{"embeddable":true,"href":"https:\/\/www.lestalenslyriques.com\/en\/wp-json\/wp\/v2\/media\/1321"}],"wp:attachment":[{"href":"https:\/\/www.lestalenslyriques.com\/en\/wp-json\/wp\/v2\/media?parent=1320"}],"wp:term":[{"taxonomy":"event-type","embeddable":true,"href":"https:\/\/www.lestalenslyriques.com\/en\/wp-json\/wp\/v2\/event-type?post=1320"},{"taxonomy":"event-saison","embeddable":true,"href":"https:\/\/www.lestalenslyriques.com\/en\/wp-json\/wp\/v2\/event-saison?post=1320"}],"curies":[{"name":"wp","href":"https:\/\/api.w.org\/{rel}","templated":true}]}}

<p><em>Concerts royaux</em> – Troisième Concert (1722)<br />
<em>La Ménétou &amp; Les Amusements</em> (Second Livre de pièces de clavecin – 1716)<br />
<em>Pièces de viole </em>– Première Suite (1728)<br />
<em>Leçons de Ténèbres du Mercredi Saint </em>(1714)</p>
<p>Dessus I | <strong>Amel Brahim-Djelloul</strong><br />
Dessus II | <strong>Eugénie Warnier</strong><br />
Violon | <strong>Gilone Gaubert-Jacques</strong><br />
Viole de gambe | <strong>Mikko Perkola</strong></p>
<p>Direction, orgue &amp; clavecin | <strong>Christophe Rousset</strong></p>

<!-- This site is optimized with the Yoast SEO plugin v27.5 - https://yoast.com/product/yoast-seo-wordpress/ -->
<title>From light to darkness | Les Talens Lyriques</title>
<meta name="robots" content="index, follow, max-snippet:-1, max-image-preview:large, max-video-preview:-1" />
<link rel="canonical" href="https://www.lestalenslyriques.com/en/event/de-la-lumiere-aux-tenebres/" />
<meta property="og:locale" content="en_US" />
<meta property="og:type" content="article" />
<meta property="og:title" content="From light to darkness | Les Talens Lyriques" />
<meta property="og:description" content="Concerts royaux – Troisième Concert (1722) La Ménétou &amp; Les Amusements (Second Livre de pièces de clavecin – 1716) Pièces de viole – Première Suite (1728) Leçons de Ténèbres du Mercredi Saint (1714) Dessus I | Amel Brahim-Djelloul Dessus II | Eugénie Warnier Violon | Gilone Gaubert-Jacques Viole de gambe | Mikko Perkola Direction, orgue [&hellip;]" />
<meta property="og:url" content="https://www.lestalenslyriques.com/en/event/de-la-lumiere-aux-tenebres/" />
<meta property="og:site_name" content="Les Talens Lyriques" />
<meta property="article:modified_time" content="2019-03-15T17:11:03+00:00" />
<meta property="og:image" content="https://www.lestalenslyriques.com/wp-content/uploads/2019/02/event-detail-2.png" />
	<meta property="og:image:width" content="3840" />
	<meta property="og:image:height" content="1800" />
	<meta property="og:image:type" content="image/png" />
<meta name="twitter:card" content="summary_large_image" />
<script type="application/ld+json" class="yoast-schema-graph">{"@context":"https:\/\/schema.org","@graph":[{"@type":"WebPage","@id":"https:\/\/www.lestalenslyriques.com\/en\/event\/de-la-lumiere-aux-tenebres\/","url":"https:\/\/www.lestalenslyriques.com\/en\/event\/de-la-lumiere-aux-tenebres\/","name":"From light to darkness | Les Talens Lyriques","isPartOf":{"@id":"https:\/\/www.lestalenslyriques.com\/en\/#website"},"primaryImageOfPage":{"@id":"https:\/\/www.lestalenslyriques.com\/en\/event\/de-la-lumiere-aux-tenebres\/#primaryimage"},"image":{"@id":"https:\/\/www.lestalenslyriques.com\/en\/event\/de-la-lumiere-aux-tenebres\/#primaryimage"},"thumbnailUrl":"https:\/\/www.lestalenslyriques.com\/wp-content\/uploads\/2019\/02\/event-detail-2.png","datePublished":"2019-02-04T03:17:59+00:00","dateModified":"2019-03-15T17:11:03+00:00","breadcrumb":{"@id":"https:\/\/www.lestalenslyriques.com\/en\/event\/de-la-lumiere-aux-tenebres\/#breadcrumb"},"inLanguage":"en-US","potentialAction":[{"@type":"ReadAction","target":["https:\/\/www.lestalenslyriques.com\/en\/event\/de-la-lumiere-aux-tenebres\/"]}]},{"@type":"ImageObject","inLanguage":"en-US","@id":"https:\/\/www.lestalenslyriques.com\/en\/event\/de-la-lumiere-aux-tenebres\/#primaryimage","url":"https:\/\/www.lestalenslyriques.com\/wp-content\/uploads\/2019\/02\/event-detail-2.png","contentUrl":"https:\/\/www.lestalenslyriques.com\/wp-content\/uploads\/2019\/02\/event-detail-2.png","width":3840,"height":1800},{"@type":"BreadcrumbList","@id":"https:\/\/www.lestalenslyriques.com\/en\/event\/de-la-lumiere-aux-tenebres\/#breadcrumb","itemListElement":[{"@type":"ListItem","position":1,"name":"Accueil","item":"https:\/\/www.lestalenslyriques.com\/en\/"},{"@type":"ListItem","position":2,"name":"Calendar","item":"https:\/\/www.lestalenslyriques.com\/en\/event\/"},{"@type":"ListItem","position":3,"name":"From light to darkness"}]},{"@type":"WebSite","@id":"https:\/\/www.lestalenslyriques.com\/en\/#website","url":"https:\/\/www.lestalenslyriques.com\/en\/","name":"Les Talens Lyriques","description":"Christophe Rousset","potentialAction":[{"@type":"SearchAction","target":{"@type":"EntryPoint","urlTemplate":"https:\/\/www.lestalenslyriques.com\/en\/?s={search_term_string}"},"query-input":{"@type":"PropertyValueSpecification","valueRequired":true,"valueName":"search_term_string"}}],"inLanguage":"en-US"}]}</script>
<!-- / Yoast SEO plugin. -->

Concerts royaux – Troisième Concert (1722) La Ménétou &amp; Les Amusements (Second Livre de pièces de clavecin – 1716) Pièces de viole – Première Suite (1728) Leçons de Ténèbres du Mercredi Saint (1714) Dessus I | Amel Brahim-Djelloul Dessus II | Eugénie Warnier Violon | Gilone Gaubert-Jacques Viole de gambe | Mikko Perkola Direction, orgue [&hellip;]
