{"id":1300,"date":"2019-02-21T17:43:58","date_gmt":"2019-02-21T16:43:58","guid":{"rendered":"https:\/\/www.lestalenslyriques.com\/evenement\/guerriers-et-amoureux\/"},"modified":"2019-03-18T11:02:48","modified_gmt":"2019-03-18T10:02:48","slug":"warriors-lovers","status":"publish","type":"event","link":"https:\/\/www.lestalenslyriques.com\/en\/event\/warriors-lovers\/","title":{"rendered":"Warriors and lovers"},"content":{"rendered":"<p><strong>Claudio Monteverdi (1567 \u2013 1643)<\/strong><br \/>\n<em>Lamento d\u2019Arianna<\/em> (1623)<br \/>\n<em>Madrigali guerrieri e amorosi, Libro ottavo <\/em>(1624) \u2013 extraits<br \/>\n<em>Combattimento di Tancredi e Clorinda <\/em>(1624)<\/p>\n<p>&nbsp;<\/p>\n<p>Soprano | <strong>Eug\u00e9nie Warnier<\/strong><br \/>\nT\u00e9nor | <strong>Anders J. Dahlin<\/strong><br \/>\nT\u00e9nor | <strong>Magnus Staveland<\/strong><br \/>\n<strong>Les Talens Lyriques<\/strong><br \/>\nDirection, orgue &amp; clavecin | <strong>Christophe Rousset<\/strong><\/p>\n<p>&nbsp;<\/p>\n<p>&nbsp;<\/p>\n<p>&nbsp;<\/p>\n","protected":false},"featured_media":0,"template":"","event-type":[],"event-saison":[114],"class_list":["post-1300","event","type-event","status-publish","hentry","event-saison-saison-2018-2019-en"],"acf":[],"yoast_head":"<!-- This site is optimized with the Yoast SEO plugin v27.5 - https:\/\/yoast.com\/product\/yoast-seo-wordpress\/ -->\n<title>Warriors and lovers | Les Talens Lyriques<\/title>\n<meta name=\"robots\" content=\"index, follow, max-snippet:-1, max-image-preview:large, max-video-preview:-1\" \/>\n<link rel=\"canonical\" href=\"https:\/\/www.lestalenslyriques.com\/en\/event\/warriors-lovers\/\" \/>\n<meta property=\"og:locale\" content=\"en_US\" \/>\n<meta property=\"og:type\" content=\"article\" \/>\n<meta property=\"og:title\" content=\"Warriors and lovers | Les Talens Lyriques\" \/>\n<meta property=\"og:description\" content=\"Claudio Monteverdi (1567 \u2013 1643) Lamento d\u2019Arianna (1623) Madrigali guerrieri e amorosi, Libro ottavo (1624) \u2013 extraits Combattimento di Tancredi e Clorinda (1624) &nbsp; Soprano | Eug\u00e9nie Warnier T\u00e9nor | Anders J. Dahlin T\u00e9nor | Magnus Staveland Les Talens Lyriques Direction, orgue &amp; clavecin | Christophe Rousset &nbsp; &nbsp; &nbsp;\" \/>\n<meta property=\"og:url\" content=\"https:\/\/www.lestalenslyriques.com\/en\/event\/warriors-lovers\/\" \/>\n<meta property=\"og:site_name\" content=\"Les Talens Lyriques\" \/>\n<meta property=\"article:modified_time\" content=\"2019-03-18T10:02:48+00:00\" \/>\n<meta name=\"twitter:card\" content=\"summary_large_image\" \/>\n<script type=\"application\/ld+json\" class=\"yoast-schema-graph\">{\"@context\":\"https:\\\/\\\/schema.org\",\"@graph\":[{\"@type\":\"WebPage\",\"@id\":\"https:\\\/\\\/www.lestalenslyriques.com\\\/en\\\/event\\\/warriors-lovers\\\/\",\"url\":\"https:\\\/\\\/www.lestalenslyriques.com\\\/en\\\/event\\\/warriors-lovers\\\/\",\"name\":\"Warriors and lovers | Les Talens Lyriques\",\"isPartOf\":{\"@id\":\"https:\\\/\\\/www.lestalenslyriques.com\\\/en\\\/#website\"},\"datePublished\":\"2019-02-21T16:43:58+00:00\",\"dateModified\":\"2019-03-18T10:02:48+00:00\",\"breadcrumb\":{\"@id\":\"https:\\\/\\\/www.lestalenslyriques.com\\\/en\\\/event\\\/warriors-lovers\\\/#breadcrumb\"},\"inLanguage\":\"en-US\",\"potentialAction\":[{\"@type\":\"ReadAction\",\"target\":[\"https:\\\/\\\/www.lestalenslyriques.com\\\/en\\\/event\\\/warriors-lovers\\\/\"]}]},{\"@type\":\"BreadcrumbList\",\"@id\":\"https:\\\/\\\/www.lestalenslyriques.com\\\/en\\\/event\\\/warriors-lovers\\\/#breadcrumb\",\"itemListElement\":[{\"@type\":\"ListItem\",\"position\":1,\"name\":\"Accueil\",\"item\":\"https:\\\/\\\/www.lestalenslyriques.com\\\/en\\\/\"},{\"@type\":\"ListItem\",\"position\":2,\"name\":\"Calendar\",\"item\":\"https:\\\/\\\/www.lestalenslyriques.com\\\/en\\\/event\\\/\"},{\"@type\":\"ListItem\",\"position\":3,\"name\":\"Warriors and lovers\"}]},{\"@type\":\"WebSite\",\"@id\":\"https:\\\/\\\/www.lestalenslyriques.com\\\/en\\\/#website\",\"url\":\"https:\\\/\\\/www.lestalenslyriques.com\\\/en\\\/\",\"name\":\"Les Talens Lyriques\",\"description\":\"Christophe Rousset\",\"potentialAction\":[{\"@type\":\"SearchAction\",\"target\":{\"@type\":\"EntryPoint\",\"urlTemplate\":\"https:\\\/\\\/www.lestalenslyriques.com\\\/en\\\/?s={search_term_string}\"},\"query-input\":{\"@type\":\"PropertyValueSpecification\",\"valueRequired\":true,\"valueName\":\"search_term_string\"}}],\"inLanguage\":\"en-US\"}]}<\/script>\n<!-- \/ Yoast SEO plugin. -->","yoast_head_json":{"title":"Warriors and lovers | Les Talens Lyriques","robots":{"index":"index","follow":"follow","max-snippet":"max-snippet:-1","max-image-preview":"max-image-preview:large","max-video-preview":"max-video-preview:-1"},"canonical":"https:\/\/www.lestalenslyriques.com\/en\/event\/warriors-lovers\/","og_locale":"en_US","og_type":"article","og_title":"Warriors and lovers | Les Talens Lyriques","og_description":"Claudio Monteverdi (1567 \u2013 1643) Lamento d\u2019Arianna (1623) Madrigali guerrieri e amorosi, Libro ottavo (1624) \u2013 extraits Combattimento di Tancredi e Clorinda (1624) &nbsp; Soprano | Eug\u00e9nie Warnier T\u00e9nor | Anders J. Dahlin T\u00e9nor | Magnus Staveland Les Talens Lyriques Direction, orgue &amp; clavecin | Christophe Rousset &nbsp; &nbsp; &nbsp;","og_url":"https:\/\/www.lestalenslyriques.com\/en\/event\/warriors-lovers\/","og_site_name":"Les Talens Lyriques","article_modified_time":"2019-03-18T10:02:48+00:00","twitter_card":"summary_large_image","schema":{"@context":"https:\/\/schema.org","@graph":[{"@type":"WebPage","@id":"https:\/\/www.lestalenslyriques.com\/en\/event\/warriors-lovers\/","url":"https:\/\/www.lestalenslyriques.com\/en\/event\/warriors-lovers\/","name":"Warriors and lovers | Les Talens Lyriques","isPartOf":{"@id":"https:\/\/www.lestalenslyriques.com\/en\/#website"},"datePublished":"2019-02-21T16:43:58+00:00","dateModified":"2019-03-18T10:02:48+00:00","breadcrumb":{"@id":"https:\/\/www.lestalenslyriques.com\/en\/event\/warriors-lovers\/#breadcrumb"},"inLanguage":"en-US","potentialAction":[{"@type":"ReadAction","target":["https:\/\/www.lestalenslyriques.com\/en\/event\/warriors-lovers\/"]}]},{"@type":"BreadcrumbList","@id":"https:\/\/www.lestalenslyriques.com\/en\/event\/warriors-lovers\/#breadcrumb","itemListElement":[{"@type":"ListItem","position":1,"name":"Accueil","item":"https:\/\/www.lestalenslyriques.com\/en\/"},{"@type":"ListItem","position":2,"name":"Calendar","item":"https:\/\/www.lestalenslyriques.com\/en\/event\/"},{"@type":"ListItem","position":3,"name":"Warriors and lovers"}]},{"@type":"WebSite","@id":"https:\/\/www.lestalenslyriques.com\/en\/#website","url":"https:\/\/www.lestalenslyriques.com\/en\/","name":"Les Talens Lyriques","description":"Christophe Rousset","potentialAction":[{"@type":"SearchAction","target":{"@type":"EntryPoint","urlTemplate":"https:\/\/www.lestalenslyriques.com\/en\/?s={search_term_string}"},"query-input":{"@type":"PropertyValueSpecification","valueRequired":true,"valueName":"search_term_string"}}],"inLanguage":"en-US"}]}},"_links":{"self":[{"href":"https:\/\/www.lestalenslyriques.com\/en\/wp-json\/wp\/v2\/event\/1300","targetHints":{"allow":["GET"]}}],"collection":[{"href":"https:\/\/www.lestalenslyriques.com\/en\/wp-json\/wp\/v2\/event"}],"about":[{"href":"https:\/\/www.lestalenslyriques.com\/en\/wp-json\/wp\/v2\/types\/event"}],"wp:attachment":[{"href":"https:\/\/www.lestalenslyriques.com\/en\/wp-json\/wp\/v2\/media?parent=1300"}],"wp:term":[{"taxonomy":"event-type","embeddable":true,"href":"https:\/\/www.lestalenslyriques.com\/en\/wp-json\/wp\/v2\/event-type?post=1300"},{"taxonomy":"event-saison","embeddable":true,"href":"https:\/\/www.lestalenslyriques.com\/en\/wp-json\/wp\/v2\/event-saison?post=1300"}],"curies":[{"name":"wp","href":"https:\/\/api.w.org\/{rel}","templated":true}]}}

<p><strong>Claudio Monteverdi (1567 – 1643)</strong><br />
<em>Lamento d’Arianna</em> (1623)<br />
<em>Madrigali guerrieri e amorosi, Libro ottavo </em>(1624) – extraits<br />
<em>Combattimento di Tancredi e Clorinda </em>(1624)</p>
<p>&nbsp;</p>
<p>Soprano | <strong>Eugénie Warnier</strong><br />
Ténor | <strong>Anders J. Dahlin</strong><br />
Ténor | <strong>Magnus Staveland</strong><br />
<strong>Les Talens Lyriques</strong><br />
Direction, orgue &amp; clavecin | <strong>Christophe Rousset</strong></p>
<p>&nbsp;</p>
<p>&nbsp;</p>
<p>&nbsp;</p>

<!-- This site is optimized with the Yoast SEO plugin v27.5 - https://yoast.com/product/yoast-seo-wordpress/ -->
<title>Warriors and lovers | Les Talens Lyriques</title>
<meta name="robots" content="index, follow, max-snippet:-1, max-image-preview:large, max-video-preview:-1" />
<link rel="canonical" href="https://www.lestalenslyriques.com/en/event/warriors-lovers/" />
<meta property="og:locale" content="en_US" />
<meta property="og:type" content="article" />
<meta property="og:title" content="Warriors and lovers | Les Talens Lyriques" />
<meta property="og:description" content="Claudio Monteverdi (1567 – 1643) Lamento d’Arianna (1623) Madrigali guerrieri e amorosi, Libro ottavo (1624) – extraits Combattimento di Tancredi e Clorinda (1624) &nbsp; Soprano | Eugénie Warnier Ténor | Anders J. Dahlin Ténor | Magnus Staveland Les Talens Lyriques Direction, orgue &amp; clavecin | Christophe Rousset &nbsp; &nbsp; &nbsp;" />
<meta property="og:url" content="https://www.lestalenslyriques.com/en/event/warriors-lovers/" />
<meta property="og:site_name" content="Les Talens Lyriques" />
<meta property="article:modified_time" content="2019-03-18T10:02:48+00:00" />
<meta name="twitter:card" content="summary_large_image" />
<script type="application/ld+json" class="yoast-schema-graph">{"@context":"https:\/\/schema.org","@graph":[{"@type":"WebPage","@id":"https:\/\/www.lestalenslyriques.com\/en\/event\/warriors-lovers\/","url":"https:\/\/www.lestalenslyriques.com\/en\/event\/warriors-lovers\/","name":"Warriors and lovers | Les Talens Lyriques","isPartOf":{"@id":"https:\/\/www.lestalenslyriques.com\/en\/#website"},"datePublished":"2019-02-21T16:43:58+00:00","dateModified":"2019-03-18T10:02:48+00:00","breadcrumb":{"@id":"https:\/\/www.lestalenslyriques.com\/en\/event\/warriors-lovers\/#breadcrumb"},"inLanguage":"en-US","potentialAction":[{"@type":"ReadAction","target":["https:\/\/www.lestalenslyriques.com\/en\/event\/warriors-lovers\/"]}]},{"@type":"BreadcrumbList","@id":"https:\/\/www.lestalenslyriques.com\/en\/event\/warriors-lovers\/#breadcrumb","itemListElement":[{"@type":"ListItem","position":1,"name":"Accueil","item":"https:\/\/www.lestalenslyriques.com\/en\/"},{"@type":"ListItem","position":2,"name":"Calendar","item":"https:\/\/www.lestalenslyriques.com\/en\/event\/"},{"@type":"ListItem","position":3,"name":"Warriors and lovers"}]},{"@type":"WebSite","@id":"https:\/\/www.lestalenslyriques.com\/en\/#website","url":"https:\/\/www.lestalenslyriques.com\/en\/","name":"Les Talens Lyriques","description":"Christophe Rousset","potentialAction":[{"@type":"SearchAction","target":{"@type":"EntryPoint","urlTemplate":"https:\/\/www.lestalenslyriques.com\/en\/?s={search_term_string}"},"query-input":{"@type":"PropertyValueSpecification","valueRequired":true,"valueName":"search_term_string"}}],"inLanguage":"en-US"}]}</script>
<!-- / Yoast SEO plugin. -->

Claudio Monteverdi (1567 – 1643) Lamento d’Arianna (1623) Madrigali guerrieri e amorosi, Libro ottavo (1624) – extraits Combattimento di Tancredi e Clorinda (1624) &nbsp; Soprano | Eugénie Warnier Ténor | Anders J. Dahlin Ténor | Magnus Staveland Les Talens Lyriques Direction, orgue &amp; clavecin | Christophe Rousset &nbsp; &nbsp; &nbsp;
