{"id":2118,"date":"2019-11-14T15:41:58","date_gmt":"2019-11-14T14:41:58","guid":{"rendered":"https:\/\/www.lestalenslyriques.com\/discographie\/grotta-trofonio\/"},"modified":"2025-06-12T15:29:50","modified_gmt":"2025-06-12T13:29:50","slug":"armida-abbandonata","status":"publish","type":"discographie","link":"https:\/\/www.lestalenslyriques.com\/en\/discographie\/armida-abbandonata\/","title":{"rendered":"Armida Abbandonata"},"content":{"rendered":"<p class=\"legende\">&#8220;Grand succ\u00e8s Napolitain de la fin du 18<sup>e<\/sup> si\u00e8cle, cet op\u00e9ra de Jommelli eut un \u00e9norme succ\u00e8s et fut grandement admir\u00e9 par les contemporains dont le jeune Mozart qui assista \u00e0 la premi\u00e8re le 30 mai 1770 au th\u00e9\u00e2tre San-Carlo de Naples.&#8221;<\/p>\n<p class=\"legende\">&#8220;Nouveau fruit des recherches men\u00e9es par Christophe Rousset ce disque remet \u00e0 l\u2019honneur une partition de Jommelli qui fut un des grands succ\u00e8s sc\u00e9nique\u00a0Napolitain de la fin du XVIIIe si\u00e8cle.&#8221;<\/p>\n","protected":false},"featured_media":2117,"menu_order":151,"template":"","class_list":["post-2118","discographie","type-discographie","status-publish","has-post-thumbnail","hentry"],"acf":[],"yoast_head":"<!-- This site is optimized with the Yoast SEO plugin v27.5 - https:\/\/yoast.com\/product\/yoast-seo-wordpress\/ -->\n<title>Armida Abbandonata | Les Talens Lyriques<\/title>\n<meta name=\"robots\" content=\"index, follow, max-snippet:-1, max-image-preview:large, max-video-preview:-1\" \/>\n<link rel=\"canonical\" href=\"https:\/\/www.lestalenslyriques.com\/en\/discographie\/armida-abbandonata\/\" \/>\n<meta property=\"og:locale\" content=\"en_US\" \/>\n<meta property=\"og:type\" content=\"article\" \/>\n<meta property=\"og:title\" content=\"Armida Abbandonata | Les Talens Lyriques\" \/>\n<meta property=\"og:description\" content=\"&#8220;Grand succ\u00e8s Napolitain de la fin du 18e si\u00e8cle, cet op\u00e9ra de Jommelli eut un \u00e9norme succ\u00e8s et fut grandement admir\u00e9 par les contemporains dont le jeune Mozart qui assista \u00e0 la premi\u00e8re le 30 mai 1770 au th\u00e9\u00e2tre San-Carlo de Naples.&#8221; &#8220;Nouveau fruit des recherches men\u00e9es par Christophe Rousset ce disque remet \u00e0 l\u2019honneur [&hellip;]\" \/>\n<meta property=\"og:url\" content=\"https:\/\/www.lestalenslyriques.com\/en\/discographie\/armida-abbandonata\/\" \/>\n<meta property=\"og:site_name\" content=\"Les Talens Lyriques\" \/>\n<meta property=\"article:modified_time\" content=\"2025-06-12T13:29:50+00:00\" \/>\n<meta property=\"og:image\" content=\"https:\/\/www.lestalenslyriques.com\/wp-content\/uploads\/2019\/04\/Capture-d\u2019e\u0301cran-2019-11-14-a\u0300-15.41.21.png\" \/>\n\t<meta property=\"og:image:width\" content=\"1238\" \/>\n\t<meta property=\"og:image:height\" content=\"1112\" \/>\n\t<meta property=\"og:image:type\" content=\"image\/png\" \/>\n<meta name=\"twitter:card\" content=\"summary_large_image\" \/>\n<meta name=\"twitter:label1\" content=\"Est. reading time\" \/>\n\t<meta name=\"twitter:data1\" content=\"1 minute\" \/>\n<script type=\"application\/ld+json\" class=\"yoast-schema-graph\">{\"@context\":\"https:\\\/\\\/schema.org\",\"@graph\":[{\"@type\":\"WebPage\",\"@id\":\"https:\\\/\\\/www.lestalenslyriques.com\\\/en\\\/discographie\\\/armida-abbandonata\\\/\",\"url\":\"https:\\\/\\\/www.lestalenslyriques.com\\\/en\\\/discographie\\\/armida-abbandonata\\\/\",\"name\":\"Armida Abbandonata | Les Talens Lyriques\",\"isPartOf\":{\"@id\":\"https:\\\/\\\/www.lestalenslyriques.com\\\/en\\\/#website\"},\"primaryImageOfPage\":{\"@id\":\"https:\\\/\\\/www.lestalenslyriques.com\\\/en\\\/discographie\\\/armida-abbandonata\\\/#primaryimage\"},\"image\":{\"@id\":\"https:\\\/\\\/www.lestalenslyriques.com\\\/en\\\/discographie\\\/armida-abbandonata\\\/#primaryimage\"},\"thumbnailUrl\":\"https:\\\/\\\/www.lestalenslyriques.com\\\/wp-content\\\/uploads\\\/2019\\\/04\\\/Capture-d\u2019e\u0301cran-2019-11-14-a\u0300-15.41.21.png\",\"datePublished\":\"2019-11-14T14:41:58+00:00\",\"dateModified\":\"2025-06-12T13:29:50+00:00\",\"breadcrumb\":{\"@id\":\"https:\\\/\\\/www.lestalenslyriques.com\\\/en\\\/discographie\\\/armida-abbandonata\\\/#breadcrumb\"},\"inLanguage\":\"en-US\",\"potentialAction\":[{\"@type\":\"ReadAction\",\"target\":[\"https:\\\/\\\/www.lestalenslyriques.com\\\/en\\\/discographie\\\/armida-abbandonata\\\/\"]}]},{\"@type\":\"ImageObject\",\"inLanguage\":\"en-US\",\"@id\":\"https:\\\/\\\/www.lestalenslyriques.com\\\/en\\\/discographie\\\/armida-abbandonata\\\/#primaryimage\",\"url\":\"https:\\\/\\\/www.lestalenslyriques.com\\\/wp-content\\\/uploads\\\/2019\\\/04\\\/Capture-d\u2019e\u0301cran-2019-11-14-a\u0300-15.41.21.png\",\"contentUrl\":\"https:\\\/\\\/www.lestalenslyriques.com\\\/wp-content\\\/uploads\\\/2019\\\/04\\\/Capture-d\u2019e\u0301cran-2019-11-14-a\u0300-15.41.21.png\",\"width\":1238,\"height\":1112},{\"@type\":\"BreadcrumbList\",\"@id\":\"https:\\\/\\\/www.lestalenslyriques.com\\\/en\\\/discographie\\\/armida-abbandonata\\\/#breadcrumb\",\"itemListElement\":[{\"@type\":\"ListItem\",\"position\":1,\"name\":\"Accueil\",\"item\":\"https:\\\/\\\/www.lestalenslyriques.com\\\/en\\\/\"},{\"@type\":\"ListItem\",\"position\":2,\"name\":\"Discography\",\"item\":\"https:\\\/\\\/www.lestalenslyriques.com\\\/en\\\/discographie\\\/\"},{\"@type\":\"ListItem\",\"position\":3,\"name\":\"Armida Abbandonata\"}]},{\"@type\":\"WebSite\",\"@id\":\"https:\\\/\\\/www.lestalenslyriques.com\\\/en\\\/#website\",\"url\":\"https:\\\/\\\/www.lestalenslyriques.com\\\/en\\\/\",\"name\":\"Les Talens Lyriques\",\"description\":\"Christophe Rousset\",\"potentialAction\":[{\"@type\":\"SearchAction\",\"target\":{\"@type\":\"EntryPoint\",\"urlTemplate\":\"https:\\\/\\\/www.lestalenslyriques.com\\\/en\\\/?s={search_term_string}\"},\"query-input\":{\"@type\":\"PropertyValueSpecification\",\"valueRequired\":true,\"valueName\":\"search_term_string\"}}],\"inLanguage\":\"en-US\"}]}<\/script>\n<!-- \/ Yoast SEO plugin. -->","yoast_head_json":{"title":"Armida Abbandonata | Les Talens Lyriques","robots":{"index":"index","follow":"follow","max-snippet":"max-snippet:-1","max-image-preview":"max-image-preview:large","max-video-preview":"max-video-preview:-1"},"canonical":"https:\/\/www.lestalenslyriques.com\/en\/discographie\/armida-abbandonata\/","og_locale":"en_US","og_type":"article","og_title":"Armida Abbandonata | Les Talens Lyriques","og_description":"&#8220;Grand succ\u00e8s Napolitain de la fin du 18e si\u00e8cle, cet op\u00e9ra de Jommelli eut un \u00e9norme succ\u00e8s et fut grandement admir\u00e9 par les contemporains dont le jeune Mozart qui assista \u00e0 la premi\u00e8re le 30 mai 1770 au th\u00e9\u00e2tre San-Carlo de Naples.&#8221; &#8220;Nouveau fruit des recherches men\u00e9es par Christophe Rousset ce disque remet \u00e0 l\u2019honneur [&hellip;]","og_url":"https:\/\/www.lestalenslyriques.com\/en\/discographie\/armida-abbandonata\/","og_site_name":"Les Talens Lyriques","article_modified_time":"2025-06-12T13:29:50+00:00","og_image":[{"width":1238,"height":1112,"url":"https:\/\/www.lestalenslyriques.com\/wp-content\/uploads\/2019\/04\/Capture-d\u2019e\u0301cran-2019-11-14-a\u0300-15.41.21.png","type":"image\/png"}],"twitter_card":"summary_large_image","twitter_misc":{"Est. reading time":"1 minute"},"schema":{"@context":"https:\/\/schema.org","@graph":[{"@type":"WebPage","@id":"https:\/\/www.lestalenslyriques.com\/en\/discographie\/armida-abbandonata\/","url":"https:\/\/www.lestalenslyriques.com\/en\/discographie\/armida-abbandonata\/","name":"Armida Abbandonata | Les Talens Lyriques","isPartOf":{"@id":"https:\/\/www.lestalenslyriques.com\/en\/#website"},"primaryImageOfPage":{"@id":"https:\/\/www.lestalenslyriques.com\/en\/discographie\/armida-abbandonata\/#primaryimage"},"image":{"@id":"https:\/\/www.lestalenslyriques.com\/en\/discographie\/armida-abbandonata\/#primaryimage"},"thumbnailUrl":"https:\/\/www.lestalenslyriques.com\/wp-content\/uploads\/2019\/04\/Capture-d\u2019e\u0301cran-2019-11-14-a\u0300-15.41.21.png","datePublished":"2019-11-14T14:41:58+00:00","dateModified":"2025-06-12T13:29:50+00:00","breadcrumb":{"@id":"https:\/\/www.lestalenslyriques.com\/en\/discographie\/armida-abbandonata\/#breadcrumb"},"inLanguage":"en-US","potentialAction":[{"@type":"ReadAction","target":["https:\/\/www.lestalenslyriques.com\/en\/discographie\/armida-abbandonata\/"]}]},{"@type":"ImageObject","inLanguage":"en-US","@id":"https:\/\/www.lestalenslyriques.com\/en\/discographie\/armida-abbandonata\/#primaryimage","url":"https:\/\/www.lestalenslyriques.com\/wp-content\/uploads\/2019\/04\/Capture-d\u2019e\u0301cran-2019-11-14-a\u0300-15.41.21.png","contentUrl":"https:\/\/www.lestalenslyriques.com\/wp-content\/uploads\/2019\/04\/Capture-d\u2019e\u0301cran-2019-11-14-a\u0300-15.41.21.png","width":1238,"height":1112},{"@type":"BreadcrumbList","@id":"https:\/\/www.lestalenslyriques.com\/en\/discographie\/armida-abbandonata\/#breadcrumb","itemListElement":[{"@type":"ListItem","position":1,"name":"Accueil","item":"https:\/\/www.lestalenslyriques.com\/en\/"},{"@type":"ListItem","position":2,"name":"Discography","item":"https:\/\/www.lestalenslyriques.com\/en\/discographie\/"},{"@type":"ListItem","position":3,"name":"Armida Abbandonata"}]},{"@type":"WebSite","@id":"https:\/\/www.lestalenslyriques.com\/en\/#website","url":"https:\/\/www.lestalenslyriques.com\/en\/","name":"Les Talens Lyriques","description":"Christophe Rousset","potentialAction":[{"@type":"SearchAction","target":{"@type":"EntryPoint","urlTemplate":"https:\/\/www.lestalenslyriques.com\/en\/?s={search_term_string}"},"query-input":{"@type":"PropertyValueSpecification","valueRequired":true,"valueName":"search_term_string"}}],"inLanguage":"en-US"}]}},"_links":{"self":[{"href":"https:\/\/www.lestalenslyriques.com\/en\/wp-json\/wp\/v2\/discographie\/2118","targetHints":{"allow":["GET"]}}],"collection":[{"href":"https:\/\/www.lestalenslyriques.com\/en\/wp-json\/wp\/v2\/discographie"}],"about":[{"href":"https:\/\/www.lestalenslyriques.com\/en\/wp-json\/wp\/v2\/types\/discographie"}],"wp:featuredmedia":[{"embeddable":true,"href":"https:\/\/www.lestalenslyriques.com\/en\/wp-json\/wp\/v2\/media\/2117"}],"wp:attachment":[{"href":"https:\/\/www.lestalenslyriques.com\/en\/wp-json\/wp\/v2\/media?parent=2118"}],"curies":[{"name":"wp","href":"https:\/\/api.w.org\/{rel}","templated":true}]}}

<p class="legende">&#8220;Grand succès Napolitain de la fin du 18<sup>e</sup> siècle, cet opéra de Jommelli eut un énorme succès et fut grandement admiré par les contemporains dont le jeune Mozart qui assista à la première le 30 mai 1770 au théâtre San-Carlo de Naples.&#8221;</p>
<p class="legende">&#8220;Nouveau fruit des recherches menées par Christophe Rousset ce disque remet à l’honneur une partition de Jommelli qui fut un des grands succès scénique Napolitain de la fin du XVIIIe siècle.&#8221;</p>

<!-- This site is optimized with the Yoast SEO plugin v27.5 - https://yoast.com/product/yoast-seo-wordpress/ -->
<title>Armida Abbandonata | Les Talens Lyriques</title>
<meta name="robots" content="index, follow, max-snippet:-1, max-image-preview:large, max-video-preview:-1" />
<link rel="canonical" href="https://www.lestalenslyriques.com/en/discographie/armida-abbandonata/" />
<meta property="og:locale" content="en_US" />
<meta property="og:type" content="article" />
<meta property="og:title" content="Armida Abbandonata | Les Talens Lyriques" />
<meta property="og:description" content="&#8220;Grand succès Napolitain de la fin du 18e siècle, cet opéra de Jommelli eut un énorme succès et fut grandement admiré par les contemporains dont le jeune Mozart qui assista à la première le 30 mai 1770 au théâtre San-Carlo de Naples.&#8221; &#8220;Nouveau fruit des recherches menées par Christophe Rousset ce disque remet à l’honneur [&hellip;]" />
<meta property="og:url" content="https://www.lestalenslyriques.com/en/discographie/armida-abbandonata/" />
<meta property="og:site_name" content="Les Talens Lyriques" />
<meta property="article:modified_time" content="2025-06-12T13:29:50+00:00" />
<meta property="og:image" content="https://www.lestalenslyriques.com/wp-content/uploads/2019/04/Capture-d’écran-2019-11-14-à-15.41.21.png" />
	<meta property="og:image:width" content="1238" />
	<meta property="og:image:height" content="1112" />
	<meta property="og:image:type" content="image/png" />
<meta name="twitter:card" content="summary_large_image" />
<meta name="twitter:label1" content="Est. reading time" />
	<meta name="twitter:data1" content="1 minute" />
<script type="application/ld+json" class="yoast-schema-graph">{"@context":"https:\/\/schema.org","@graph":[{"@type":"WebPage","@id":"https:\/\/www.lestalenslyriques.com\/en\/discographie\/armida-abbandonata\/","url":"https:\/\/www.lestalenslyriques.com\/en\/discographie\/armida-abbandonata\/","name":"Armida Abbandonata | Les Talens Lyriques","isPartOf":{"@id":"https:\/\/www.lestalenslyriques.com\/en\/#website"},"primaryImageOfPage":{"@id":"https:\/\/www.lestalenslyriques.com\/en\/discographie\/armida-abbandonata\/#primaryimage"},"image":{"@id":"https:\/\/www.lestalenslyriques.com\/en\/discographie\/armida-abbandonata\/#primaryimage"},"thumbnailUrl":"https:\/\/www.lestalenslyriques.com\/wp-content\/uploads\/2019\/04\/Capture-d’écran-2019-11-14-à-15.41.21.png","datePublished":"2019-11-14T14:41:58+00:00","dateModified":"2025-06-12T13:29:50+00:00","breadcrumb":{"@id":"https:\/\/www.lestalenslyriques.com\/en\/discographie\/armida-abbandonata\/#breadcrumb"},"inLanguage":"en-US","potentialAction":[{"@type":"ReadAction","target":["https:\/\/www.lestalenslyriques.com\/en\/discographie\/armida-abbandonata\/"]}]},{"@type":"ImageObject","inLanguage":"en-US","@id":"https:\/\/www.lestalenslyriques.com\/en\/discographie\/armida-abbandonata\/#primaryimage","url":"https:\/\/www.lestalenslyriques.com\/wp-content\/uploads\/2019\/04\/Capture-d’écran-2019-11-14-à-15.41.21.png","contentUrl":"https:\/\/www.lestalenslyriques.com\/wp-content\/uploads\/2019\/04\/Capture-d’écran-2019-11-14-à-15.41.21.png","width":1238,"height":1112},{"@type":"BreadcrumbList","@id":"https:\/\/www.lestalenslyriques.com\/en\/discographie\/armida-abbandonata\/#breadcrumb","itemListElement":[{"@type":"ListItem","position":1,"name":"Accueil","item":"https:\/\/www.lestalenslyriques.com\/en\/"},{"@type":"ListItem","position":2,"name":"Discography","item":"https:\/\/www.lestalenslyriques.com\/en\/discographie\/"},{"@type":"ListItem","position":3,"name":"Armida Abbandonata"}]},{"@type":"WebSite","@id":"https:\/\/www.lestalenslyriques.com\/en\/#website","url":"https:\/\/www.lestalenslyriques.com\/en\/","name":"Les Talens Lyriques","description":"Christophe Rousset","potentialAction":[{"@type":"SearchAction","target":{"@type":"EntryPoint","urlTemplate":"https:\/\/www.lestalenslyriques.com\/en\/?s={search_term_string}"},"query-input":{"@type":"PropertyValueSpecification","valueRequired":true,"valueName":"search_term_string"}}],"inLanguage":"en-US"}]}</script>
<!-- / Yoast SEO plugin. -->

&#8220;Grand succès Napolitain de la fin du 18e siècle, cet opéra de Jommelli eut un énorme succès et fut grandement admiré par les contemporains dont le jeune Mozart qui assista à la première le 30 mai 1770 au théâtre San-Carlo de Naples.&#8221; &#8220;Nouveau fruit des recherches menées par Christophe Rousset ce disque remet à l’honneur [&hellip;]
