{"id":1564,"date":"2018-09-02T06:32:50","date_gmt":"2018-09-02T04:32:50","guid":{"rendered":"https:\/\/www.lestalenslyriques.com\/discographie\/les-horaces\/"},"modified":"2025-06-12T15:45:30","modified_gmt":"2025-06-12T13:45:30","slug":"les-horaces","status":"publish","type":"discographie","link":"https:\/\/www.lestalenslyriques.com\/en\/discographie\/les-horaces\/","title":{"rendered":"Les Horaces"},"content":{"rendered":"<p>Apr\u00e8s <em>Les Dana\u00efdes<\/em> en 2015, les Talens Lyriques gravent en premi\u00e8re mondiale <em>Les Horaces<\/em> d\u2019Antonio Salieri, qu\u2019ils ont recr\u00e9\u00e9 \u00e0 Versailles en 2016 ! Pour ressusciter cette partition, Christophe Rousset convoque un casting vocal de r\u00eave : le t\u00e9nor Cyrille Dubois, Judith van Wanroij, Julien Dran ou encore Jean-Sebastien Bou, incarnent les destins des personnages inspir\u00e9s de la lutte fratricide des Horaces et des Curiaces dans la Rome antique, restitu\u00e9e de fa\u00e7on spectaculaire par un Salieri d\u00e9j\u00e0 romantique dans son audace musicale.<\/p>\n","protected":false},"featured_media":679,"menu_order":59,"template":"","class_list":["post-1564","discographie","type-discographie","status-publish","has-post-thumbnail","hentry"],"acf":[],"yoast_head":"<!-- This site is optimized with the Yoast SEO plugin v27.5 - https:\/\/yoast.com\/product\/yoast-seo-wordpress\/ -->\n<title>Les Horaces | Les Talens Lyriques<\/title>\n<meta name=\"robots\" content=\"index, follow, max-snippet:-1, max-image-preview:large, max-video-preview:-1\" \/>\n<link rel=\"canonical\" href=\"https:\/\/www.lestalenslyriques.com\/en\/discographie\/les-horaces\/\" \/>\n<meta property=\"og:locale\" content=\"en_US\" \/>\n<meta property=\"og:type\" content=\"article\" \/>\n<meta property=\"og:title\" content=\"Les Horaces | Les Talens Lyriques\" \/>\n<meta property=\"og:description\" content=\"Apr\u00e8s Les Dana\u00efdes en 2015, les Talens Lyriques gravent en premi\u00e8re mondiale Les Horaces d\u2019Antonio Salieri, qu\u2019ils ont recr\u00e9\u00e9 \u00e0 Versailles en 2016 ! Pour ressusciter cette partition, Christophe Rousset convoque un casting vocal de r\u00eave : le t\u00e9nor Cyrille Dubois, Judith van Wanroij, Julien Dran ou encore Jean-Sebastien Bou, incarnent les destins des personnages [&hellip;]\" \/>\n<meta property=\"og:url\" content=\"https:\/\/www.lestalenslyriques.com\/en\/discographie\/les-horaces\/\" \/>\n<meta property=\"og:site_name\" content=\"Les Talens Lyriques\" \/>\n<meta property=\"article:modified_time\" content=\"2025-06-12T13:45:30+00:00\" \/>\n<meta property=\"og:image\" content=\"https:\/\/www.lestalenslyriques.com\/wp-content\/uploads\/2019\/02\/Discographie-20.png\" \/>\n\t<meta property=\"og:image:width\" content=\"840\" \/>\n\t<meta property=\"og:image:height\" content=\"840\" \/>\n\t<meta property=\"og:image:type\" content=\"image\/png\" \/>\n<meta name=\"twitter:card\" content=\"summary_large_image\" \/>\n<meta name=\"twitter:label1\" content=\"Est. reading time\" \/>\n\t<meta name=\"twitter:data1\" content=\"1 minute\" \/>\n<script type=\"application\/ld+json\" class=\"yoast-schema-graph\">{\"@context\":\"https:\\\/\\\/schema.org\",\"@graph\":[{\"@type\":\"WebPage\",\"@id\":\"https:\\\/\\\/www.lestalenslyriques.com\\\/en\\\/discographie\\\/les-horaces\\\/\",\"url\":\"https:\\\/\\\/www.lestalenslyriques.com\\\/en\\\/discographie\\\/les-horaces\\\/\",\"name\":\"Les Horaces | Les Talens Lyriques\",\"isPartOf\":{\"@id\":\"https:\\\/\\\/www.lestalenslyriques.com\\\/en\\\/#website\"},\"primaryImageOfPage\":{\"@id\":\"https:\\\/\\\/www.lestalenslyriques.com\\\/en\\\/discographie\\\/les-horaces\\\/#primaryimage\"},\"image\":{\"@id\":\"https:\\\/\\\/www.lestalenslyriques.com\\\/en\\\/discographie\\\/les-horaces\\\/#primaryimage\"},\"thumbnailUrl\":\"https:\\\/\\\/www.lestalenslyriques.com\\\/wp-content\\\/uploads\\\/2019\\\/02\\\/Discographie-20.png\",\"datePublished\":\"2018-09-02T04:32:50+00:00\",\"dateModified\":\"2025-06-12T13:45:30+00:00\",\"breadcrumb\":{\"@id\":\"https:\\\/\\\/www.lestalenslyriques.com\\\/en\\\/discographie\\\/les-horaces\\\/#breadcrumb\"},\"inLanguage\":\"en-US\",\"potentialAction\":[{\"@type\":\"ReadAction\",\"target\":[\"https:\\\/\\\/www.lestalenslyriques.com\\\/en\\\/discographie\\\/les-horaces\\\/\"]}]},{\"@type\":\"ImageObject\",\"inLanguage\":\"en-US\",\"@id\":\"https:\\\/\\\/www.lestalenslyriques.com\\\/en\\\/discographie\\\/les-horaces\\\/#primaryimage\",\"url\":\"https:\\\/\\\/www.lestalenslyriques.com\\\/wp-content\\\/uploads\\\/2019\\\/02\\\/Discographie-20.png\",\"contentUrl\":\"https:\\\/\\\/www.lestalenslyriques.com\\\/wp-content\\\/uploads\\\/2019\\\/02\\\/Discographie-20.png\",\"width\":840,\"height\":840},{\"@type\":\"BreadcrumbList\",\"@id\":\"https:\\\/\\\/www.lestalenslyriques.com\\\/en\\\/discographie\\\/les-horaces\\\/#breadcrumb\",\"itemListElement\":[{\"@type\":\"ListItem\",\"position\":1,\"name\":\"Accueil\",\"item\":\"https:\\\/\\\/www.lestalenslyriques.com\\\/en\\\/\"},{\"@type\":\"ListItem\",\"position\":2,\"name\":\"Discography\",\"item\":\"https:\\\/\\\/www.lestalenslyriques.com\\\/en\\\/discographie\\\/\"},{\"@type\":\"ListItem\",\"position\":3,\"name\":\"Les Horaces\"}]},{\"@type\":\"WebSite\",\"@id\":\"https:\\\/\\\/www.lestalenslyriques.com\\\/en\\\/#website\",\"url\":\"https:\\\/\\\/www.lestalenslyriques.com\\\/en\\\/\",\"name\":\"Les Talens Lyriques\",\"description\":\"Christophe Rousset\",\"potentialAction\":[{\"@type\":\"SearchAction\",\"target\":{\"@type\":\"EntryPoint\",\"urlTemplate\":\"https:\\\/\\\/www.lestalenslyriques.com\\\/en\\\/?s={search_term_string}\"},\"query-input\":{\"@type\":\"PropertyValueSpecification\",\"valueRequired\":true,\"valueName\":\"search_term_string\"}}],\"inLanguage\":\"en-US\"}]}<\/script>\n<!-- \/ Yoast SEO plugin. -->","yoast_head_json":{"title":"Les Horaces | Les Talens Lyriques","robots":{"index":"index","follow":"follow","max-snippet":"max-snippet:-1","max-image-preview":"max-image-preview:large","max-video-preview":"max-video-preview:-1"},"canonical":"https:\/\/www.lestalenslyriques.com\/en\/discographie\/les-horaces\/","og_locale":"en_US","og_type":"article","og_title":"Les Horaces | Les Talens Lyriques","og_description":"Apr\u00e8s Les Dana\u00efdes en 2015, les Talens Lyriques gravent en premi\u00e8re mondiale Les Horaces d\u2019Antonio Salieri, qu\u2019ils ont recr\u00e9\u00e9 \u00e0 Versailles en 2016 ! Pour ressusciter cette partition, Christophe Rousset convoque un casting vocal de r\u00eave : le t\u00e9nor Cyrille Dubois, Judith van Wanroij, Julien Dran ou encore Jean-Sebastien Bou, incarnent les destins des personnages [&hellip;]","og_url":"https:\/\/www.lestalenslyriques.com\/en\/discographie\/les-horaces\/","og_site_name":"Les Talens Lyriques","article_modified_time":"2025-06-12T13:45:30+00:00","og_image":[{"width":840,"height":840,"url":"https:\/\/www.lestalenslyriques.com\/wp-content\/uploads\/2019\/02\/Discographie-20.png","type":"image\/png"}],"twitter_card":"summary_large_image","twitter_misc":{"Est. reading time":"1 minute"},"schema":{"@context":"https:\/\/schema.org","@graph":[{"@type":"WebPage","@id":"https:\/\/www.lestalenslyriques.com\/en\/discographie\/les-horaces\/","url":"https:\/\/www.lestalenslyriques.com\/en\/discographie\/les-horaces\/","name":"Les Horaces | Les Talens Lyriques","isPartOf":{"@id":"https:\/\/www.lestalenslyriques.com\/en\/#website"},"primaryImageOfPage":{"@id":"https:\/\/www.lestalenslyriques.com\/en\/discographie\/les-horaces\/#primaryimage"},"image":{"@id":"https:\/\/www.lestalenslyriques.com\/en\/discographie\/les-horaces\/#primaryimage"},"thumbnailUrl":"https:\/\/www.lestalenslyriques.com\/wp-content\/uploads\/2019\/02\/Discographie-20.png","datePublished":"2018-09-02T04:32:50+00:00","dateModified":"2025-06-12T13:45:30+00:00","breadcrumb":{"@id":"https:\/\/www.lestalenslyriques.com\/en\/discographie\/les-horaces\/#breadcrumb"},"inLanguage":"en-US","potentialAction":[{"@type":"ReadAction","target":["https:\/\/www.lestalenslyriques.com\/en\/discographie\/les-horaces\/"]}]},{"@type":"ImageObject","inLanguage":"en-US","@id":"https:\/\/www.lestalenslyriques.com\/en\/discographie\/les-horaces\/#primaryimage","url":"https:\/\/www.lestalenslyriques.com\/wp-content\/uploads\/2019\/02\/Discographie-20.png","contentUrl":"https:\/\/www.lestalenslyriques.com\/wp-content\/uploads\/2019\/02\/Discographie-20.png","width":840,"height":840},{"@type":"BreadcrumbList","@id":"https:\/\/www.lestalenslyriques.com\/en\/discographie\/les-horaces\/#breadcrumb","itemListElement":[{"@type":"ListItem","position":1,"name":"Accueil","item":"https:\/\/www.lestalenslyriques.com\/en\/"},{"@type":"ListItem","position":2,"name":"Discography","item":"https:\/\/www.lestalenslyriques.com\/en\/discographie\/"},{"@type":"ListItem","position":3,"name":"Les Horaces"}]},{"@type":"WebSite","@id":"https:\/\/www.lestalenslyriques.com\/en\/#website","url":"https:\/\/www.lestalenslyriques.com\/en\/","name":"Les Talens Lyriques","description":"Christophe Rousset","potentialAction":[{"@type":"SearchAction","target":{"@type":"EntryPoint","urlTemplate":"https:\/\/www.lestalenslyriques.com\/en\/?s={search_term_string}"},"query-input":{"@type":"PropertyValueSpecification","valueRequired":true,"valueName":"search_term_string"}}],"inLanguage":"en-US"}]}},"_links":{"self":[{"href":"https:\/\/www.lestalenslyriques.com\/en\/wp-json\/wp\/v2\/discographie\/1564","targetHints":{"allow":["GET"]}}],"collection":[{"href":"https:\/\/www.lestalenslyriques.com\/en\/wp-json\/wp\/v2\/discographie"}],"about":[{"href":"https:\/\/www.lestalenslyriques.com\/en\/wp-json\/wp\/v2\/types\/discographie"}],"wp:featuredmedia":[{"embeddable":true,"href":"https:\/\/www.lestalenslyriques.com\/en\/wp-json\/wp\/v2\/media\/679"}],"wp:attachment":[{"href":"https:\/\/www.lestalenslyriques.com\/en\/wp-json\/wp\/v2\/media?parent=1564"}],"curies":[{"name":"wp","href":"https:\/\/api.w.org\/{rel}","templated":true}]}}

<p>Après <em>Les Danaïdes</em> en 2015, les Talens Lyriques gravent en première mondiale <em>Les Horaces</em> d’Antonio Salieri, qu’ils ont recréé à Versailles en 2016 ! Pour ressusciter cette partition, Christophe Rousset convoque un casting vocal de rêve : le ténor Cyrille Dubois, Judith van Wanroij, Julien Dran ou encore Jean-Sebastien Bou, incarnent les destins des personnages inspirés de la lutte fratricide des Horaces et des Curiaces dans la Rome antique, restituée de façon spectaculaire par un Salieri déjà romantique dans son audace musicale.</p>

<!-- This site is optimized with the Yoast SEO plugin v27.5 - https://yoast.com/product/yoast-seo-wordpress/ -->
<title>Les Horaces | Les Talens Lyriques</title>
<meta name="robots" content="index, follow, max-snippet:-1, max-image-preview:large, max-video-preview:-1" />
<link rel="canonical" href="https://www.lestalenslyriques.com/en/discographie/les-horaces/" />
<meta property="og:locale" content="en_US" />
<meta property="og:type" content="article" />
<meta property="og:title" content="Les Horaces | Les Talens Lyriques" />
<meta property="og:description" content="Après Les Danaïdes en 2015, les Talens Lyriques gravent en première mondiale Les Horaces d’Antonio Salieri, qu’ils ont recréé à Versailles en 2016 ! Pour ressusciter cette partition, Christophe Rousset convoque un casting vocal de rêve : le ténor Cyrille Dubois, Judith van Wanroij, Julien Dran ou encore Jean-Sebastien Bou, incarnent les destins des personnages [&hellip;]" />
<meta property="og:url" content="https://www.lestalenslyriques.com/en/discographie/les-horaces/" />
<meta property="og:site_name" content="Les Talens Lyriques" />
<meta property="article:modified_time" content="2025-06-12T13:45:30+00:00" />
<meta property="og:image" content="https://www.lestalenslyriques.com/wp-content/uploads/2019/02/Discographie-20.png" />
	<meta property="og:image:width" content="840" />
	<meta property="og:image:height" content="840" />
	<meta property="og:image:type" content="image/png" />
<meta name="twitter:card" content="summary_large_image" />
<meta name="twitter:label1" content="Est. reading time" />
	<meta name="twitter:data1" content="1 minute" />
<script type="application/ld+json" class="yoast-schema-graph">{"@context":"https:\/\/schema.org","@graph":[{"@type":"WebPage","@id":"https:\/\/www.lestalenslyriques.com\/en\/discographie\/les-horaces\/","url":"https:\/\/www.lestalenslyriques.com\/en\/discographie\/les-horaces\/","name":"Les Horaces | Les Talens Lyriques","isPartOf":{"@id":"https:\/\/www.lestalenslyriques.com\/en\/#website"},"primaryImageOfPage":{"@id":"https:\/\/www.lestalenslyriques.com\/en\/discographie\/les-horaces\/#primaryimage"},"image":{"@id":"https:\/\/www.lestalenslyriques.com\/en\/discographie\/les-horaces\/#primaryimage"},"thumbnailUrl":"https:\/\/www.lestalenslyriques.com\/wp-content\/uploads\/2019\/02\/Discographie-20.png","datePublished":"2018-09-02T04:32:50+00:00","dateModified":"2025-06-12T13:45:30+00:00","breadcrumb":{"@id":"https:\/\/www.lestalenslyriques.com\/en\/discographie\/les-horaces\/#breadcrumb"},"inLanguage":"en-US","potentialAction":[{"@type":"ReadAction","target":["https:\/\/www.lestalenslyriques.com\/en\/discographie\/les-horaces\/"]}]},{"@type":"ImageObject","inLanguage":"en-US","@id":"https:\/\/www.lestalenslyriques.com\/en\/discographie\/les-horaces\/#primaryimage","url":"https:\/\/www.lestalenslyriques.com\/wp-content\/uploads\/2019\/02\/Discographie-20.png","contentUrl":"https:\/\/www.lestalenslyriques.com\/wp-content\/uploads\/2019\/02\/Discographie-20.png","width":840,"height":840},{"@type":"BreadcrumbList","@id":"https:\/\/www.lestalenslyriques.com\/en\/discographie\/les-horaces\/#breadcrumb","itemListElement":[{"@type":"ListItem","position":1,"name":"Accueil","item":"https:\/\/www.lestalenslyriques.com\/en\/"},{"@type":"ListItem","position":2,"name":"Discography","item":"https:\/\/www.lestalenslyriques.com\/en\/discographie\/"},{"@type":"ListItem","position":3,"name":"Les Horaces"}]},{"@type":"WebSite","@id":"https:\/\/www.lestalenslyriques.com\/en\/#website","url":"https:\/\/www.lestalenslyriques.com\/en\/","name":"Les Talens Lyriques","description":"Christophe Rousset","potentialAction":[{"@type":"SearchAction","target":{"@type":"EntryPoint","urlTemplate":"https:\/\/www.lestalenslyriques.com\/en\/?s={search_term_string}"},"query-input":{"@type":"PropertyValueSpecification","valueRequired":true,"valueName":"search_term_string"}}],"inLanguage":"en-US"}]}</script>
<!-- / Yoast SEO plugin. -->

Après Les Danaïdes en 2015, les Talens Lyriques gravent en première mondiale Les Horaces d’Antonio Salieri, qu’ils ont recréé à Versailles en 2016 ! Pour ressusciter cette partition, Christophe Rousset convoque un casting vocal de rêve : le ténor Cyrille Dubois, Judith van Wanroij, Julien Dran ou encore Jean-Sebastien Bou, incarnent les destins des personnages [&hellip;]
