{"id":1543,"date":"2016-09-02T06:15:20","date_gmt":"2016-09-02T04:15:20","guid":{"rendered":"https:\/\/www.lestalenslyriques.com\/discographie\/cantate-ariane\/"},"modified":"2025-06-13T15:23:16","modified_gmt":"2025-06-13T13:23:16","slug":"cantate-ariane","status":"publish","type":"discographie","link":"https:\/\/www.lestalenslyriques.com\/en\/discographie\/cantate-ariane\/","title":{"rendered":"Ariane consol\u00e9e par Bacchus"},"content":{"rendered":"<p>1-6. <strong>Ariane consol\u00e9e par Bacchus, cantate<\/strong><br \/>\n7-22. <strong>Concert instrumental sous le titre d\u2019apoth\u00e9ose compos\u00e9 \u00e0 la m\u00e9moire immortelle de l\u2019incomparable Monsieur de Lully<\/strong><br \/>\n23-29. <strong>Le Parnasse ou l\u2019Apoth\u00e9ose de Corelli<\/strong><\/p>\n","protected":false},"featured_media":808,"menu_order":70,"template":"","class_list":["post-1543","discographie","type-discographie","status-publish","has-post-thumbnail","hentry"],"acf":[],"yoast_head":"<!-- This site is optimized with the Yoast SEO plugin v27.5 - https:\/\/yoast.com\/product\/yoast-seo-wordpress\/ -->\n<title>Ariane consol\u00e9e par Bacchus | Les Talens Lyriques<\/title>\n<meta name=\"robots\" content=\"index, follow, max-snippet:-1, max-image-preview:large, max-video-preview:-1\" \/>\n<link rel=\"canonical\" href=\"https:\/\/www.lestalenslyriques.com\/en\/discographie\/cantate-ariane\/\" \/>\n<meta property=\"og:locale\" content=\"en_US\" \/>\n<meta property=\"og:type\" content=\"article\" \/>\n<meta property=\"og:title\" content=\"Ariane consol\u00e9e par Bacchus | Les Talens Lyriques\" \/>\n<meta property=\"og:description\" content=\"1-6. Ariane consol\u00e9e par Bacchus, cantate 7-22. Concert instrumental sous le titre d\u2019apoth\u00e9ose compos\u00e9 \u00e0 la m\u00e9moire immortelle de l\u2019incomparable Monsieur de Lully 23-29. Le Parnasse ou l\u2019Apoth\u00e9ose de Corelli\" \/>\n<meta property=\"og:url\" content=\"https:\/\/www.lestalenslyriques.com\/en\/discographie\/cantate-ariane\/\" \/>\n<meta property=\"og:site_name\" content=\"Les Talens Lyriques\" \/>\n<meta property=\"article:modified_time\" content=\"2025-06-13T13:23:16+00:00\" \/>\n<meta property=\"og:image\" content=\"https:\/\/www.lestalenslyriques.com\/wp-content\/uploads\/2019\/02\/couv-couperin-1024x1024.jpg\" \/>\n\t<meta property=\"og:image:width\" content=\"1024\" \/>\n\t<meta property=\"og:image:height\" content=\"1024\" \/>\n\t<meta property=\"og:image:type\" content=\"image\/jpeg\" \/>\n<meta name=\"twitter:card\" content=\"summary_large_image\" \/>\n<meta name=\"twitter:label1\" content=\"Est. reading time\" \/>\n\t<meta name=\"twitter:data1\" content=\"1 minute\" \/>\n<script type=\"application\/ld+json\" class=\"yoast-schema-graph\">{\"@context\":\"https:\\\/\\\/schema.org\",\"@graph\":[{\"@type\":\"WebPage\",\"@id\":\"https:\\\/\\\/www.lestalenslyriques.com\\\/en\\\/discographie\\\/cantate-ariane\\\/\",\"url\":\"https:\\\/\\\/www.lestalenslyriques.com\\\/en\\\/discographie\\\/cantate-ariane\\\/\",\"name\":\"Ariane consol\u00e9e par Bacchus | Les Talens Lyriques\",\"isPartOf\":{\"@id\":\"https:\\\/\\\/www.lestalenslyriques.com\\\/en\\\/#website\"},\"primaryImageOfPage\":{\"@id\":\"https:\\\/\\\/www.lestalenslyriques.com\\\/en\\\/discographie\\\/cantate-ariane\\\/#primaryimage\"},\"image\":{\"@id\":\"https:\\\/\\\/www.lestalenslyriques.com\\\/en\\\/discographie\\\/cantate-ariane\\\/#primaryimage\"},\"thumbnailUrl\":\"https:\\\/\\\/www.lestalenslyriques.com\\\/wp-content\\\/uploads\\\/2019\\\/02\\\/couv-couperin.jpg\",\"datePublished\":\"2016-09-02T04:15:20+00:00\",\"dateModified\":\"2025-06-13T13:23:16+00:00\",\"breadcrumb\":{\"@id\":\"https:\\\/\\\/www.lestalenslyriques.com\\\/en\\\/discographie\\\/cantate-ariane\\\/#breadcrumb\"},\"inLanguage\":\"en-US\",\"potentialAction\":[{\"@type\":\"ReadAction\",\"target\":[\"https:\\\/\\\/www.lestalenslyriques.com\\\/en\\\/discographie\\\/cantate-ariane\\\/\"]}]},{\"@type\":\"ImageObject\",\"inLanguage\":\"en-US\",\"@id\":\"https:\\\/\\\/www.lestalenslyriques.com\\\/en\\\/discographie\\\/cantate-ariane\\\/#primaryimage\",\"url\":\"https:\\\/\\\/www.lestalenslyriques.com\\\/wp-content\\\/uploads\\\/2019\\\/02\\\/couv-couperin.jpg\",\"contentUrl\":\"https:\\\/\\\/www.lestalenslyriques.com\\\/wp-content\\\/uploads\\\/2019\\\/02\\\/couv-couperin.jpg\",\"width\":3000,\"height\":3000},{\"@type\":\"BreadcrumbList\",\"@id\":\"https:\\\/\\\/www.lestalenslyriques.com\\\/en\\\/discographie\\\/cantate-ariane\\\/#breadcrumb\",\"itemListElement\":[{\"@type\":\"ListItem\",\"position\":1,\"name\":\"Accueil\",\"item\":\"https:\\\/\\\/www.lestalenslyriques.com\\\/en\\\/\"},{\"@type\":\"ListItem\",\"position\":2,\"name\":\"Discography\",\"item\":\"https:\\\/\\\/www.lestalenslyriques.com\\\/en\\\/discographie\\\/\"},{\"@type\":\"ListItem\",\"position\":3,\"name\":\"Ariane consol\u00e9e par Bacchus\"}]},{\"@type\":\"WebSite\",\"@id\":\"https:\\\/\\\/www.lestalenslyriques.com\\\/en\\\/#website\",\"url\":\"https:\\\/\\\/www.lestalenslyriques.com\\\/en\\\/\",\"name\":\"Les Talens Lyriques\",\"description\":\"Christophe Rousset\",\"potentialAction\":[{\"@type\":\"SearchAction\",\"target\":{\"@type\":\"EntryPoint\",\"urlTemplate\":\"https:\\\/\\\/www.lestalenslyriques.com\\\/en\\\/?s={search_term_string}\"},\"query-input\":{\"@type\":\"PropertyValueSpecification\",\"valueRequired\":true,\"valueName\":\"search_term_string\"}}],\"inLanguage\":\"en-US\"}]}<\/script>\n<!-- \/ Yoast SEO plugin. -->","yoast_head_json":{"title":"Ariane consol\u00e9e par Bacchus | Les Talens Lyriques","robots":{"index":"index","follow":"follow","max-snippet":"max-snippet:-1","max-image-preview":"max-image-preview:large","max-video-preview":"max-video-preview:-1"},"canonical":"https:\/\/www.lestalenslyriques.com\/en\/discographie\/cantate-ariane\/","og_locale":"en_US","og_type":"article","og_title":"Ariane consol\u00e9e par Bacchus | Les Talens Lyriques","og_description":"1-6. Ariane consol\u00e9e par Bacchus, cantate 7-22. Concert instrumental sous le titre d\u2019apoth\u00e9ose compos\u00e9 \u00e0 la m\u00e9moire immortelle de l\u2019incomparable Monsieur de Lully 23-29. Le Parnasse ou l\u2019Apoth\u00e9ose de Corelli","og_url":"https:\/\/www.lestalenslyriques.com\/en\/discographie\/cantate-ariane\/","og_site_name":"Les Talens Lyriques","article_modified_time":"2025-06-13T13:23:16+00:00","og_image":[{"width":1024,"height":1024,"url":"https:\/\/www.lestalenslyriques.com\/wp-content\/uploads\/2019\/02\/couv-couperin-1024x1024.jpg","type":"image\/jpeg"}],"twitter_card":"summary_large_image","twitter_misc":{"Est. reading time":"1 minute"},"schema":{"@context":"https:\/\/schema.org","@graph":[{"@type":"WebPage","@id":"https:\/\/www.lestalenslyriques.com\/en\/discographie\/cantate-ariane\/","url":"https:\/\/www.lestalenslyriques.com\/en\/discographie\/cantate-ariane\/","name":"Ariane consol\u00e9e par Bacchus | Les Talens Lyriques","isPartOf":{"@id":"https:\/\/www.lestalenslyriques.com\/en\/#website"},"primaryImageOfPage":{"@id":"https:\/\/www.lestalenslyriques.com\/en\/discographie\/cantate-ariane\/#primaryimage"},"image":{"@id":"https:\/\/www.lestalenslyriques.com\/en\/discographie\/cantate-ariane\/#primaryimage"},"thumbnailUrl":"https:\/\/www.lestalenslyriques.com\/wp-content\/uploads\/2019\/02\/couv-couperin.jpg","datePublished":"2016-09-02T04:15:20+00:00","dateModified":"2025-06-13T13:23:16+00:00","breadcrumb":{"@id":"https:\/\/www.lestalenslyriques.com\/en\/discographie\/cantate-ariane\/#breadcrumb"},"inLanguage":"en-US","potentialAction":[{"@type":"ReadAction","target":["https:\/\/www.lestalenslyriques.com\/en\/discographie\/cantate-ariane\/"]}]},{"@type":"ImageObject","inLanguage":"en-US","@id":"https:\/\/www.lestalenslyriques.com\/en\/discographie\/cantate-ariane\/#primaryimage","url":"https:\/\/www.lestalenslyriques.com\/wp-content\/uploads\/2019\/02\/couv-couperin.jpg","contentUrl":"https:\/\/www.lestalenslyriques.com\/wp-content\/uploads\/2019\/02\/couv-couperin.jpg","width":3000,"height":3000},{"@type":"BreadcrumbList","@id":"https:\/\/www.lestalenslyriques.com\/en\/discographie\/cantate-ariane\/#breadcrumb","itemListElement":[{"@type":"ListItem","position":1,"name":"Accueil","item":"https:\/\/www.lestalenslyriques.com\/en\/"},{"@type":"ListItem","position":2,"name":"Discography","item":"https:\/\/www.lestalenslyriques.com\/en\/discographie\/"},{"@type":"ListItem","position":3,"name":"Ariane consol\u00e9e par Bacchus"}]},{"@type":"WebSite","@id":"https:\/\/www.lestalenslyriques.com\/en\/#website","url":"https:\/\/www.lestalenslyriques.com\/en\/","name":"Les Talens Lyriques","description":"Christophe Rousset","potentialAction":[{"@type":"SearchAction","target":{"@type":"EntryPoint","urlTemplate":"https:\/\/www.lestalenslyriques.com\/en\/?s={search_term_string}"},"query-input":{"@type":"PropertyValueSpecification","valueRequired":true,"valueName":"search_term_string"}}],"inLanguage":"en-US"}]}},"_links":{"self":[{"href":"https:\/\/www.lestalenslyriques.com\/en\/wp-json\/wp\/v2\/discographie\/1543","targetHints":{"allow":["GET"]}}],"collection":[{"href":"https:\/\/www.lestalenslyriques.com\/en\/wp-json\/wp\/v2\/discographie"}],"about":[{"href":"https:\/\/www.lestalenslyriques.com\/en\/wp-json\/wp\/v2\/types\/discographie"}],"wp:featuredmedia":[{"embeddable":true,"href":"https:\/\/www.lestalenslyriques.com\/en\/wp-json\/wp\/v2\/media\/808"}],"wp:attachment":[{"href":"https:\/\/www.lestalenslyriques.com\/en\/wp-json\/wp\/v2\/media?parent=1543"}],"curies":[{"name":"wp","href":"https:\/\/api.w.org\/{rel}","templated":true}]}}

Ariane consolée par Bacchus

<p>1-6. <strong>Ariane consolée par Bacchus, cantate</strong><br />
7-22. <strong>Concert instrumental sous le titre d’apothéose composé à la mémoire immortelle de l’incomparable Monsieur de Lully</strong><br />
23-29. <strong>Le Parnasse ou l’Apothéose de Corelli</strong></p>

<!-- This site is optimized with the Yoast SEO plugin v27.5 - https://yoast.com/product/yoast-seo-wordpress/ -->
<title>Ariane consolée par Bacchus | Les Talens Lyriques</title>
<meta name="robots" content="index, follow, max-snippet:-1, max-image-preview:large, max-video-preview:-1" />
<link rel="canonical" href="https://www.lestalenslyriques.com/en/discographie/cantate-ariane/" />
<meta property="og:locale" content="en_US" />
<meta property="og:type" content="article" />
<meta property="og:title" content="Ariane consolée par Bacchus | Les Talens Lyriques" />
<meta property="og:description" content="1-6. Ariane consolée par Bacchus, cantate 7-22. Concert instrumental sous le titre d’apothéose composé à la mémoire immortelle de l’incomparable Monsieur de Lully 23-29. Le Parnasse ou l’Apothéose de Corelli" />
<meta property="og:url" content="https://www.lestalenslyriques.com/en/discographie/cantate-ariane/" />
<meta property="og:site_name" content="Les Talens Lyriques" />
<meta property="article:modified_time" content="2025-06-13T13:23:16+00:00" />
<meta property="og:image" content="https://www.lestalenslyriques.com/wp-content/uploads/2019/02/couv-couperin-1024x1024.jpg" />
	<meta property="og:image:width" content="1024" />
	<meta property="og:image:height" content="1024" />
	<meta property="og:image:type" content="image/jpeg" />
<meta name="twitter:card" content="summary_large_image" />
<meta name="twitter:label1" content="Est. reading time" />
	<meta name="twitter:data1" content="1 minute" />
<script type="application/ld+json" class="yoast-schema-graph">{"@context":"https:\/\/schema.org","@graph":[{"@type":"WebPage","@id":"https:\/\/www.lestalenslyriques.com\/en\/discographie\/cantate-ariane\/","url":"https:\/\/www.lestalenslyriques.com\/en\/discographie\/cantate-ariane\/","name":"Ariane consolée par Bacchus | Les Talens Lyriques","isPartOf":{"@id":"https:\/\/www.lestalenslyriques.com\/en\/#website"},"primaryImageOfPage":{"@id":"https:\/\/www.lestalenslyriques.com\/en\/discographie\/cantate-ariane\/#primaryimage"},"image":{"@id":"https:\/\/www.lestalenslyriques.com\/en\/discographie\/cantate-ariane\/#primaryimage"},"thumbnailUrl":"https:\/\/www.lestalenslyriques.com\/wp-content\/uploads\/2019\/02\/couv-couperin.jpg","datePublished":"2016-09-02T04:15:20+00:00","dateModified":"2025-06-13T13:23:16+00:00","breadcrumb":{"@id":"https:\/\/www.lestalenslyriques.com\/en\/discographie\/cantate-ariane\/#breadcrumb"},"inLanguage":"en-US","potentialAction":[{"@type":"ReadAction","target":["https:\/\/www.lestalenslyriques.com\/en\/discographie\/cantate-ariane\/"]}]},{"@type":"ImageObject","inLanguage":"en-US","@id":"https:\/\/www.lestalenslyriques.com\/en\/discographie\/cantate-ariane\/#primaryimage","url":"https:\/\/www.lestalenslyriques.com\/wp-content\/uploads\/2019\/02\/couv-couperin.jpg","contentUrl":"https:\/\/www.lestalenslyriques.com\/wp-content\/uploads\/2019\/02\/couv-couperin.jpg","width":3000,"height":3000},{"@type":"BreadcrumbList","@id":"https:\/\/www.lestalenslyriques.com\/en\/discographie\/cantate-ariane\/#breadcrumb","itemListElement":[{"@type":"ListItem","position":1,"name":"Accueil","item":"https:\/\/www.lestalenslyriques.com\/en\/"},{"@type":"ListItem","position":2,"name":"Discography","item":"https:\/\/www.lestalenslyriques.com\/en\/discographie\/"},{"@type":"ListItem","position":3,"name":"Ariane consolée par Bacchus"}]},{"@type":"WebSite","@id":"https:\/\/www.lestalenslyriques.com\/en\/#website","url":"https:\/\/www.lestalenslyriques.com\/en\/","name":"Les Talens Lyriques","description":"Christophe Rousset","potentialAction":[{"@type":"SearchAction","target":{"@type":"EntryPoint","urlTemplate":"https:\/\/www.lestalenslyriques.com\/en\/?s={search_term_string}"},"query-input":{"@type":"PropertyValueSpecification","valueRequired":true,"valueName":"search_term_string"}}],"inLanguage":"en-US"}]}</script>
<!-- / Yoast SEO plugin. -->

Ariane consolée par Bacchus | Les Talens Lyriques

1-6. Ariane consolée par Bacchus, cantate 7-22. Concert instrumental sous le titre d’apothéose composé à la mémoire immortelle de l’incomparable Monsieur de Lully 23-29. Le Parnasse ou l’Apothéose de Corelli
