{"id":1539,"date":"2016-03-02T04:09:33","date_gmt":"2016-03-02T03:09:33","guid":{"rendered":"https:\/\/www.lestalenslyriques.com\/discographie\/j-s-bach\/"},"modified":"2019-04-09T17:23:14","modified_gmt":"2019-04-09T15:23:14","slug":"j-s-bach","status":"publish","type":"discographie","link":"https:\/\/www.lestalenslyriques.com\/en\/discographie\/j-s-bach\/","title":{"rendered":"Le clavier bien temp\u00e9r\u00e9 &#8211; Livre I"},"content":{"rendered":"<p>Le Clavier bien temp\u00e9r\u00e9 \/ Das wohltemperierte klavier \/ The Well-Tempered Clavier<br \/>\nLivre 1 \/ Erster Teil \/ Book 1<\/p>\n<p>Enregistr\u00e9 au Ch\u00e2teau de Versailles, appartement du Dauphin en avril 2015<br \/>\nRecorded in the Dauphin\u2019s apartments in\u00a0the Palace of Versailles, April 2015<br \/>\nClavecin Joannes Ruckers (1628).<\/p>\n","protected":false},"featured_media":810,"menu_order":72,"template":"","class_list":["post-1539","discographie","type-discographie","status-publish","has-post-thumbnail","hentry"],"acf":[],"yoast_head":"<!-- This site is optimized with the Yoast SEO plugin v27.5 - https:\/\/yoast.com\/product\/yoast-seo-wordpress\/ -->\n<title>Le clavier bien temp\u00e9r\u00e9 - Livre I | Les Talens Lyriques<\/title>\n<meta name=\"robots\" content=\"index, follow, max-snippet:-1, max-image-preview:large, max-video-preview:-1\" \/>\n<link rel=\"canonical\" href=\"https:\/\/www.lestalenslyriques.com\/en\/discographie\/j-s-bach\/\" \/>\n<meta property=\"og:locale\" content=\"en_US\" \/>\n<meta property=\"og:type\" content=\"article\" \/>\n<meta property=\"og:title\" content=\"Le clavier bien temp\u00e9r\u00e9 - Livre I | Les Talens Lyriques\" \/>\n<meta property=\"og:description\" content=\"Le Clavier bien temp\u00e9r\u00e9 \/ Das wohltemperierte klavier \/ The Well-Tempered Clavier Livre 1 \/ Erster Teil \/ Book 1 Enregistr\u00e9 au Ch\u00e2teau de Versailles, appartement du Dauphin en avril 2015 Recorded in the Dauphin\u2019s apartments in\u00a0the Palace of Versailles, April 2015 Clavecin Joannes Ruckers (1628).\" \/>\n<meta property=\"og:url\" content=\"https:\/\/www.lestalenslyriques.com\/en\/discographie\/j-s-bach\/\" \/>\n<meta property=\"og:site_name\" content=\"Les Talens Lyriques\" \/>\n<meta property=\"article:modified_time\" content=\"2019-04-09T15:23:14+00:00\" \/>\n<meta property=\"og:image\" content=\"https:\/\/www.lestalenslyriques.com\/wp-content\/uploads\/2019\/02\/AP120-cover-20151009-1.jpg\" \/>\n\t<meta property=\"og:image:width\" content=\"1429\" \/>\n\t<meta property=\"og:image:height\" content=\"1417\" \/>\n\t<meta property=\"og:image:type\" content=\"image\/jpeg\" \/>\n<meta name=\"twitter:card\" content=\"summary_large_image\" \/>\n<script type=\"application\/ld+json\" class=\"yoast-schema-graph\">{\"@context\":\"https:\\\/\\\/schema.org\",\"@graph\":[{\"@type\":\"WebPage\",\"@id\":\"https:\\\/\\\/www.lestalenslyriques.com\\\/en\\\/discographie\\\/j-s-bach\\\/\",\"url\":\"https:\\\/\\\/www.lestalenslyriques.com\\\/en\\\/discographie\\\/j-s-bach\\\/\",\"name\":\"Le clavier bien temp\u00e9r\u00e9 - Livre I | Les Talens Lyriques\",\"isPartOf\":{\"@id\":\"https:\\\/\\\/www.lestalenslyriques.com\\\/en\\\/#website\"},\"primaryImageOfPage\":{\"@id\":\"https:\\\/\\\/www.lestalenslyriques.com\\\/en\\\/discographie\\\/j-s-bach\\\/#primaryimage\"},\"image\":{\"@id\":\"https:\\\/\\\/www.lestalenslyriques.com\\\/en\\\/discographie\\\/j-s-bach\\\/#primaryimage\"},\"thumbnailUrl\":\"https:\\\/\\\/www.lestalenslyriques.com\\\/wp-content\\\/uploads\\\/2019\\\/02\\\/AP120-cover-20151009-1.jpg\",\"datePublished\":\"2016-03-02T03:09:33+00:00\",\"dateModified\":\"2019-04-09T15:23:14+00:00\",\"breadcrumb\":{\"@id\":\"https:\\\/\\\/www.lestalenslyriques.com\\\/en\\\/discographie\\\/j-s-bach\\\/#breadcrumb\"},\"inLanguage\":\"en-US\",\"potentialAction\":[{\"@type\":\"ReadAction\",\"target\":[\"https:\\\/\\\/www.lestalenslyriques.com\\\/en\\\/discographie\\\/j-s-bach\\\/\"]}]},{\"@type\":\"ImageObject\",\"inLanguage\":\"en-US\",\"@id\":\"https:\\\/\\\/www.lestalenslyriques.com\\\/en\\\/discographie\\\/j-s-bach\\\/#primaryimage\",\"url\":\"https:\\\/\\\/www.lestalenslyriques.com\\\/wp-content\\\/uploads\\\/2019\\\/02\\\/AP120-cover-20151009-1.jpg\",\"contentUrl\":\"https:\\\/\\\/www.lestalenslyriques.com\\\/wp-content\\\/uploads\\\/2019\\\/02\\\/AP120-cover-20151009-1.jpg\",\"width\":1429,\"height\":1417},{\"@type\":\"BreadcrumbList\",\"@id\":\"https:\\\/\\\/www.lestalenslyriques.com\\\/en\\\/discographie\\\/j-s-bach\\\/#breadcrumb\",\"itemListElement\":[{\"@type\":\"ListItem\",\"position\":1,\"name\":\"Accueil\",\"item\":\"https:\\\/\\\/www.lestalenslyriques.com\\\/en\\\/\"},{\"@type\":\"ListItem\",\"position\":2,\"name\":\"Discography\",\"item\":\"https:\\\/\\\/www.lestalenslyriques.com\\\/en\\\/discographie\\\/\"},{\"@type\":\"ListItem\",\"position\":3,\"name\":\"Le clavier bien temp\u00e9r\u00e9 &#8211; Livre I\"}]},{\"@type\":\"WebSite\",\"@id\":\"https:\\\/\\\/www.lestalenslyriques.com\\\/en\\\/#website\",\"url\":\"https:\\\/\\\/www.lestalenslyriques.com\\\/en\\\/\",\"name\":\"Les Talens Lyriques\",\"description\":\"Christophe Rousset\",\"potentialAction\":[{\"@type\":\"SearchAction\",\"target\":{\"@type\":\"EntryPoint\",\"urlTemplate\":\"https:\\\/\\\/www.lestalenslyriques.com\\\/en\\\/?s={search_term_string}\"},\"query-input\":{\"@type\":\"PropertyValueSpecification\",\"valueRequired\":true,\"valueName\":\"search_term_string\"}}],\"inLanguage\":\"en-US\"}]}<\/script>\n<!-- \/ Yoast SEO plugin. -->","yoast_head_json":{"title":"Le clavier bien temp\u00e9r\u00e9 - Livre I | Les Talens Lyriques","robots":{"index":"index","follow":"follow","max-snippet":"max-snippet:-1","max-image-preview":"max-image-preview:large","max-video-preview":"max-video-preview:-1"},"canonical":"https:\/\/www.lestalenslyriques.com\/en\/discographie\/j-s-bach\/","og_locale":"en_US","og_type":"article","og_title":"Le clavier bien temp\u00e9r\u00e9 - Livre I | Les Talens Lyriques","og_description":"Le Clavier bien temp\u00e9r\u00e9 \/ Das wohltemperierte klavier \/ The Well-Tempered Clavier Livre 1 \/ Erster Teil \/ Book 1 Enregistr\u00e9 au Ch\u00e2teau de Versailles, appartement du Dauphin en avril 2015 Recorded in the Dauphin\u2019s apartments in\u00a0the Palace of Versailles, April 2015 Clavecin Joannes Ruckers (1628).","og_url":"https:\/\/www.lestalenslyriques.com\/en\/discographie\/j-s-bach\/","og_site_name":"Les Talens Lyriques","article_modified_time":"2019-04-09T15:23:14+00:00","og_image":[{"width":1429,"height":1417,"url":"https:\/\/www.lestalenslyriques.com\/wp-content\/uploads\/2019\/02\/AP120-cover-20151009-1.jpg","type":"image\/jpeg"}],"twitter_card":"summary_large_image","schema":{"@context":"https:\/\/schema.org","@graph":[{"@type":"WebPage","@id":"https:\/\/www.lestalenslyriques.com\/en\/discographie\/j-s-bach\/","url":"https:\/\/www.lestalenslyriques.com\/en\/discographie\/j-s-bach\/","name":"Le clavier bien temp\u00e9r\u00e9 - Livre I | Les Talens Lyriques","isPartOf":{"@id":"https:\/\/www.lestalenslyriques.com\/en\/#website"},"primaryImageOfPage":{"@id":"https:\/\/www.lestalenslyriques.com\/en\/discographie\/j-s-bach\/#primaryimage"},"image":{"@id":"https:\/\/www.lestalenslyriques.com\/en\/discographie\/j-s-bach\/#primaryimage"},"thumbnailUrl":"https:\/\/www.lestalenslyriques.com\/wp-content\/uploads\/2019\/02\/AP120-cover-20151009-1.jpg","datePublished":"2016-03-02T03:09:33+00:00","dateModified":"2019-04-09T15:23:14+00:00","breadcrumb":{"@id":"https:\/\/www.lestalenslyriques.com\/en\/discographie\/j-s-bach\/#breadcrumb"},"inLanguage":"en-US","potentialAction":[{"@type":"ReadAction","target":["https:\/\/www.lestalenslyriques.com\/en\/discographie\/j-s-bach\/"]}]},{"@type":"ImageObject","inLanguage":"en-US","@id":"https:\/\/www.lestalenslyriques.com\/en\/discographie\/j-s-bach\/#primaryimage","url":"https:\/\/www.lestalenslyriques.com\/wp-content\/uploads\/2019\/02\/AP120-cover-20151009-1.jpg","contentUrl":"https:\/\/www.lestalenslyriques.com\/wp-content\/uploads\/2019\/02\/AP120-cover-20151009-1.jpg","width":1429,"height":1417},{"@type":"BreadcrumbList","@id":"https:\/\/www.lestalenslyriques.com\/en\/discographie\/j-s-bach\/#breadcrumb","itemListElement":[{"@type":"ListItem","position":1,"name":"Accueil","item":"https:\/\/www.lestalenslyriques.com\/en\/"},{"@type":"ListItem","position":2,"name":"Discography","item":"https:\/\/www.lestalenslyriques.com\/en\/discographie\/"},{"@type":"ListItem","position":3,"name":"Le clavier bien temp\u00e9r\u00e9 &#8211; Livre I"}]},{"@type":"WebSite","@id":"https:\/\/www.lestalenslyriques.com\/en\/#website","url":"https:\/\/www.lestalenslyriques.com\/en\/","name":"Les Talens Lyriques","description":"Christophe Rousset","potentialAction":[{"@type":"SearchAction","target":{"@type":"EntryPoint","urlTemplate":"https:\/\/www.lestalenslyriques.com\/en\/?s={search_term_string}"},"query-input":{"@type":"PropertyValueSpecification","valueRequired":true,"valueName":"search_term_string"}}],"inLanguage":"en-US"}]}},"_links":{"self":[{"href":"https:\/\/www.lestalenslyriques.com\/en\/wp-json\/wp\/v2\/discographie\/1539","targetHints":{"allow":["GET"]}}],"collection":[{"href":"https:\/\/www.lestalenslyriques.com\/en\/wp-json\/wp\/v2\/discographie"}],"about":[{"href":"https:\/\/www.lestalenslyriques.com\/en\/wp-json\/wp\/v2\/types\/discographie"}],"wp:featuredmedia":[{"embeddable":true,"href":"https:\/\/www.lestalenslyriques.com\/en\/wp-json\/wp\/v2\/media\/810"}],"wp:attachment":[{"href":"https:\/\/www.lestalenslyriques.com\/en\/wp-json\/wp\/v2\/media?parent=1539"}],"curies":[{"name":"wp","href":"https:\/\/api.w.org\/{rel}","templated":true}]}}

Le clavier bien tempéré &#8211; Livre I

<p>Le Clavier bien tempéré / Das wohltemperierte klavier / The Well-Tempered Clavier<br />
Livre 1 / Erster Teil / Book 1</p>
<p>Enregistré au Château de Versailles, appartement du Dauphin en avril 2015<br />
Recorded in the Dauphin’s apartments in the Palace of Versailles, April 2015<br />
Clavecin Joannes Ruckers (1628).</p>

<!-- This site is optimized with the Yoast SEO plugin v27.5 - https://yoast.com/product/yoast-seo-wordpress/ -->
<title>Le clavier bien tempéré - Livre I | Les Talens Lyriques</title>
<meta name="robots" content="index, follow, max-snippet:-1, max-image-preview:large, max-video-preview:-1" />
<link rel="canonical" href="https://www.lestalenslyriques.com/en/discographie/j-s-bach/" />
<meta property="og:locale" content="en_US" />
<meta property="og:type" content="article" />
<meta property="og:title" content="Le clavier bien tempéré - Livre I | Les Talens Lyriques" />
<meta property="og:description" content="Le Clavier bien tempéré / Das wohltemperierte klavier / The Well-Tempered Clavier Livre 1 / Erster Teil / Book 1 Enregistré au Château de Versailles, appartement du Dauphin en avril 2015 Recorded in the Dauphin’s apartments in the Palace of Versailles, April 2015 Clavecin Joannes Ruckers (1628)." />
<meta property="og:url" content="https://www.lestalenslyriques.com/en/discographie/j-s-bach/" />
<meta property="og:site_name" content="Les Talens Lyriques" />
<meta property="article:modified_time" content="2019-04-09T15:23:14+00:00" />
<meta property="og:image" content="https://www.lestalenslyriques.com/wp-content/uploads/2019/02/AP120-cover-20151009-1.jpg" />
	<meta property="og:image:width" content="1429" />
	<meta property="og:image:height" content="1417" />
	<meta property="og:image:type" content="image/jpeg" />
<meta name="twitter:card" content="summary_large_image" />
<script type="application/ld+json" class="yoast-schema-graph">{"@context":"https:\/\/schema.org","@graph":[{"@type":"WebPage","@id":"https:\/\/www.lestalenslyriques.com\/en\/discographie\/j-s-bach\/","url":"https:\/\/www.lestalenslyriques.com\/en\/discographie\/j-s-bach\/","name":"Le clavier bien tempéré - Livre I | Les Talens Lyriques","isPartOf":{"@id":"https:\/\/www.lestalenslyriques.com\/en\/#website"},"primaryImageOfPage":{"@id":"https:\/\/www.lestalenslyriques.com\/en\/discographie\/j-s-bach\/#primaryimage"},"image":{"@id":"https:\/\/www.lestalenslyriques.com\/en\/discographie\/j-s-bach\/#primaryimage"},"thumbnailUrl":"https:\/\/www.lestalenslyriques.com\/wp-content\/uploads\/2019\/02\/AP120-cover-20151009-1.jpg","datePublished":"2016-03-02T03:09:33+00:00","dateModified":"2019-04-09T15:23:14+00:00","breadcrumb":{"@id":"https:\/\/www.lestalenslyriques.com\/en\/discographie\/j-s-bach\/#breadcrumb"},"inLanguage":"en-US","potentialAction":[{"@type":"ReadAction","target":["https:\/\/www.lestalenslyriques.com\/en\/discographie\/j-s-bach\/"]}]},{"@type":"ImageObject","inLanguage":"en-US","@id":"https:\/\/www.lestalenslyriques.com\/en\/discographie\/j-s-bach\/#primaryimage","url":"https:\/\/www.lestalenslyriques.com\/wp-content\/uploads\/2019\/02\/AP120-cover-20151009-1.jpg","contentUrl":"https:\/\/www.lestalenslyriques.com\/wp-content\/uploads\/2019\/02\/AP120-cover-20151009-1.jpg","width":1429,"height":1417},{"@type":"BreadcrumbList","@id":"https:\/\/www.lestalenslyriques.com\/en\/discographie\/j-s-bach\/#breadcrumb","itemListElement":[{"@type":"ListItem","position":1,"name":"Accueil","item":"https:\/\/www.lestalenslyriques.com\/en\/"},{"@type":"ListItem","position":2,"name":"Discography","item":"https:\/\/www.lestalenslyriques.com\/en\/discographie\/"},{"@type":"ListItem","position":3,"name":"Le clavier bien tempéré &#8211; Livre I"}]},{"@type":"WebSite","@id":"https:\/\/www.lestalenslyriques.com\/en\/#website","url":"https:\/\/www.lestalenslyriques.com\/en\/","name":"Les Talens Lyriques","description":"Christophe Rousset","potentialAction":[{"@type":"SearchAction","target":{"@type":"EntryPoint","urlTemplate":"https:\/\/www.lestalenslyriques.com\/en\/?s={search_term_string}"},"query-input":{"@type":"PropertyValueSpecification","valueRequired":true,"valueName":"search_term_string"}}],"inLanguage":"en-US"}]}</script>
<!-- / Yoast SEO plugin. -->

Le clavier bien tempéré - Livre I | Les Talens Lyriques

Le Clavier bien tempéré / Das wohltemperierte klavier / The Well-Tempered Clavier Livre 1 / Erster Teil / Book 1 Enregistré au Château de Versailles, appartement du Dauphin en avril 2015 Recorded in the Dauphin’s apartments in the Palace of Versailles, April 2015 Clavecin Joannes Ruckers (1628).
