{"id":1517,"date":"2010-12-06T12:04:57","date_gmt":"2010-12-06T11:04:57","guid":{"rendered":"https:\/\/www.lestalenslyriques.com\/discographie\/bach-fantasy\/"},"modified":"2025-06-12T17:28:06","modified_gmt":"2025-06-12T15:28:06","slug":"bach-fantasy","status":"publish","type":"discographie","link":"https:\/\/www.lestalenslyriques.com\/en\/discographie\/bach-fantasy\/","title":{"rendered":"Bach Fantasy"},"content":{"rendered":"<p>On conna\u00eet les <em>Variations Goldberg<\/em>, le <em>Clavier bien temp\u00e9r\u00e9<\/em>, les <em>Suites<\/em> et <em>Partitas<\/em> pour le clavecin. Mais \u00e0 c\u00f4t\u00e9 de ces grands recueils et de ces puissants chefs-d\u2019\u0153uvre, la post\u00e9rit\u00e9 nous a l\u00e9gu\u00e9 de nombreuses pi\u00e8ces s\u00e9par\u00e9es recopi\u00e9es par des \u00e9l\u00e8ves et admirateurs de Bach, essais de jeunesse, pages didactiques ou reflets de l\u2019\u00e9motion du moment et parfois tout ensemble, ces pi\u00e8ces sont un r\u00e9gal pour l\u2019amateur passionn\u00e9.<\/p>\n","protected":false},"featured_media":1014,"menu_order":102,"template":"","class_list":["post-1517","discographie","type-discographie","status-publish","has-post-thumbnail","hentry"],"acf":[],"yoast_head":"<!-- This site is optimized with the Yoast SEO plugin v27.5 - https:\/\/yoast.com\/product\/yoast-seo-wordpress\/ -->\n<title>Bach Fantasy | Les Talens Lyriques<\/title>\n<meta name=\"robots\" content=\"index, follow, max-snippet:-1, max-image-preview:large, max-video-preview:-1\" \/>\n<link rel=\"canonical\" href=\"https:\/\/www.lestalenslyriques.com\/en\/discographie\/bach-fantasy\/\" \/>\n<meta property=\"og:locale\" content=\"en_US\" \/>\n<meta property=\"og:type\" content=\"article\" \/>\n<meta property=\"og:title\" content=\"Bach Fantasy | Les Talens Lyriques\" \/>\n<meta property=\"og:description\" content=\"On conna\u00eet les Variations Goldberg, le Clavier bien temp\u00e9r\u00e9, les Suites et Partitas pour le clavecin. Mais \u00e0 c\u00f4t\u00e9 de ces grands recueils et de ces puissants chefs-d\u2019\u0153uvre, la post\u00e9rit\u00e9 nous a l\u00e9gu\u00e9 de nombreuses pi\u00e8ces s\u00e9par\u00e9es recopi\u00e9es par des \u00e9l\u00e8ves et admirateurs de Bach, essais de jeunesse, pages didactiques ou reflets de l\u2019\u00e9motion du [&hellip;]\" \/>\n<meta property=\"og:url\" content=\"https:\/\/www.lestalenslyriques.com\/en\/discographie\/bach-fantasy\/\" \/>\n<meta property=\"og:site_name\" content=\"Les Talens Lyriques\" \/>\n<meta property=\"article:modified_time\" content=\"2025-06-12T15:28:06+00:00\" \/>\n<meta property=\"og:image\" content=\"https:\/\/www.lestalenslyriques.com\/wp-content\/uploads\/2019\/03\/AP010COVbach_0263-.jpg\" \/>\n\t<meta property=\"og:image:width\" content=\"1654\" \/>\n\t<meta property=\"og:image:height\" content=\"1476\" \/>\n\t<meta property=\"og:image:type\" content=\"image\/jpeg\" \/>\n<meta name=\"twitter:card\" content=\"summary_large_image\" \/>\n<meta name=\"twitter:label1\" content=\"Est. reading time\" \/>\n\t<meta name=\"twitter:data1\" content=\"1 minute\" \/>\n<script type=\"application\/ld+json\" class=\"yoast-schema-graph\">{\"@context\":\"https:\\\/\\\/schema.org\",\"@graph\":[{\"@type\":\"WebPage\",\"@id\":\"https:\\\/\\\/www.lestalenslyriques.com\\\/en\\\/discographie\\\/bach-fantasy\\\/\",\"url\":\"https:\\\/\\\/www.lestalenslyriques.com\\\/en\\\/discographie\\\/bach-fantasy\\\/\",\"name\":\"Bach Fantasy | Les Talens Lyriques\",\"isPartOf\":{\"@id\":\"https:\\\/\\\/www.lestalenslyriques.com\\\/en\\\/#website\"},\"primaryImageOfPage\":{\"@id\":\"https:\\\/\\\/www.lestalenslyriques.com\\\/en\\\/discographie\\\/bach-fantasy\\\/#primaryimage\"},\"image\":{\"@id\":\"https:\\\/\\\/www.lestalenslyriques.com\\\/en\\\/discographie\\\/bach-fantasy\\\/#primaryimage\"},\"thumbnailUrl\":\"https:\\\/\\\/www.lestalenslyriques.com\\\/wp-content\\\/uploads\\\/2019\\\/03\\\/AP010COVbach_0263-.jpg\",\"datePublished\":\"2010-12-06T11:04:57+00:00\",\"dateModified\":\"2025-06-12T15:28:06+00:00\",\"breadcrumb\":{\"@id\":\"https:\\\/\\\/www.lestalenslyriques.com\\\/en\\\/discographie\\\/bach-fantasy\\\/#breadcrumb\"},\"inLanguage\":\"en-US\",\"potentialAction\":[{\"@type\":\"ReadAction\",\"target\":[\"https:\\\/\\\/www.lestalenslyriques.com\\\/en\\\/discographie\\\/bach-fantasy\\\/\"]}]},{\"@type\":\"ImageObject\",\"inLanguage\":\"en-US\",\"@id\":\"https:\\\/\\\/www.lestalenslyriques.com\\\/en\\\/discographie\\\/bach-fantasy\\\/#primaryimage\",\"url\":\"https:\\\/\\\/www.lestalenslyriques.com\\\/wp-content\\\/uploads\\\/2019\\\/03\\\/AP010COVbach_0263-.jpg\",\"contentUrl\":\"https:\\\/\\\/www.lestalenslyriques.com\\\/wp-content\\\/uploads\\\/2019\\\/03\\\/AP010COVbach_0263-.jpg\",\"width\":1654,\"height\":1476},{\"@type\":\"BreadcrumbList\",\"@id\":\"https:\\\/\\\/www.lestalenslyriques.com\\\/en\\\/discographie\\\/bach-fantasy\\\/#breadcrumb\",\"itemListElement\":[{\"@type\":\"ListItem\",\"position\":1,\"name\":\"Accueil\",\"item\":\"https:\\\/\\\/www.lestalenslyriques.com\\\/en\\\/\"},{\"@type\":\"ListItem\",\"position\":2,\"name\":\"Discography\",\"item\":\"https:\\\/\\\/www.lestalenslyriques.com\\\/en\\\/discographie\\\/\"},{\"@type\":\"ListItem\",\"position\":3,\"name\":\"Bach Fantasy\"}]},{\"@type\":\"WebSite\",\"@id\":\"https:\\\/\\\/www.lestalenslyriques.com\\\/en\\\/#website\",\"url\":\"https:\\\/\\\/www.lestalenslyriques.com\\\/en\\\/\",\"name\":\"Les Talens Lyriques\",\"description\":\"Christophe Rousset\",\"potentialAction\":[{\"@type\":\"SearchAction\",\"target\":{\"@type\":\"EntryPoint\",\"urlTemplate\":\"https:\\\/\\\/www.lestalenslyriques.com\\\/en\\\/?s={search_term_string}\"},\"query-input\":{\"@type\":\"PropertyValueSpecification\",\"valueRequired\":true,\"valueName\":\"search_term_string\"}}],\"inLanguage\":\"en-US\"}]}<\/script>\n<!-- \/ Yoast SEO plugin. -->","yoast_head_json":{"title":"Bach Fantasy | Les Talens Lyriques","robots":{"index":"index","follow":"follow","max-snippet":"max-snippet:-1","max-image-preview":"max-image-preview:large","max-video-preview":"max-video-preview:-1"},"canonical":"https:\/\/www.lestalenslyriques.com\/en\/discographie\/bach-fantasy\/","og_locale":"en_US","og_type":"article","og_title":"Bach Fantasy | Les Talens Lyriques","og_description":"On conna\u00eet les Variations Goldberg, le Clavier bien temp\u00e9r\u00e9, les Suites et Partitas pour le clavecin. Mais \u00e0 c\u00f4t\u00e9 de ces grands recueils et de ces puissants chefs-d\u2019\u0153uvre, la post\u00e9rit\u00e9 nous a l\u00e9gu\u00e9 de nombreuses pi\u00e8ces s\u00e9par\u00e9es recopi\u00e9es par des \u00e9l\u00e8ves et admirateurs de Bach, essais de jeunesse, pages didactiques ou reflets de l\u2019\u00e9motion du [&hellip;]","og_url":"https:\/\/www.lestalenslyriques.com\/en\/discographie\/bach-fantasy\/","og_site_name":"Les Talens Lyriques","article_modified_time":"2025-06-12T15:28:06+00:00","og_image":[{"width":1654,"height":1476,"url":"https:\/\/www.lestalenslyriques.com\/wp-content\/uploads\/2019\/03\/AP010COVbach_0263-.jpg","type":"image\/jpeg"}],"twitter_card":"summary_large_image","twitter_misc":{"Est. reading time":"1 minute"},"schema":{"@context":"https:\/\/schema.org","@graph":[{"@type":"WebPage","@id":"https:\/\/www.lestalenslyriques.com\/en\/discographie\/bach-fantasy\/","url":"https:\/\/www.lestalenslyriques.com\/en\/discographie\/bach-fantasy\/","name":"Bach Fantasy | Les Talens Lyriques","isPartOf":{"@id":"https:\/\/www.lestalenslyriques.com\/en\/#website"},"primaryImageOfPage":{"@id":"https:\/\/www.lestalenslyriques.com\/en\/discographie\/bach-fantasy\/#primaryimage"},"image":{"@id":"https:\/\/www.lestalenslyriques.com\/en\/discographie\/bach-fantasy\/#primaryimage"},"thumbnailUrl":"https:\/\/www.lestalenslyriques.com\/wp-content\/uploads\/2019\/03\/AP010COVbach_0263-.jpg","datePublished":"2010-12-06T11:04:57+00:00","dateModified":"2025-06-12T15:28:06+00:00","breadcrumb":{"@id":"https:\/\/www.lestalenslyriques.com\/en\/discographie\/bach-fantasy\/#breadcrumb"},"inLanguage":"en-US","potentialAction":[{"@type":"ReadAction","target":["https:\/\/www.lestalenslyriques.com\/en\/discographie\/bach-fantasy\/"]}]},{"@type":"ImageObject","inLanguage":"en-US","@id":"https:\/\/www.lestalenslyriques.com\/en\/discographie\/bach-fantasy\/#primaryimage","url":"https:\/\/www.lestalenslyriques.com\/wp-content\/uploads\/2019\/03\/AP010COVbach_0263-.jpg","contentUrl":"https:\/\/www.lestalenslyriques.com\/wp-content\/uploads\/2019\/03\/AP010COVbach_0263-.jpg","width":1654,"height":1476},{"@type":"BreadcrumbList","@id":"https:\/\/www.lestalenslyriques.com\/en\/discographie\/bach-fantasy\/#breadcrumb","itemListElement":[{"@type":"ListItem","position":1,"name":"Accueil","item":"https:\/\/www.lestalenslyriques.com\/en\/"},{"@type":"ListItem","position":2,"name":"Discography","item":"https:\/\/www.lestalenslyriques.com\/en\/discographie\/"},{"@type":"ListItem","position":3,"name":"Bach Fantasy"}]},{"@type":"WebSite","@id":"https:\/\/www.lestalenslyriques.com\/en\/#website","url":"https:\/\/www.lestalenslyriques.com\/en\/","name":"Les Talens Lyriques","description":"Christophe Rousset","potentialAction":[{"@type":"SearchAction","target":{"@type":"EntryPoint","urlTemplate":"https:\/\/www.lestalenslyriques.com\/en\/?s={search_term_string}"},"query-input":{"@type":"PropertyValueSpecification","valueRequired":true,"valueName":"search_term_string"}}],"inLanguage":"en-US"}]}},"_links":{"self":[{"href":"https:\/\/www.lestalenslyriques.com\/en\/wp-json\/wp\/v2\/discographie\/1517","targetHints":{"allow":["GET"]}}],"collection":[{"href":"https:\/\/www.lestalenslyriques.com\/en\/wp-json\/wp\/v2\/discographie"}],"about":[{"href":"https:\/\/www.lestalenslyriques.com\/en\/wp-json\/wp\/v2\/types\/discographie"}],"wp:featuredmedia":[{"embeddable":true,"href":"https:\/\/www.lestalenslyriques.com\/en\/wp-json\/wp\/v2\/media\/1014"}],"wp:attachment":[{"href":"https:\/\/www.lestalenslyriques.com\/en\/wp-json\/wp\/v2\/media?parent=1517"}],"curies":[{"name":"wp","href":"https:\/\/api.w.org\/{rel}","templated":true}]}}

<p>On connaît les <em>Variations Goldberg</em>, le <em>Clavier bien tempéré</em>, les <em>Suites</em> et <em>Partitas</em> pour le clavecin. Mais à côté de ces grands recueils et de ces puissants chefs-d’œuvre, la postérité nous a légué de nombreuses pièces séparées recopiées par des élèves et admirateurs de Bach, essais de jeunesse, pages didactiques ou reflets de l’émotion du moment et parfois tout ensemble, ces pièces sont un régal pour l’amateur passionné.</p>

<!-- This site is optimized with the Yoast SEO plugin v27.5 - https://yoast.com/product/yoast-seo-wordpress/ -->
<title>Bach Fantasy | Les Talens Lyriques</title>
<meta name="robots" content="index, follow, max-snippet:-1, max-image-preview:large, max-video-preview:-1" />
<link rel="canonical" href="https://www.lestalenslyriques.com/en/discographie/bach-fantasy/" />
<meta property="og:locale" content="en_US" />
<meta property="og:type" content="article" />
<meta property="og:title" content="Bach Fantasy | Les Talens Lyriques" />
<meta property="og:description" content="On connaît les Variations Goldberg, le Clavier bien tempéré, les Suites et Partitas pour le clavecin. Mais à côté de ces grands recueils et de ces puissants chefs-d’œuvre, la postérité nous a légué de nombreuses pièces séparées recopiées par des élèves et admirateurs de Bach, essais de jeunesse, pages didactiques ou reflets de l’émotion du [&hellip;]" />
<meta property="og:url" content="https://www.lestalenslyriques.com/en/discographie/bach-fantasy/" />
<meta property="og:site_name" content="Les Talens Lyriques" />
<meta property="article:modified_time" content="2025-06-12T15:28:06+00:00" />
<meta property="og:image" content="https://www.lestalenslyriques.com/wp-content/uploads/2019/03/AP010COVbach_0263-.jpg" />
	<meta property="og:image:width" content="1654" />
	<meta property="og:image:height" content="1476" />
	<meta property="og:image:type" content="image/jpeg" />
<meta name="twitter:card" content="summary_large_image" />
<meta name="twitter:label1" content="Est. reading time" />
	<meta name="twitter:data1" content="1 minute" />
<script type="application/ld+json" class="yoast-schema-graph">{"@context":"https:\/\/schema.org","@graph":[{"@type":"WebPage","@id":"https:\/\/www.lestalenslyriques.com\/en\/discographie\/bach-fantasy\/","url":"https:\/\/www.lestalenslyriques.com\/en\/discographie\/bach-fantasy\/","name":"Bach Fantasy | Les Talens Lyriques","isPartOf":{"@id":"https:\/\/www.lestalenslyriques.com\/en\/#website"},"primaryImageOfPage":{"@id":"https:\/\/www.lestalenslyriques.com\/en\/discographie\/bach-fantasy\/#primaryimage"},"image":{"@id":"https:\/\/www.lestalenslyriques.com\/en\/discographie\/bach-fantasy\/#primaryimage"},"thumbnailUrl":"https:\/\/www.lestalenslyriques.com\/wp-content\/uploads\/2019\/03\/AP010COVbach_0263-.jpg","datePublished":"2010-12-06T11:04:57+00:00","dateModified":"2025-06-12T15:28:06+00:00","breadcrumb":{"@id":"https:\/\/www.lestalenslyriques.com\/en\/discographie\/bach-fantasy\/#breadcrumb"},"inLanguage":"en-US","potentialAction":[{"@type":"ReadAction","target":["https:\/\/www.lestalenslyriques.com\/en\/discographie\/bach-fantasy\/"]}]},{"@type":"ImageObject","inLanguage":"en-US","@id":"https:\/\/www.lestalenslyriques.com\/en\/discographie\/bach-fantasy\/#primaryimage","url":"https:\/\/www.lestalenslyriques.com\/wp-content\/uploads\/2019\/03\/AP010COVbach_0263-.jpg","contentUrl":"https:\/\/www.lestalenslyriques.com\/wp-content\/uploads\/2019\/03\/AP010COVbach_0263-.jpg","width":1654,"height":1476},{"@type":"BreadcrumbList","@id":"https:\/\/www.lestalenslyriques.com\/en\/discographie\/bach-fantasy\/#breadcrumb","itemListElement":[{"@type":"ListItem","position":1,"name":"Accueil","item":"https:\/\/www.lestalenslyriques.com\/en\/"},{"@type":"ListItem","position":2,"name":"Discography","item":"https:\/\/www.lestalenslyriques.com\/en\/discographie\/"},{"@type":"ListItem","position":3,"name":"Bach Fantasy"}]},{"@type":"WebSite","@id":"https:\/\/www.lestalenslyriques.com\/en\/#website","url":"https:\/\/www.lestalenslyriques.com\/en\/","name":"Les Talens Lyriques","description":"Christophe Rousset","potentialAction":[{"@type":"SearchAction","target":{"@type":"EntryPoint","urlTemplate":"https:\/\/www.lestalenslyriques.com\/en\/?s={search_term_string}"},"query-input":{"@type":"PropertyValueSpecification","valueRequired":true,"valueName":"search_term_string"}}],"inLanguage":"en-US"}]}</script>
<!-- / Yoast SEO plugin. -->

On connaît les Variations Goldberg, le Clavier bien tempéré, les Suites et Partitas pour le clavecin. Mais à côté de ces grands recueils et de ces puissants chefs-d’œuvre, la postérité nous a légué de nombreuses pièces séparées recopiées par des élèves et admirateurs de Bach, essais de jeunesse, pages didactiques ou reflets de l’émotion du [&hellip;]
