{"version":"1.0","provider_name":"Les Talens Lyriques","provider_url":"https:\/\/www.lestalenslyriques.com\/en\/","title":"San Guglielmo Duca d\u2019Aquitania | Les Talens Lyriques","type":"rich","width":600,"height":338,"html":"<blockquote class=\"wp-embedded-content\" data-secret=\"hZZe9yfDZo\"><a href=\"https:\/\/www.lestalenslyriques.com\/en\/event\/san-guglielmo-duca-daquitania\/\">San Guglielmo Duca d\u2019Aquitania<\/a><\/blockquote><iframe sandbox=\"allow-scripts\" security=\"restricted\" src=\"https:\/\/www.lestalenslyriques.com\/en\/event\/san-guglielmo-duca-daquitania\/embed\/#?secret=hZZe9yfDZo\" width=\"600\" height=\"338\" title=\"&#8220;San Guglielmo Duca d\u2019Aquitania&#8221; &#8212; Les Talens Lyriques\" data-secret=\"hZZe9yfDZo\" frameborder=\"0\" marginwidth=\"0\" marginheight=\"0\" scrolling=\"no\" class=\"wp-embedded-content\"><\/iframe><script type=\"text\/javascript\">\n\/* <![CDATA[ *\/\n\/*! This file is auto-generated *\/\n!function(d,l){\"use strict\";l.querySelector&&d.addEventListener&&\"undefined\"!=typeof URL&&(d.wp=d.wp||{},d.wp.receiveEmbedMessage||(d.wp.receiveEmbedMessage=function(e){var t=e.data;if((t||t.secret||t.message||t.value)&&!\/[^a-zA-Z0-9]\/.test(t.secret)){for(var s,r,n,a=l.querySelectorAll('iframe[data-secret=\"'+t.secret+'\"]'),o=l.querySelectorAll('blockquote[data-secret=\"'+t.secret+'\"]'),c=new RegExp(\"^https?:$\",\"i\"),i=0;i<o.length;i++)o[i].style.display=\"none\";for(i=0;i<a.length;i++)s=a[i],e.source===s.contentWindow&&(s.removeAttribute(\"style\"),\"height\"===t.message?(1e3<(r=parseInt(t.value,10))?r=1e3:~~r<200&&(r=200),s.height=r):\"link\"===t.message&&(r=new URL(s.getAttribute(\"src\")),n=new URL(t.value),c.test(n.protocol))&&n.host===r.host&&l.activeElement===s&&(d.top.location.href=t.value))}},d.addEventListener(\"message\",d.wp.receiveEmbedMessage,!1),l.addEventListener(\"DOMContentLoaded\",function(){for(var e,t,s=l.querySelectorAll(\"iframe.wp-embedded-content\"),r=0;r<s.length;r++)(t=(e=s[r]).getAttribute(\"data-secret\"))||(t=Math.random().toString(36).substring(2,12),e.src+=\"#?secret=\"+t,e.setAttribute(\"data-secret\",t)),e.contentWindow.postMessage({message:\"ready\",secret:t},\"*\")},!1)))}(window,document);\n\/\/# sourceURL=https:\/\/www.lestalenslyriques.com\/wp-includes\/js\/wp-embed.min.js\n\/* ]]> *\/\n<\/script>\n","thumbnail_url":"https:\/\/www.lestalenslyriques.com\/wp-content\/uploads\/2022\/06\/GUGLIELMO-2-scaled.jpg","thumbnail_width":1089,"thumbnail_height":2560,"description":"Giovanni Battista Pergolesi (1710-1736) San Guglielmo Duca d\u2019Aquitania (1731) Li prodigi della divina grazia nella conversione e morte di San Guglielmo Duca di Aquitania Dramma sacro en trois actes sur un texte d\u2019Ignazio Maria Mancini cr\u00e9\u00e9 \u00e0 l\u2019\u00e9t\u00e9 1731 au clo\u00eetre de Sant\u2019Agnello Maggiore, \u00e0 Naples Chanteuses et chanteurs de l\u2019Acad\u00e9mie Erika Baikoff Alexandra Oomens [&hellip;]"}

Giovanni Battista Pergolesi (1710-1736) San Guglielmo Duca d’Aquitania (1731) Li prodigi della divina grazia nella conversione e morte di San Guglielmo Duca di Aquitania Dramma sacro en trois actes sur un texte d’Ignazio Maria Mancini créé à l’été 1731 au cloître de Sant’Agnello Maggiore, à Naples Chanteuses et chanteurs de l’Académie Erika Baikoff Alexandra Oomens [&hellip;]
