{"version":"1.0","provider_name":"Les Talens Lyriques","provider_url":"https:\/\/www.lestalenslyriques.com\/en\/","title":"Armida Abbandonata | Les Talens Lyriques","type":"rich","width":600,"height":338,"html":"<blockquote class=\"wp-embedded-content\" data-secret=\"WTVZg3elCI\"><a href=\"https:\/\/www.lestalenslyriques.com\/en\/discographie\/armida-abbandonata\/\">Armida Abbandonata<\/a><\/blockquote><iframe sandbox=\"allow-scripts\" security=\"restricted\" src=\"https:\/\/www.lestalenslyriques.com\/en\/discographie\/armida-abbandonata\/embed\/#?secret=WTVZg3elCI\" width=\"600\" height=\"338\" title=\"&#8220;Armida Abbandonata&#8221; &#8212; Les Talens Lyriques\" data-secret=\"WTVZg3elCI\" frameborder=\"0\" marginwidth=\"0\" marginheight=\"0\" scrolling=\"no\" class=\"wp-embedded-content\"><\/iframe><script type=\"text\/javascript\">\n\/* <![CDATA[ *\/\n\/*! This file is auto-generated *\/\n!function(d,l){\"use strict\";l.querySelector&&d.addEventListener&&\"undefined\"!=typeof URL&&(d.wp=d.wp||{},d.wp.receiveEmbedMessage||(d.wp.receiveEmbedMessage=function(e){var t=e.data;if((t||t.secret||t.message||t.value)&&!\/[^a-zA-Z0-9]\/.test(t.secret)){for(var s,r,n,a=l.querySelectorAll('iframe[data-secret=\"'+t.secret+'\"]'),o=l.querySelectorAll('blockquote[data-secret=\"'+t.secret+'\"]'),c=new RegExp(\"^https?:$\",\"i\"),i=0;i<o.length;i++)o[i].style.display=\"none\";for(i=0;i<a.length;i++)s=a[i],e.source===s.contentWindow&&(s.removeAttribute(\"style\"),\"height\"===t.message?(1e3<(r=parseInt(t.value,10))?r=1e3:~~r<200&&(r=200),s.height=r):\"link\"===t.message&&(r=new URL(s.getAttribute(\"src\")),n=new URL(t.value),c.test(n.protocol))&&n.host===r.host&&l.activeElement===s&&(d.top.location.href=t.value))}},d.addEventListener(\"message\",d.wp.receiveEmbedMessage,!1),l.addEventListener(\"DOMContentLoaded\",function(){for(var e,t,s=l.querySelectorAll(\"iframe.wp-embedded-content\"),r=0;r<s.length;r++)(t=(e=s[r]).getAttribute(\"data-secret\"))||(t=Math.random().toString(36).substring(2,12),e.src+=\"#?secret=\"+t,e.setAttribute(\"data-secret\",t)),e.contentWindow.postMessage({message:\"ready\",secret:t},\"*\")},!1)))}(window,document);\n\/\/# sourceURL=https:\/\/www.lestalenslyriques.com\/wp-includes\/js\/wp-embed.min.js\n\/* ]]> *\/\n<\/script>\n","thumbnail_url":"https:\/\/www.lestalenslyriques.com\/wp-content\/uploads\/2019\/04\/Capture-d\u2019e\u0301cran-2019-11-14-a\u0300-15.41.21.png","thumbnail_width":1238,"thumbnail_height":1112,"description":"&#8220;Grand succ\u00e8s Napolitain de la fin du 18e si\u00e8cle, cet op\u00e9ra de Jommelli eut un \u00e9norme succ\u00e8s et fut grandement admir\u00e9 par les contemporains dont le jeune Mozart qui assista \u00e0 la premi\u00e8re le 30 mai 1770 au th\u00e9\u00e2tre San-Carlo de Naples.&#8221; &#8220;Nouveau fruit des recherches men\u00e9es par Christophe Rousset ce disque remet \u00e0 l\u2019honneur [&hellip;]"}

&#8220;Grand succès Napolitain de la fin du 18e siècle, cet opéra de Jommelli eut un énorme succès et fut grandement admiré par les contemporains dont le jeune Mozart qui assista à la première le 30 mai 1770 au théâtre San-Carlo de Naples.&#8221; &#8220;Nouveau fruit des recherches menées par Christophe Rousset ce disque remet à l’honneur [&hellip;]
